{"id":86175,"date":"2025-07-12T14:06:26","date_gmt":"2025-07-12T14:06:26","guid":{"rendered":"https:\/\/brandss.com.py\/index\/?post_type=product&#038;p=86175"},"modified":"2026-01-08T18:05:02","modified_gmt":"2026-01-08T18:05:02","slug":"guante-deportivo-unisex-puma-future-match-nc-de-portero","status":"publish","type":"product","link":"https:\/\/brandss.com.py\/index\/producto\/guante-deportivo-unisex-puma-future-match-nc-de-portero\/","title":{"rendered":"GUANTE DEPORTIVO UNISEX PUMA FUTURE MATCH NC DE PORTERO"},"content":{"rendered":"<p><img loading=\"lazy\" decoding=\"async\" class=\"\" src=\"https:\/\/1000marcas.net\/wp-content\/uploads\/2019\/12\/logo-Puma.png\" alt=\"Logo de Puma: la historia y el significado del logotipo, la marca y el  s\u00edmbolo. | png, vector\" width=\"125\" height=\"62\" \/><\/p>\n<h1>FUTURE MATCH NC<\/h1>\n<p>Los nuevos guantes Future Match est\u00e1n dise\u00f1ados para maximizar la libertad de movimiento y la sujeci\u00f3n donde m\u00e1s la necesitas. Inspirados en las cintas de portero, estos guantes ofrecen una excelente sujeci\u00f3n. Gracias a su material de diferente elasticidad y grosor, cada parte del guante est\u00e1 especialmente procesada para maximizar el rendimiento.<\/p>\n<h3>Detalles<\/h3>\n<ul>\n<li>Presentan un dise\u00f1o en color rosa con detalles de l\u00edneas punteadas en color naranja.<\/li>\n<li>Estos guantes forman parte de la colecci\u00f3n Puma Forever Faster del 2024.<\/li>\n<li>L\u00e1tex SuperSoft de 3 mm que ofrece un buen agarre adem\u00e1s de ser muy duradero.<\/li>\n<li>Corte negativo que ofrece mayor ajuste del guante. Este corte es ideal para aquellos portero m\u00e1s t\u00e9cnicos que se caractericen por despejar el bal\u00f3n y que requieran sentir m\u00e1s el bal\u00f3n en las manos.<\/li>\n<li>Mu\u00f1equera el\u00e1stica que envuelve la mano por completo y ofrece un buen ajuste. Cinta de una vuelta que ofrece una buena sujeci\u00f3n con un punto de anclaje de velcro.<\/li>\n<li><span>Color: Sunset Glow.<\/span><\/li>\n<li><span>Material: Caucho, fibra sint\u00e9tica (poli\u00e9ster), resina sint\u00e9tica (poliuretano).<\/span><\/li>\n<li>Modelo: 041926-02.<\/li>\n<\/ul>\n","protected":false},"excerpt":{"rendered":"<p>FUTURE MATCH NC Los nuevos guantes Future Match est\u00e1n dise\u00f1ados para maximizar la libertad de movimiento y la sujeci\u00f3n donde<\/p>\n","protected":false},"featured_media":86176,"comment_status":"open","ping_status":"closed","template":"","meta":{"nf_dc_page":""},"product_brand":[2306],"product_cat":[93],"product_tag":[2313],"class_list":{"0":"post-86175","1":"product","2":"type-product","3":"status-publish","4":"has-post-thumbnail","6":"product_brand-puma","7":"product_cat-deportivo","8":"product_tag-041926-02","10":"first","11":"instock","12":"shipping-taxable","13":"purchasable","14":"product-type-simple"},"_links":{"self":[{"href":"https:\/\/brandss.com.py\/index\/wp-json\/wp\/v2\/product\/86175","targetHints":{"allow":["GET"]}}],"collection":[{"href":"https:\/\/brandss.com.py\/index\/wp-json\/wp\/v2\/product"}],"about":[{"href":"https:\/\/brandss.com.py\/index\/wp-json\/wp\/v2\/types\/product"}],"replies":[{"embeddable":true,"href":"https:\/\/brandss.com.py\/index\/wp-json\/wp\/v2\/comments?post=86175"}],"version-history":[{"count":1,"href":"https:\/\/brandss.com.py\/index\/wp-json\/wp\/v2\/product\/86175\/revisions"}],"predecessor-version":[{"id":86184,"href":"https:\/\/brandss.com.py\/index\/wp-json\/wp\/v2\/product\/86175\/revisions\/86184"}],"wp:featuredmedia":[{"embeddable":true,"href":"https:\/\/brandss.com.py\/index\/wp-json\/wp\/v2\/media\/86176"}],"wp:attachment":[{"href":"https:\/\/brandss.com.py\/index\/wp-json\/wp\/v2\/media?parent=86175"}],"wp:term":[{"taxonomy":"product_brand","embeddable":true,"href":"https:\/\/brandss.com.py\/index\/wp-json\/wp\/v2\/product_brand?post=86175"},{"taxonomy":"product_cat","embeddable":true,"href":"https:\/\/brandss.com.py\/index\/wp-json\/wp\/v2\/product_cat?post=86175"},{"taxonomy":"product_tag","embeddable":true,"href":"https:\/\/brandss.com.py\/index\/wp-json\/wp\/v2\/product_tag?post=86175"}],"curies":[{"name":"wp","href":"https:\/\/api.w.org\/{rel}","templated":true}]}}