{"id":86227,"date":"2025-07-12T18:19:03","date_gmt":"2025-07-12T18:19:03","guid":{"rendered":"https:\/\/brandss.com.py\/index\/?post_type=product&#038;p=86227"},"modified":"2026-01-09T11:48:21","modified_gmt":"2026-01-09T11:48:21","slug":"boxer-masculino-under-armour-charged-cotton","status":"publish","type":"product","link":"https:\/\/brandss.com.py\/index\/producto\/boxer-masculino-under-armour-charged-cotton\/","title":{"rendered":"B\u00d3XER MASCULINO UNDER ARMOUR CHARGED COTTON SET DE 3 PIEZAS"},"content":{"rendered":"<p><img loading=\"lazy\" decoding=\"async\" class=\"\" src=\"https:\/\/upload.wikimedia.org\/wikipedia\/commons\/4\/44\/Under_armour_logo.svg\" alt=\"Archivo:Under armour logo.svg - Wikipedia, la enciclopedia libre\" width=\"111\" height=\"65\" \/><\/p>\n<h1>CHARGED COTTON<\/h1>\n<p>La naturaleza cre\u00f3 el algod\u00f3n, nosotros lo mejoramos. Estos calzoncillos b\u00f3xer de secado r\u00e1pido para hombre est\u00e1n confeccionados con Charged Cotton\u00ae. Tienen la suavidad del algod\u00f3n natural, pero se secan mucho m\u00e1s r\u00e1pido y son mucho m\u00e1s el\u00e1sticos.<\/p>\n<div class=\"flex flex-row gap-0.5 justify-center items-start transition-all duration-300\">\n<h4 class=\"font-np-bold md:text-base text-sm relative capitalize transition-all duration-300 left-4\">Detalles del producto<\/h4>\n<\/div>\n<div class=\"flex flex-col overflow-auto scrollbar-hide transition-all duration-300 gap-4 pl-5 max-h-dvh translate-y-0 py-5 opacity-100\">\n<ul class=\"pl-4 list-disc\">\n<li class=\"md:text-base text-sm font-np-regular\">La tela ligera Charged Cotton\u00ae tiene la comodidad del algod\u00f3n, pero se seca mucho m\u00e1s r\u00e1pido.<\/li>\n<li class=\"md:text-base text-sm font-np-regular\">Sin costuras laterales ni traseras para m\u00e1xima comodidad.<\/li>\n<li class=\"md:text-base text-sm font-np-regular\">La construcci\u00f3n el\u00e1stica en 4 direcciones se mueve mejor en todas las direcciones.<\/li>\n<li class=\"md:text-base text-sm font-np-regular\">El material absorbe el sudor y se seca muy r\u00e1pido.<\/li>\n<li class=\"md:text-base text-sm font-np-regular\">Cintur\u00f3n de rendimiento con marca denominativa mate.<\/li>\n<\/ul>\n<div class=\"flex flex-row gap-0.5 justify-center items-start transition-all duration-300\">\n<h4 class=\"font-np-bold md:text-base text-sm relative capitalize transition-all duration-300 left-4\">Especificaciones<\/h4>\n<\/div>\n<div class=\"flex flex-col overflow-auto scrollbar-hide transition-all duration-300 gap-4 pl-5 max-h-dvh translate-y-0 py-5 opacity-100\">\n<ul class=\"pl-4 list-disc\">\n<li class=\"md:text-base text-sm font-np-regular\">Modelo: 1363617-100.<\/li>\n<li>Color: Blanco.<\/li>\n<li class=\"md:text-base text-sm font-np-regular\">Bragueta trabajadora.<\/li>\n<li class=\"md:text-base text-sm font-np-regular\">3 Boxerjocks\u00ae por paquete.<\/li>\n<li class=\"md:text-base text-sm font-np-regular\">Entrepierna: 6 pulgadas.<\/li>\n<li class=\"md:text-base text-sm font-np-regular\">57% Algod\u00f3n\/38% Poli\u00e9ster\/5% Elastano.<\/li>\n<li class=\"md:text-base text-sm font-np-regular\">Importado.<\/li>\n<\/ul>\n<\/div>\n<\/div>\n","protected":false},"excerpt":{"rendered":"<p>CHARGED COTTON La naturaleza cre\u00f3 el algod\u00f3n, nosotros lo mejoramos. Estos calzoncillos b\u00f3xer de secado r\u00e1pido para hombre est\u00e1n confeccionados<\/p>\n","protected":false},"featured_media":86335,"comment_status":"open","ping_status":"closed","template":"","meta":{"nf_dc_page":""},"product_brand":[2332],"product_cat":[76],"product_tag":[2347],"class_list":{"0":"post-86227","1":"product","2":"type-product","3":"status-publish","4":"has-post-thumbnail","6":"product_brand-under-armour","7":"product_cat-masculino","8":"product_tag-1363617-100","10":"first","11":"outofstock","12":"shipping-taxable","13":"purchasable","14":"product-type-simple"},"_links":{"self":[{"href":"https:\/\/brandss.com.py\/index\/wp-json\/wp\/v2\/product\/86227","targetHints":{"allow":["GET"]}}],"collection":[{"href":"https:\/\/brandss.com.py\/index\/wp-json\/wp\/v2\/product"}],"about":[{"href":"https:\/\/brandss.com.py\/index\/wp-json\/wp\/v2\/types\/product"}],"replies":[{"embeddable":true,"href":"https:\/\/brandss.com.py\/index\/wp-json\/wp\/v2\/comments?post=86227"}],"version-history":[{"count":4,"href":"https:\/\/brandss.com.py\/index\/wp-json\/wp\/v2\/product\/86227\/revisions"}],"predecessor-version":[{"id":86341,"href":"https:\/\/brandss.com.py\/index\/wp-json\/wp\/v2\/product\/86227\/revisions\/86341"}],"wp:featuredmedia":[{"embeddable":true,"href":"https:\/\/brandss.com.py\/index\/wp-json\/wp\/v2\/media\/86335"}],"wp:attachment":[{"href":"https:\/\/brandss.com.py\/index\/wp-json\/wp\/v2\/media?parent=86227"}],"wp:term":[{"taxonomy":"product_brand","embeddable":true,"href":"https:\/\/brandss.com.py\/index\/wp-json\/wp\/v2\/product_brand?post=86227"},{"taxonomy":"product_cat","embeddable":true,"href":"https:\/\/brandss.com.py\/index\/wp-json\/wp\/v2\/product_cat?post=86227"},{"taxonomy":"product_tag","embeddable":true,"href":"https:\/\/brandss.com.py\/index\/wp-json\/wp\/v2\/product_tag?post=86227"}],"curies":[{"name":"wp","href":"https:\/\/api.w.org\/{rel}","templated":true}]}}