{"id":86300,"date":"2025-07-14T13:45:43","date_gmt":"2025-07-14T13:45:43","guid":{"rendered":"https:\/\/brandss.com.py\/index\/?post_type=product&#038;p=86300"},"modified":"2026-01-09T13:09:33","modified_gmt":"2026-01-09T13:09:33","slug":"medias-unisex-under-armour-core-mid-set-de-3-piezas","status":"publish","type":"product","link":"https:\/\/brandss.com.py\/index\/producto\/medias-unisex-under-armour-core-mid-set-de-3-piezas\/","title":{"rendered":"MEDIAS UNISEX UNDER ARMOUR CORE MID SET DE 3 PIEZAS"},"content":{"rendered":"<p><img loading=\"lazy\" decoding=\"async\" class=\"\" src=\"https:\/\/upload.wikimedia.org\/wikipedia\/commons\/4\/44\/Under_armour_logo.svg\" alt=\"Archivo:Under armour logo.svg - Wikipedia, la enciclopedia libre\" width=\"106\" height=\"62\" \/><\/p>\n<h1>CORE MID<\/h1>\n<p>Siente el confort en todo momento con las nuevas calcetas\u00a0<span class=\"MuiTypography-root MuiTypography-strong css-wazo7p\">UA Core<\/span>\u00a0de la marca\u00a0<span class=\"MuiTypography-root MuiTypography-strong css-wazo7p\">Under Armour<\/span>. Estos calcetines cuentan con una mezcla de algod\u00f3n que los hace livianos y muy c\u00f3modos. Su dise\u00f1o es perfecto para el uso diario y para entrenar. Cuentan con un soporte en el arco para reducir la fatiga del pie. \u00a1Lleva tu paso al siguiente nivel!<\/p>\n<h3>Detalles<\/h3>\n<ul>\n<li>Los calcetines suaves de mezcla de algod\u00f3n son livianos y c\u00f3modos, perfectos para el uso diario.<\/li>\n<li>El soporte de arco integrado reduce la fatiga del pie.<\/li>\n<li>Amortiguaci\u00f3n media en todo el pie para comodidad durante todo el d\u00eda.<\/li>\n<li>El tal\u00f3n ajustado se adapta al pie para un mejor ajuste.<\/li>\n<li>Modelo: 1376232-100.<\/li>\n<li>3 pares de calcetines.<\/li>\n<li>69 % algod\u00f3n\/22 % nailon\/5 % poli\u00e9ster\/4 % elastano.<\/li>\n<\/ul>\n<div class=\"vtex-tab-layout-0-x-contentContainer vtex-tab-layout-0-x-contentContainer--tab-content-desc w-100\">\n<div class=\"vtex-tab-layout-0-x-contentItem w-100\">\n<div class=\"undefined undefined\"><\/div>\n<\/div>\n<\/div>\n","protected":false},"excerpt":{"rendered":"<p>CORE MID Siente el confort en todo momento con las nuevas calcetas\u00a0UA Core\u00a0de la marca\u00a0Under Armour. Estos calcetines cuentan con<\/p>\n","protected":false},"featured_media":86301,"comment_status":"open","ping_status":"closed","template":"","meta":{"nf_dc_page":""},"product_brand":[2332],"product_cat":[73,76],"product_tag":[2360],"class_list":{"0":"post-86300","1":"product","2":"type-product","3":"status-publish","4":"has-post-thumbnail","6":"product_brand-under-armour","7":"product_cat-femenino","8":"product_cat-masculino","9":"product_tag-1376232-100","11":"first","12":"outofstock","13":"shipping-taxable","14":"purchasable","15":"product-type-simple"},"_links":{"self":[{"href":"https:\/\/brandss.com.py\/index\/wp-json\/wp\/v2\/product\/86300","targetHints":{"allow":["GET"]}}],"collection":[{"href":"https:\/\/brandss.com.py\/index\/wp-json\/wp\/v2\/product"}],"about":[{"href":"https:\/\/brandss.com.py\/index\/wp-json\/wp\/v2\/types\/product"}],"replies":[{"embeddable":true,"href":"https:\/\/brandss.com.py\/index\/wp-json\/wp\/v2\/comments?post=86300"}],"version-history":[{"count":1,"href":"https:\/\/brandss.com.py\/index\/wp-json\/wp\/v2\/product\/86300\/revisions"}],"predecessor-version":[{"id":86304,"href":"https:\/\/brandss.com.py\/index\/wp-json\/wp\/v2\/product\/86300\/revisions\/86304"}],"wp:featuredmedia":[{"embeddable":true,"href":"https:\/\/brandss.com.py\/index\/wp-json\/wp\/v2\/media\/86301"}],"wp:attachment":[{"href":"https:\/\/brandss.com.py\/index\/wp-json\/wp\/v2\/media?parent=86300"}],"wp:term":[{"taxonomy":"product_brand","embeddable":true,"href":"https:\/\/brandss.com.py\/index\/wp-json\/wp\/v2\/product_brand?post=86300"},{"taxonomy":"product_cat","embeddable":true,"href":"https:\/\/brandss.com.py\/index\/wp-json\/wp\/v2\/product_cat?post=86300"},{"taxonomy":"product_tag","embeddable":true,"href":"https:\/\/brandss.com.py\/index\/wp-json\/wp\/v2\/product_tag?post=86300"}],"curies":[{"name":"wp","href":"https:\/\/api.w.org\/{rel}","templated":true}]}}