{"id":86448,"date":"2025-07-16T17:44:11","date_gmt":"2025-07-16T17:44:11","guid":{"rendered":"https:\/\/brandss.com.py\/index\/?post_type=product&#038;p=86448"},"modified":"2026-01-10T17:42:32","modified_gmt":"2026-01-10T17:42:32","slug":"hoddie-deportivo-masculino-puma-power-full-zip-colorblock-tr","status":"publish","type":"product","link":"https:\/\/brandss.com.py\/index\/producto\/hoddie-deportivo-masculino-puma-power-full-zip-colorblock-tr\/","title":{"rendered":"HODDIE DEPORTIVO MASCULINO PUMA POWER FULL ZIP COLORBLOCK TR"},"content":{"rendered":"<p><img loading=\"lazy\" decoding=\"async\" class=\"\" src=\"https:\/\/1000marcas.net\/wp-content\/uploads\/2019\/12\/logo-Puma.png\" alt=\"Logo de Puma: la historia y el significado del logotipo, la marca y el  s\u00edmbolo. | png, vector\" width=\"68\" height=\"34\" \/><\/p>\n<h1>POWER<\/h1>\n<div class=\"side-sheet__content-desc\">\n<p><span>La sudadera POWER COLORBLOCK FULL ZIP HOODIE TR para hombre complementa tu equipamiento b\u00e1sico. Esta sudadera con capucha tiene un corte cl\u00e1sico, pero incorpora elementos PUMA m\u00e1s llamativos. Ideal para el d\u00eda a d\u00eda.<\/span><\/p>\n<\/div>\n<ul class=\"list\">\n<li><span>Capucha con cord\u00f3n.<\/span><\/li>\n<li><span>Canes\u00fa acanalado con extremos en contraste.<\/span><\/li>\n<li><span>Borde acanalado.<\/span><\/li>\n<li><span>Logotipo en el lado izquierdo del pecho.<\/span><\/li>\n<li><span>Logotipo de PUMA en las mangas.<\/span><\/li>\n<\/ul>\n<h3 class=\"side-sheet__content-title\"><span>Detalles<\/span><\/h3>\n<div class=\"table table--specifications\">\n<div class=\"tr\">\n<div class=\"th\"><span>Material: <\/span><span>100% algod\u00f3n.<\/span><\/div>\n<\/div>\n<div class=\"tr\">\n<div class=\"th\"><span>Color: Negro, Blanco, Gris.\u00a0<\/span><\/div>\n<\/div>\n<div class=\"tr\">\n<div class=\"th\"><span>Modelo: <\/span><span>67893401<\/span><\/div>\n<\/div>\n<\/div>\n","protected":false},"excerpt":{"rendered":"<p>POWER La sudadera POWER COLORBLOCK FULL ZIP HOODIE TR para hombre complementa tu equipamiento b\u00e1sico. Esta sudadera con capucha tiene<\/p>\n","protected":false},"featured_media":86449,"comment_status":"open","ping_status":"closed","template":"","meta":{"nf_dc_page":""},"product_brand":[2306],"product_cat":[76],"product_tag":[2406],"class_list":{"0":"post-86448","1":"product","2":"type-product","3":"status-publish","4":"has-post-thumbnail","6":"product_brand-puma","7":"product_cat-masculino","8":"product_tag-678934-01","10":"first","11":"instock","12":"shipping-taxable","13":"purchasable","14":"product-type-simple"},"_links":{"self":[{"href":"https:\/\/brandss.com.py\/index\/wp-json\/wp\/v2\/product\/86448","targetHints":{"allow":["GET"]}}],"collection":[{"href":"https:\/\/brandss.com.py\/index\/wp-json\/wp\/v2\/product"}],"about":[{"href":"https:\/\/brandss.com.py\/index\/wp-json\/wp\/v2\/types\/product"}],"replies":[{"embeddable":true,"href":"https:\/\/brandss.com.py\/index\/wp-json\/wp\/v2\/comments?post=86448"}],"version-history":[{"count":1,"href":"https:\/\/brandss.com.py\/index\/wp-json\/wp\/v2\/product\/86448\/revisions"}],"predecessor-version":[{"id":86456,"href":"https:\/\/brandss.com.py\/index\/wp-json\/wp\/v2\/product\/86448\/revisions\/86456"}],"wp:featuredmedia":[{"embeddable":true,"href":"https:\/\/brandss.com.py\/index\/wp-json\/wp\/v2\/media\/86449"}],"wp:attachment":[{"href":"https:\/\/brandss.com.py\/index\/wp-json\/wp\/v2\/media?parent=86448"}],"wp:term":[{"taxonomy":"product_brand","embeddable":true,"href":"https:\/\/brandss.com.py\/index\/wp-json\/wp\/v2\/product_brand?post=86448"},{"taxonomy":"product_cat","embeddable":true,"href":"https:\/\/brandss.com.py\/index\/wp-json\/wp\/v2\/product_cat?post=86448"},{"taxonomy":"product_tag","embeddable":true,"href":"https:\/\/brandss.com.py\/index\/wp-json\/wp\/v2\/product_tag?post=86448"}],"curies":[{"name":"wp","href":"https:\/\/api.w.org\/{rel}","templated":true}]}}