{"id":86475,"date":"2025-07-17T11:04:27","date_gmt":"2025-07-17T11:04:27","guid":{"rendered":"https:\/\/brandss.com.py\/index\/?post_type=product&#038;p=86475"},"modified":"2026-02-13T10:59:53","modified_gmt":"2026-02-13T10:59:53","slug":"conjunto-deportivo-masculino-puma-poly-baseball-chaqueta-pantalon","status":"publish","type":"product","link":"https:\/\/brandss.com.py\/index\/producto\/conjunto-deportivo-masculino-puma-poly-baseball-chaqueta-pantalon\/","title":{"rendered":"CONJUNTO DEPORTIVO MASCULINO PUMA POLY BASEBALL CHAQUETA + PANTAL\u00d3N"},"content":{"rendered":"<p><img loading=\"lazy\" decoding=\"async\" class=\"\" src=\"https:\/\/1000marcas.net\/wp-content\/uploads\/2019\/12\/logo-Puma.png\" alt=\"Logo de Puma: la historia y el significado del logotipo, la marca y el  s\u00edmbolo. | png, vector\" width=\"137\" height=\"68\" \/><\/p>\n<h1>POLY BASEBALL<\/h1>\n<p><span>Con un llamativo logotipo de PUMA n.\u00ba 1, este cconjunto incluye una sudadera con cuello acanalado y pantalones con cintura el\u00e1stica. Los cordones ajustables y los pu\u00f1os acanalados proporcionan un ajuste perfecto. Es perfecto para un look c\u00f3modo de diario.<\/span><\/p>\n<h3>Detalles<\/h3>\n<p><span>Corte regular.<\/span><\/p>\n<p><span>Cuello alto.<\/span><\/p>\n<p><span>Mangas largas .<\/span><\/p>\n<p><span>Pu\u00f1os acanalados.<\/span><\/p>\n<p><span>Detalles de la marca PUMA.<\/span><\/p>\n<p>Color: Negro, Blanco<\/p>\n<p>Modelo: 68485116.<\/p>\n","protected":false},"excerpt":{"rendered":"<p>POLY BASEBALL Con un llamativo logotipo de PUMA n.\u00ba 1, este cconjunto incluye una sudadera con cuello acanalado y pantalones<\/p>\n","protected":false},"featured_media":86476,"comment_status":"open","ping_status":"closed","template":"","meta":{"nf_dc_page":""},"product_brand":[2306],"product_cat":[76],"product_tag":[2409],"class_list":{"0":"post-86475","1":"product","2":"type-product","3":"status-publish","4":"has-post-thumbnail","6":"product_brand-puma","7":"product_cat-masculino","8":"product_tag-2409","10":"first","11":"outofstock","12":"shipping-taxable","13":"purchasable","14":"product-type-simple"},"_links":{"self":[{"href":"https:\/\/brandss.com.py\/index\/wp-json\/wp\/v2\/product\/86475","targetHints":{"allow":["GET"]}}],"collection":[{"href":"https:\/\/brandss.com.py\/index\/wp-json\/wp\/v2\/product"}],"about":[{"href":"https:\/\/brandss.com.py\/index\/wp-json\/wp\/v2\/types\/product"}],"replies":[{"embeddable":true,"href":"https:\/\/brandss.com.py\/index\/wp-json\/wp\/v2\/comments?post=86475"}],"version-history":[{"count":1,"href":"https:\/\/brandss.com.py\/index\/wp-json\/wp\/v2\/product\/86475\/revisions"}],"predecessor-version":[{"id":86482,"href":"https:\/\/brandss.com.py\/index\/wp-json\/wp\/v2\/product\/86475\/revisions\/86482"}],"wp:featuredmedia":[{"embeddable":true,"href":"https:\/\/brandss.com.py\/index\/wp-json\/wp\/v2\/media\/86476"}],"wp:attachment":[{"href":"https:\/\/brandss.com.py\/index\/wp-json\/wp\/v2\/media?parent=86475"}],"wp:term":[{"taxonomy":"product_brand","embeddable":true,"href":"https:\/\/brandss.com.py\/index\/wp-json\/wp\/v2\/product_brand?post=86475"},{"taxonomy":"product_cat","embeddable":true,"href":"https:\/\/brandss.com.py\/index\/wp-json\/wp\/v2\/product_cat?post=86475"},{"taxonomy":"product_tag","embeddable":true,"href":"https:\/\/brandss.com.py\/index\/wp-json\/wp\/v2\/product_tag?post=86475"}],"curies":[{"name":"wp","href":"https:\/\/api.w.org\/{rel}","templated":true}]}}