{"id":86532,"date":"2025-07-17T18:07:36","date_gmt":"2025-07-17T18:07:36","guid":{"rendered":"https:\/\/brandss.com.py\/index\/?post_type=product&#038;p=86532"},"modified":"2025-12-09T17:20:36","modified_gmt":"2025-12-09T17:20:36","slug":"perfume-femenino-mush-mush-belle-etoile-edp-100ml","status":"publish","type":"product","link":"https:\/\/brandss.com.py\/index\/producto\/perfume-femenino-mush-mush-belle-etoile-edp-100ml\/","title":{"rendered":"PERFUME FEMENINO MUSH MUSH BELLE ETOILE EDP 100ML"},"content":{"rendered":"<p><img loading=\"lazy\" decoding=\"async\" class=\"\" src=\"https:\/\/mushmushperfumes.com\/cdn\/shop\/files\/Mush_mush_logo_4.png?v=1723831141&amp;width=240\" width=\"92\" height=\"92\" \/><\/p>\n<h1>BELLE ETOILE<\/h1>\n<p>Experimente las encantadoras notas de salida de grosella negra y pera, que crean una salida afrutada y vigorizante, fresca y seductora. A medida que la fragancia se despliega, el coraz\u00f3n revela una delicada mezcla de iris, jazm\u00edn y azahar, que le otorga una esencia floral y polvorienta, femenina y elegante. Ideal para mujeres rom\u00e1nticas que brillan con luz propia.<\/p>\n<h3 data-start=\"272\" data-end=\"296\"><strong data-start=\"275\" data-end=\"296\">Notas Olfativas<\/strong><\/h3>\n<p data-start=\"272\" data-end=\"296\">Un destello de feminidad bajo las estrellas.\u00a0<em data-start=\"160\" data-end=\"174\">Belle \u00c9toile<\/em>\u00a0deslumbra con un bouquet floral-frutal suave y encantador que envuelve con dulzura y elegancia.<\/p>\n<ul data-start=\"298\" data-end=\"413\">\n<li class=\"\" data-start=\"298\" data-end=\"329\">\n<p class=\"\" data-start=\"300\" data-end=\"329\"><strong data-start=\"300\" data-end=\"311\">Notas de salida:<\/strong> Pera, mandarina.<\/p>\n<\/li>\n<li class=\"\" data-start=\"330\" data-end=\"367\">\n<p class=\"\" data-start=\"332\" data-end=\"367\"><strong data-start=\"332\" data-end=\"344\">Notas de coraz\u00f3n:<\/strong> Peon\u00eda, rosa, jazm\u00edn.<\/p>\n<\/li>\n<li class=\"\" data-start=\"368\" data-end=\"413\">\n<p class=\"\" data-start=\"370\" data-end=\"413\"><strong data-start=\"370\" data-end=\"380\">Notas de fondo:<\/strong> Almizcle blanco, vainilla, cedro.<\/p>\n<\/li>\n<\/ul>\n","protected":false},"excerpt":{"rendered":"<p>BELLE ETOILE Experimente las encantadoras notas de salida de grosella negra y pera, que crean una salida afrutada y vigorizante,<\/p>\n","protected":false},"featured_media":86533,"comment_status":"open","ping_status":"closed","template":"","meta":{"nf_dc_page":""},"product_brand":[96],"product_cat":[84],"product_tag":[1458],"class_list":{"0":"post-86532","1":"product","2":"type-product","3":"status-publish","4":"has-post-thumbnail","6":"product_brand-mush-mush","7":"product_cat-perfumeria","8":"product_tag-1458","10":"first","11":"instock","12":"sale","13":"shipping-taxable","14":"purchasable","15":"product-type-simple"},"_links":{"self":[{"href":"https:\/\/brandss.com.py\/index\/wp-json\/wp\/v2\/product\/86532","targetHints":{"allow":["GET"]}}],"collection":[{"href":"https:\/\/brandss.com.py\/index\/wp-json\/wp\/v2\/product"}],"about":[{"href":"https:\/\/brandss.com.py\/index\/wp-json\/wp\/v2\/types\/product"}],"replies":[{"embeddable":true,"href":"https:\/\/brandss.com.py\/index\/wp-json\/wp\/v2\/comments?post=86532"}],"version-history":[{"count":1,"href":"https:\/\/brandss.com.py\/index\/wp-json\/wp\/v2\/product\/86532\/revisions"}],"predecessor-version":[{"id":86537,"href":"https:\/\/brandss.com.py\/index\/wp-json\/wp\/v2\/product\/86532\/revisions\/86537"}],"wp:featuredmedia":[{"embeddable":true,"href":"https:\/\/brandss.com.py\/index\/wp-json\/wp\/v2\/media\/86533"}],"wp:attachment":[{"href":"https:\/\/brandss.com.py\/index\/wp-json\/wp\/v2\/media?parent=86532"}],"wp:term":[{"taxonomy":"product_brand","embeddable":true,"href":"https:\/\/brandss.com.py\/index\/wp-json\/wp\/v2\/product_brand?post=86532"},{"taxonomy":"product_cat","embeddable":true,"href":"https:\/\/brandss.com.py\/index\/wp-json\/wp\/v2\/product_cat?post=86532"},{"taxonomy":"product_tag","embeddable":true,"href":"https:\/\/brandss.com.py\/index\/wp-json\/wp\/v2\/product_tag?post=86532"}],"curies":[{"name":"wp","href":"https:\/\/api.w.org\/{rel}","templated":true}]}}