{"id":86617,"date":"2025-07-19T12:16:58","date_gmt":"2025-07-19T12:16:58","guid":{"rendered":"https:\/\/brandss.com.py\/index\/?post_type=product&#038;p=86617"},"modified":"2025-07-19T12:17:55","modified_gmt":"2025-07-19T12:17:55","slug":"media-deportivo-unisex-wilson-felpa-set-de-3","status":"publish","type":"product","link":"https:\/\/brandss.com.py\/index\/producto\/media-deportivo-unisex-wilson-felpa-set-de-3\/","title":{"rendered":"MEDIA DEPORTIVO UNISEX WILSON FELPA SET DE 3"},"content":{"rendered":"<p><img loading=\"lazy\" decoding=\"async\" class=\"\" src=\"https:\/\/1000logos.net\/wp-content\/uploads\/2020\/09\/Wilson-Logo.png\" alt=\"Wilson logo and symbol, meaning, history, PNG\" width=\"54\" height=\"34\" \/><\/p>\n<h1>FELPA<\/h1>\n<p style=\"font-weight: 500\">Est\u00e1n fabricados con punta y tal\u00f3n tejido que permite un mayor ajuste y flexibilidad al pie, est\u00e1n tejidos con media felpa en la planta, punta y tal\u00f3n para amortiguar los impactos y proporciona acoginamiento, suavidad y comodidad. Ideal para deporte no especializado y comodo para las botas o botines.<\/p>\n<h3 style=\"font-weight: 500\">Especificaciones<\/h3>\n<ul>\n<li style=\"list-style-type: none\">\n<ul>\n<li>Medias Largas Deportivas Para Caballero.<\/li>\n<li>Tela de fibra Sint\u00e9tica.<\/li>\n<li>Tela c\u00f3moda y de alta calidad.<\/li>\n<li>Dise\u00f1o moderno.<\/li>\n<li>Tejido agradable y el\u00e1stico.<\/li>\n<li>3 pares de medias.<\/li>\n<li>Tallas: Unica.<\/li>\n<li>Material: Media Felpa.<\/li>\n<li>Nivel De Calentamiento: 70.9% poliester, 26.4% ALGOD\u00d3N, 1.9% elastano, 0.8% poliamida.<\/li>\n<li>Instrucciones De Cuidado Y Limpieza: No remojar, lavar con colores similares, no lavar en seco, lavar a mano con agua fr\u00eda a 30 \u00b0C, usar jab\u00f3n o detergente, no usar cloro ni blanqueador, no usar suavizantes, no exprimir, secado en l\u00ednea a la sombra, no planchar.<\/li>\n<li>Tecnolog\u00eda: Media Felpa\/Suave, c\u00f3modo y acoginado. Ajuste perfecto.<\/li>\n<li>Color: Blanco.<\/li>\n<li>Modelo: B7975.<\/li>\n<\/ul>\n<\/li>\n<\/ul>\n","protected":false},"excerpt":{"rendered":"<p>FELPA Est\u00e1n fabricados con punta y tal\u00f3n tejido que permite un mayor ajuste y flexibilidad al pie, est\u00e1n tejidos con<\/p>\n","protected":false},"featured_media":86618,"comment_status":"open","ping_status":"closed","template":"","meta":{"nf_dc_page":""},"product_brand":[],"product_cat":[76],"product_tag":[],"class_list":{"0":"post-86617","1":"product","2":"type-product","3":"status-publish","4":"has-post-thumbnail","6":"product_cat-masculino","8":"first","9":"instock","10":"shipping-taxable","11":"purchasable","12":"product-type-simple"},"_links":{"self":[{"href":"https:\/\/brandss.com.py\/index\/wp-json\/wp\/v2\/product\/86617","targetHints":{"allow":["GET"]}}],"collection":[{"href":"https:\/\/brandss.com.py\/index\/wp-json\/wp\/v2\/product"}],"about":[{"href":"https:\/\/brandss.com.py\/index\/wp-json\/wp\/v2\/types\/product"}],"replies":[{"embeddable":true,"href":"https:\/\/brandss.com.py\/index\/wp-json\/wp\/v2\/comments?post=86617"}],"version-history":[{"count":1,"href":"https:\/\/brandss.com.py\/index\/wp-json\/wp\/v2\/product\/86617\/revisions"}],"predecessor-version":[{"id":86622,"href":"https:\/\/brandss.com.py\/index\/wp-json\/wp\/v2\/product\/86617\/revisions\/86622"}],"wp:featuredmedia":[{"embeddable":true,"href":"https:\/\/brandss.com.py\/index\/wp-json\/wp\/v2\/media\/86618"}],"wp:attachment":[{"href":"https:\/\/brandss.com.py\/index\/wp-json\/wp\/v2\/media?parent=86617"}],"wp:term":[{"taxonomy":"product_brand","embeddable":true,"href":"https:\/\/brandss.com.py\/index\/wp-json\/wp\/v2\/product_brand?post=86617"},{"taxonomy":"product_cat","embeddable":true,"href":"https:\/\/brandss.com.py\/index\/wp-json\/wp\/v2\/product_cat?post=86617"},{"taxonomy":"product_tag","embeddable":true,"href":"https:\/\/brandss.com.py\/index\/wp-json\/wp\/v2\/product_tag?post=86617"}],"curies":[{"name":"wp","href":"https:\/\/api.w.org\/{rel}","templated":true}]}}