{"id":86695,"date":"2025-07-19T18:19:21","date_gmt":"2025-07-19T18:19:21","guid":{"rendered":"https:\/\/brandss.com.py\/index\/?post_type=product&#038;p=86695"},"modified":"2026-04-30T13:00:41","modified_gmt":"2026-04-30T13:00:41","slug":"camiseta-deportivo-masculino-nike-dri-fit-uv-miler-mangas-cortas","status":"publish","type":"product","link":"https:\/\/brandss.com.py\/index\/producto\/camiseta-deportivo-masculino-nike-dri-fit-uv-miler-mangas-cortas\/","title":{"rendered":"CAMISETA DEPORTIVO MASCULINO NIKE DRI-FIT UV MILER MANGAS CORTAS"},"content":{"rendered":"<p><img loading=\"lazy\" decoding=\"async\" class=\"\" src=\"https:\/\/www.liderlogo.es\/wp-content\/uploads\/2022\/12\/pasted-image-0-1024x576.png\" alt=\"Significado E Historia Del Logo De Nike\" width=\"96\" height=\"54\" \/><\/p>\n<h1>DRI-FIT UV MILER<\/h1>\n<div class=\"b-productinfo\" data-product-attr=\"productDescription\">\n<div class=\"b-productinfo__content\"><span>Recorre kil\u00f3metros con una camiseta que aguanta el esfuerzo. Nuestra camiseta Miler, que absorbe el sudor, regresa con un cuerpo m\u00e1s largo y un tejido ultraligero, para que disfrutes de m\u00e1s cobertura sin el peso. Es fresca y transpirable, con un ajuste holgado y c\u00f3modo que no te frenar\u00e1. Adem\u00e1s, la protecci\u00f3n UV te proporciona una cobertura adicional del sol.<\/span><\/div>\n<\/div>\n<div class=\"b-productinfo\">\n<div class=\"b-productinfo__content\">\n<ul class=\"b-list--dots\">\n<li><span>Color: Burgundy Crush.<\/span><\/li>\n<li><span>Modelo: DV9315-652.<\/span><\/li>\n<\/ul>\n<\/div>\n<\/div>\n","protected":false},"excerpt":{"rendered":"<p>DRI-FIT UV MILER Recorre kil\u00f3metros con una camiseta que aguanta el esfuerzo. Nuestra camiseta Miler, que absorbe el sudor, regresa<\/p>\n","protected":false},"featured_media":86696,"comment_status":"open","ping_status":"closed","template":"","meta":{"nf_dc_page":""},"product_brand":[1333],"product_cat":[76],"product_tag":[2463],"class_list":{"0":"post-86695","1":"product","2":"type-product","3":"status-publish","4":"has-post-thumbnail","6":"product_brand-nike","7":"product_cat-masculino","8":"product_tag-dv9315-652","10":"first","11":"outofstock","12":"shipping-taxable","13":"purchasable","14":"product-type-simple"},"_links":{"self":[{"href":"https:\/\/brandss.com.py\/index\/wp-json\/wp\/v2\/product\/86695","targetHints":{"allow":["GET"]}}],"collection":[{"href":"https:\/\/brandss.com.py\/index\/wp-json\/wp\/v2\/product"}],"about":[{"href":"https:\/\/brandss.com.py\/index\/wp-json\/wp\/v2\/types\/product"}],"replies":[{"embeddable":true,"href":"https:\/\/brandss.com.py\/index\/wp-json\/wp\/v2\/comments?post=86695"}],"version-history":[{"count":1,"href":"https:\/\/brandss.com.py\/index\/wp-json\/wp\/v2\/product\/86695\/revisions"}],"predecessor-version":[{"id":86702,"href":"https:\/\/brandss.com.py\/index\/wp-json\/wp\/v2\/product\/86695\/revisions\/86702"}],"wp:featuredmedia":[{"embeddable":true,"href":"https:\/\/brandss.com.py\/index\/wp-json\/wp\/v2\/media\/86696"}],"wp:attachment":[{"href":"https:\/\/brandss.com.py\/index\/wp-json\/wp\/v2\/media?parent=86695"}],"wp:term":[{"taxonomy":"product_brand","embeddable":true,"href":"https:\/\/brandss.com.py\/index\/wp-json\/wp\/v2\/product_brand?post=86695"},{"taxonomy":"product_cat","embeddable":true,"href":"https:\/\/brandss.com.py\/index\/wp-json\/wp\/v2\/product_cat?post=86695"},{"taxonomy":"product_tag","embeddable":true,"href":"https:\/\/brandss.com.py\/index\/wp-json\/wp\/v2\/product_tag?post=86695"}],"curies":[{"name":"wp","href":"https:\/\/api.w.org\/{rel}","templated":true}]}}