{"id":86720,"date":"2025-07-21T11:35:09","date_gmt":"2025-07-21T11:35:09","guid":{"rendered":"https:\/\/brandss.com.py\/index\/?post_type=product&#038;p=86720"},"modified":"2026-01-13T12:14:29","modified_gmt":"2026-01-13T12:14:29","slug":"pelota-deportivo-unisex-molten-1800-machinesewn-handball","status":"publish","type":"product","link":"https:\/\/brandss.com.py\/index\/producto\/pelota-deportivo-unisex-molten-1800-machinesewn-handball\/","title":{"rendered":"PELOTA DEPORTIVO UNISEX MOLTEN 1800 MACHINESEWN HANDBALL"},"content":{"rendered":"<p><img loading=\"lazy\" decoding=\"async\" class=\"\" src=\"https:\/\/upload.wikimedia.org\/wikipedia\/commons\/thumb\/4\/40\/Molten_company_logo.svg\/2560px-Molten_company_logo.svg.png\" alt=\"Archivo:Molten company logo.svg - Wikipedia, la enciclopedia libre\" width=\"152\" height=\"35\" \/><\/p>\n<h1>1800 MACHINESEWN HANDBALL<\/h1>\n<p>Balonmano MOLTEN H2X1800, para entrenamiento con buenas caracter\u00edsticas de juego, homologado por la IHF (Federaci\u00f3n Internacional de Balonmano). El bal\u00f3n es perfecto para entrenar. El material exterior es agradable al tacto y garantiza un excelente agarre. La pelota es equilibrada, con muy buenas caracter\u00edsticas de rebote y es apta para su uso en gimnasios. La superficie de la pelota est\u00e1 hecha de cuero PU de alta calidad, el bot\u00edn est\u00e1 hecho de l\u00e1tex, los paneles est\u00e1n cosidos a m\u00e1quina. El balonmano MOLTEN H2X1800 est\u00e1 marcado con el logotipo PROVEEDOR OFICIAL DE LA IHF, que es una garant\u00eda de la alta calidad del producto.<\/p>\n<p><b>Descripci\u00f3n t\u00e9cnica:<\/b><\/p>\n<ul>\n<li>Balonmano.<\/li>\n<li>Apto para entrenar.<\/li>\n<li>Superficie exterior: suave, agradable al tacto.<\/li>\n<li>32 paneles pentagonales.<\/li>\n<li>Construcci\u00f3n: m\u00e1quina cosida.<\/li>\n<li>Aprobado por la IHF.<\/li>\n<li>Material: cuero PU de alta calidad, agradable al tacto.<\/li>\n<li>Bladder: l\u00e1tex.<\/li>\n<li>Color: amarillo, verde.<\/li>\n<li>Talla 2 &#8211; para principiantes, chicos de 12 a 16 a\u00f1os, chicas mayores de 14 a\u00f1os.<\/li>\n<li>Circunferencia (cm): 54 &#8211; 56.<\/li>\n<li>Presi\u00f3n despu\u00e9s del inflado: 0,3 -0,5 bar.<\/li>\n<li>Peso: 325 &#8211; 375 gramos.<\/li>\n<\/ul>\n<h3>Ficha t\u00e9cnica<\/h3>\n<p>Modelo: H2X1800GY.<br \/>\nColor: Multicolor.<br \/>\nActividad: Handball.<br \/>\nGenero: Unisex.<\/p>\n","protected":false},"excerpt":{"rendered":"<p>1800 MACHINESEWN HANDBALL Balonmano MOLTEN H2X1800, para entrenamiento con buenas caracter\u00edsticas de juego, homologado por la IHF (Federaci\u00f3n Internacional de<\/p>\n","protected":false},"featured_media":86721,"comment_status":"open","ping_status":"closed","template":"","meta":{"nf_dc_page":""},"product_brand":[],"product_cat":[93],"product_tag":[2493],"class_list":{"0":"post-86720","1":"product","2":"type-product","3":"status-publish","4":"has-post-thumbnail","6":"product_cat-deportivo","7":"product_tag-h3x1800-yg","9":"first","10":"outofstock","11":"shipping-taxable","12":"purchasable","13":"product-type-simple"},"_links":{"self":[{"href":"https:\/\/brandss.com.py\/index\/wp-json\/wp\/v2\/product\/86720","targetHints":{"allow":["GET"]}}],"collection":[{"href":"https:\/\/brandss.com.py\/index\/wp-json\/wp\/v2\/product"}],"about":[{"href":"https:\/\/brandss.com.py\/index\/wp-json\/wp\/v2\/types\/product"}],"replies":[{"embeddable":true,"href":"https:\/\/brandss.com.py\/index\/wp-json\/wp\/v2\/comments?post=86720"}],"version-history":[{"count":1,"href":"https:\/\/brandss.com.py\/index\/wp-json\/wp\/v2\/product\/86720\/revisions"}],"predecessor-version":[{"id":86724,"href":"https:\/\/brandss.com.py\/index\/wp-json\/wp\/v2\/product\/86720\/revisions\/86724"}],"wp:featuredmedia":[{"embeddable":true,"href":"https:\/\/brandss.com.py\/index\/wp-json\/wp\/v2\/media\/86721"}],"wp:attachment":[{"href":"https:\/\/brandss.com.py\/index\/wp-json\/wp\/v2\/media?parent=86720"}],"wp:term":[{"taxonomy":"product_brand","embeddable":true,"href":"https:\/\/brandss.com.py\/index\/wp-json\/wp\/v2\/product_brand?post=86720"},{"taxonomy":"product_cat","embeddable":true,"href":"https:\/\/brandss.com.py\/index\/wp-json\/wp\/v2\/product_cat?post=86720"},{"taxonomy":"product_tag","embeddable":true,"href":"https:\/\/brandss.com.py\/index\/wp-json\/wp\/v2\/product_tag?post=86720"}],"curies":[{"name":"wp","href":"https:\/\/api.w.org\/{rel}","templated":true}]}}