{"id":86900,"date":"2025-07-23T17:58:52","date_gmt":"2025-07-23T17:58:52","guid":{"rendered":"https:\/\/brandss.com.py\/index\/?post_type=product&#038;p=86900"},"modified":"2026-04-30T13:00:00","modified_gmt":"2026-04-30T13:00:00","slug":"calzado-deportivo-masculino-nike-superfly-10-club-fg-mg","status":"publish","type":"product","link":"https:\/\/brandss.com.py\/index\/producto\/calzado-deportivo-masculino-nike-superfly-10-club-fg-mg\/","title":{"rendered":"CALZADO DEPORTIVO MASCULINO NIKE SUPERFLY 10 CLUB FG\/MG"},"content":{"rendered":"<p><img loading=\"lazy\" decoding=\"async\" class=\"\" src=\"https:\/\/logos-world.net\/wp-content\/uploads\/2020\/04\/Nike-Logo.png\" alt=\"Nike Logo, symbol, meaning, history, PNG, brand\" width=\"123\" height=\"69\" \/><\/p>\n<h1>SUPERFLY 10 CLUB FG\/MG<\/h1>\n<p>Ya sea que est\u00e9s empezando o simplemente juegues por diversi\u00f3n, los tacos Club te permiten entrar al campo sin sacrificar la calidad. El Superfly 10 est\u00e1 dise\u00f1ado pensando en la velocidad. \u00bfCombinas velocidad con toque y comodidad? \u00a1Es hora de marcar goles!<\/p>\n<p>Para comenzar o solo para jugar por diversi\u00f3n, los tacos Club te llevan al campo sin comprometer la calidad. Los Superfly 10 est\u00e1n dise\u00f1ados con la velocidad en mente. \u00bfY si a esa velocidad le sumas toque y comodidad? Nada se interpondr\u00e1 entre t\u00fa y la porter\u00eda.<\/p>\n<h5>Toque adherente<\/h5>\n<p>La parte superior moldeada y sint\u00e9tica tiene un patr\u00f3n gr\u00e1fico texturizado que posibilita un mejor control del bal\u00f3n durante los regates a gran velocidad.<\/p>\n<h5>Profundidad para el despegue<\/h5>\n<p>El exclusivo patr\u00f3n de tracci\u00f3n ofrece la m\u00e1xima tracci\u00f3n con una liberaci\u00f3n r\u00e1pida para crear distancia.<\/p>\n<h5>Ajuste seguro<\/h5>\n<p>Obtienes el mismo ajuste de los Superfly 9. Esto significa un dise\u00f1o que se adapta mejor el pie. Lo logramos a trav\u00e9s de m\u00faltiples pruebas de uso en cientos de atletas. El resultado es una punta m\u00e1s moldeada y un mejor sensaci\u00f3n de seguridad en el tal\u00f3n.<\/p>\n<h5>Datos del producto<\/h5>\n<ul>\n<li><span>Una parte superior sint\u00e9tica moldeada tiene un patr\u00f3n texturizado para un mejor control del bal\u00f3n al driblar a altas velocidades.<\/span><\/li>\n<li><span>El patr\u00f3n de tracci\u00f3n \u00fanico ofrece una tracci\u00f3n supercargada con liberaci\u00f3n r\u00e1pida para crear separaci\u00f3n.<\/span><\/li>\n<li><span>El Superfly 9 ofrece el mismo ajuste. Esto se traduce en un dise\u00f1o que simula mejor el pie. Lo conseguimos mediante m\u00faltiples pruebas de desgaste en cientos de atletas. El resultado es una puntera m\u00e1s contorneada y una sensaci\u00f3n de seguridad en el tal\u00f3n.<\/span><\/li>\n<li><span>Para uso en superficies naturales y sint\u00e9ticas.<\/span><\/li>\n<li><span>Plantilla acolchada.<\/span><\/li>\n<li>Color: Negro\/Jungla profunda.<\/li>\n<li>Modelo: FQ8314-002.<\/li>\n<\/ul>\n","protected":false},"excerpt":{"rendered":"<p>SUPERFLY 10 CLUB FG\/MG Ya sea que est\u00e9s empezando o simplemente juegues por diversi\u00f3n, los tacos Club te permiten entrar<\/p>\n","protected":false},"featured_media":86901,"comment_status":"open","ping_status":"closed","template":"","meta":{"nf_dc_page":""},"product_brand":[1333],"product_cat":[76],"product_tag":[2485],"class_list":{"0":"post-86900","1":"product","2":"type-product","3":"status-publish","4":"has-post-thumbnail","6":"product_brand-nike","7":"product_cat-masculino","8":"product_tag-fq8314-002","10":"first","11":"outofstock","12":"shipping-taxable","13":"purchasable","14":"product-type-simple"},"_links":{"self":[{"href":"https:\/\/brandss.com.py\/index\/wp-json\/wp\/v2\/product\/86900","targetHints":{"allow":["GET"]}}],"collection":[{"href":"https:\/\/brandss.com.py\/index\/wp-json\/wp\/v2\/product"}],"about":[{"href":"https:\/\/brandss.com.py\/index\/wp-json\/wp\/v2\/types\/product"}],"replies":[{"embeddable":true,"href":"https:\/\/brandss.com.py\/index\/wp-json\/wp\/v2\/comments?post=86900"}],"version-history":[{"count":2,"href":"https:\/\/brandss.com.py\/index\/wp-json\/wp\/v2\/product\/86900\/revisions"}],"predecessor-version":[{"id":86911,"href":"https:\/\/brandss.com.py\/index\/wp-json\/wp\/v2\/product\/86900\/revisions\/86911"}],"wp:featuredmedia":[{"embeddable":true,"href":"https:\/\/brandss.com.py\/index\/wp-json\/wp\/v2\/media\/86901"}],"wp:attachment":[{"href":"https:\/\/brandss.com.py\/index\/wp-json\/wp\/v2\/media?parent=86900"}],"wp:term":[{"taxonomy":"product_brand","embeddable":true,"href":"https:\/\/brandss.com.py\/index\/wp-json\/wp\/v2\/product_brand?post=86900"},{"taxonomy":"product_cat","embeddable":true,"href":"https:\/\/brandss.com.py\/index\/wp-json\/wp\/v2\/product_cat?post=86900"},{"taxonomy":"product_tag","embeddable":true,"href":"https:\/\/brandss.com.py\/index\/wp-json\/wp\/v2\/product_tag?post=86900"}],"curies":[{"name":"wp","href":"https:\/\/api.w.org\/{rel}","templated":true}]}}