{"id":87188,"date":"2025-07-29T11:58:49","date_gmt":"2025-07-29T11:58:49","guid":{"rendered":"https:\/\/brandss.com.py\/index\/?post_type=product&#038;p=87188"},"modified":"2025-11-24T12:55:03","modified_gmt":"2025-11-24T12:55:03","slug":"perfume-masculino-miris-history-for-him-edp-100ml","status":"publish","type":"product","link":"https:\/\/brandss.com.py\/index\/producto\/perfume-masculino-miris-history-for-him-edp-100ml\/","title":{"rendered":"PERFUME MASCULINO MIRIS HISTORY FOR HIM EDP 100ML"},"content":{"rendered":"<p><img loading=\"lazy\" decoding=\"async\" class=\"\" src=\"https:\/\/m.media-amazon.com\/images\/S\/stores-image-uploads-na-prod\/6\/AmazonStores\/ATVPDKIKX0DER\/c8cf771b866dcecd96dab8a622a195db.w3300.h1601.jpg\" alt=\"Amazon.com: MIRIS\" width=\"122\" height=\"59\" \/><\/p>\n<h1>HISTORY FOR HIM<\/h1>\n<p>Descubre el atractivo de History de MIRIS para hombres, una fragancia que revela un rastro de almizcle fresco c\u00edtrico y blanco, perfectamente complementado con toques acu\u00e1ticos y verdes. Sum\u00e9rgete en las refrescantes profundidades de los matices acu\u00e1ticos y verdes, mientras que el acuerdo de t\u00e9 le\u00f1oso caliente a\u00f1ade un toque de opulencia. <span dir=\"auto\">Una fragancia de lujo y sofisticaci\u00f3n con un toque cl\u00e1sico lujoso y detalles contempor\u00e1neos modernos. <\/span><span dir=\"auto\">A\u00f1ade toques especiales de elegancia a tu look que te hagan destacar en todas las sociedades con esta combinaci\u00f3n.\u00a0<\/span><\/p>\n<h3>Notas Olfativas<\/h3>\n<p><span dir=\"auto\">Una mezcla poderosa y brillante que permanece contigo durante horas e inspira tu sentido de confianza hasta el \u00faltimo minuto.<\/span><\/p>\n<ul class=\"notes cf\">\n<li><strong>Notas de salida:<\/strong> <span class=\"right\"><span dir=\"auto\">c\u00edtricos, bergamota.<\/span><\/span><\/li>\n<li><span class=\"right\"><span dir=\"auto\"><strong>Notas de coraz\u00f3n:<\/strong> jazm\u00edn, rosa, cedro.<\/span><\/span><\/li>\n<li><span class=\"right\"><span dir=\"auto\"><strong>Notas de fondo:<\/strong> almizcle, \u00e1mbar, vainilla.<\/span><\/span><\/li>\n<\/ul>\n","protected":false},"excerpt":{"rendered":"<p>HISTORY FOR HIM Descubre el atractivo de History de MIRIS para hombres, una fragancia que revela un rastro de almizcle<\/p>\n","protected":false},"featured_media":87189,"comment_status":"open","ping_status":"closed","template":"","meta":{"nf_dc_page":""},"product_brand":[1445],"product_cat":[84],"product_tag":[1455],"class_list":{"0":"post-87188","1":"product","2":"type-product","3":"status-publish","4":"has-post-thumbnail","6":"product_brand-miris","7":"product_cat-perfumeria","8":"product_tag-1455","10":"first","11":"outofstock","12":"shipping-taxable","13":"purchasable","14":"product-type-simple"},"_links":{"self":[{"href":"https:\/\/brandss.com.py\/index\/wp-json\/wp\/v2\/product\/87188","targetHints":{"allow":["GET"]}}],"collection":[{"href":"https:\/\/brandss.com.py\/index\/wp-json\/wp\/v2\/product"}],"about":[{"href":"https:\/\/brandss.com.py\/index\/wp-json\/wp\/v2\/types\/product"}],"replies":[{"embeddable":true,"href":"https:\/\/brandss.com.py\/index\/wp-json\/wp\/v2\/comments?post=87188"}],"version-history":[{"count":1,"href":"https:\/\/brandss.com.py\/index\/wp-json\/wp\/v2\/product\/87188\/revisions"}],"predecessor-version":[{"id":87192,"href":"https:\/\/brandss.com.py\/index\/wp-json\/wp\/v2\/product\/87188\/revisions\/87192"}],"wp:featuredmedia":[{"embeddable":true,"href":"https:\/\/brandss.com.py\/index\/wp-json\/wp\/v2\/media\/87189"}],"wp:attachment":[{"href":"https:\/\/brandss.com.py\/index\/wp-json\/wp\/v2\/media?parent=87188"}],"wp:term":[{"taxonomy":"product_brand","embeddable":true,"href":"https:\/\/brandss.com.py\/index\/wp-json\/wp\/v2\/product_brand?post=87188"},{"taxonomy":"product_cat","embeddable":true,"href":"https:\/\/brandss.com.py\/index\/wp-json\/wp\/v2\/product_cat?post=87188"},{"taxonomy":"product_tag","embeddable":true,"href":"https:\/\/brandss.com.py\/index\/wp-json\/wp\/v2\/product_tag?post=87188"}],"curies":[{"name":"wp","href":"https:\/\/api.w.org\/{rel}","templated":true}]}}