{"id":87236,"date":"2025-07-29T17:59:23","date_gmt":"2025-07-29T17:59:23","guid":{"rendered":"https:\/\/brandss.com.py\/index\/?post_type=product&#038;p=87236"},"modified":"2026-03-14T14:14:36","modified_gmt":"2026-03-14T14:14:36","slug":"perfume-femenino-puccini-paris-babylone-edp-100ml","status":"publish","type":"product","link":"https:\/\/brandss.com.py\/index\/producto\/perfume-femenino-puccini-paris-babylone-edp-100ml\/","title":{"rendered":"PERFUME FEMENINO PUCCINI PARIS BABYLONE EDP 100ML"},"content":{"rendered":"<p><img loading=\"lazy\" decoding=\"async\" class=\"\" src=\"https:\/\/www.fragrantica.es\/mdimg\/dizajneri\/o.3733.jpg\" alt=\"Puccini Paris Fragancias Y Colonias\" width=\"100\" height=\"40\" \/><\/p>\n<h1>BABYLONE<\/h1>\n<p><span dir=\"auto\">Es una fragancia que envuelve en lujo y elegancia, pensada para la mujer moderna que quiere destacar con sutileza. Es una fragancia femenina cautivadora y sofisticada que transporta a un mundo de lujo y elegancia.<img loading=\"lazy\" decoding=\"async\" class=\"alignleft\" src=\"https:\/\/cdn.salla.sa\/OqERBq\/4cd65e00-6387-4f91-8162-3ec0b7f14b21-1000x983.09178743961-dynjmwKB3aab0nXVJbAy7TGCP4fwheb81MEAiqDR.jpg\" width=\"605\" height=\"594\" \/> <\/span><\/p>\n<p><span dir=\"auto\">Con su combinaci\u00f3n \u00fanica de notas florales y afrutadas, esta fragancia exuda frescura y feminidad.\u00a0<\/span><span dir=\"auto\">Perfecta para el uso diario o para potenciar ocasiones especiales, esta Eau de Parfum seduce con su equilibrio entre intensidad y suavidad, dejando una impronta inolvidable y refinada.<\/span><\/p>\n<h3>Notas Olfativas<\/h3>\n<p><span dir=\"auto\">Su apertura es un espect\u00e1culo c\u00edtrico y afrutado con notas de lim\u00f3n, pera y mandarina, que aportan frescura y vitaldad. El coraz\u00f3n floral, compuesto por jazm\u00edn, rosa y azahar, imprime un toque rom\u00e1ntico y delicado, mientras que el fondo amaderado con matices de vainilla, s\u00e1ndalo y almizcle extrae una estela envolvente y duradera.<\/span><\/p>\n<ul>\n<li><span dir=\"auto\"><span dir=\"auto\"><strong>Notas de salida:<\/strong> bergamota y mandarina.<\/span><\/span><\/li>\n<li><span dir=\"auto\"><span dir=\"auto\"><strong>Notas de coraz\u00f3n:<\/strong> jazm\u00edn, rosa de Grasse, melocot\u00f3n y hojas de canela china.<\/span><\/span><\/li>\n<li><span dir=\"auto\"><strong>Notas de fondo:<\/strong>\u00a0almizcle blanco, s\u00e1ndalo y cedro.<\/span><\/li>\n<\/ul>\n","protected":false},"excerpt":{"rendered":"<p>BABYLONE Es una fragancia que envuelve en lujo y elegancia, pensada para la mujer moderna que quiere destacar con sutileza.<\/p>\n","protected":false},"featured_media":87237,"comment_status":"open","ping_status":"closed","template":"","meta":{"nf_dc_page":""},"product_brand":[1780],"product_cat":[84],"product_tag":[],"class_list":{"0":"post-87236","1":"product","2":"type-product","3":"status-publish","4":"has-post-thumbnail","6":"product_brand-puccini","7":"product_cat-perfumeria","9":"first","10":"outofstock","11":"shipping-taxable","12":"purchasable","13":"product-type-simple"},"_links":{"self":[{"href":"https:\/\/brandss.com.py\/index\/wp-json\/wp\/v2\/product\/87236","targetHints":{"allow":["GET"]}}],"collection":[{"href":"https:\/\/brandss.com.py\/index\/wp-json\/wp\/v2\/product"}],"about":[{"href":"https:\/\/brandss.com.py\/index\/wp-json\/wp\/v2\/types\/product"}],"replies":[{"embeddable":true,"href":"https:\/\/brandss.com.py\/index\/wp-json\/wp\/v2\/comments?post=87236"}],"version-history":[{"count":3,"href":"https:\/\/brandss.com.py\/index\/wp-json\/wp\/v2\/product\/87236\/revisions"}],"predecessor-version":[{"id":87243,"href":"https:\/\/brandss.com.py\/index\/wp-json\/wp\/v2\/product\/87236\/revisions\/87243"}],"wp:featuredmedia":[{"embeddable":true,"href":"https:\/\/brandss.com.py\/index\/wp-json\/wp\/v2\/media\/87237"}],"wp:attachment":[{"href":"https:\/\/brandss.com.py\/index\/wp-json\/wp\/v2\/media?parent=87236"}],"wp:term":[{"taxonomy":"product_brand","embeddable":true,"href":"https:\/\/brandss.com.py\/index\/wp-json\/wp\/v2\/product_brand?post=87236"},{"taxonomy":"product_cat","embeddable":true,"href":"https:\/\/brandss.com.py\/index\/wp-json\/wp\/v2\/product_cat?post=87236"},{"taxonomy":"product_tag","embeddable":true,"href":"https:\/\/brandss.com.py\/index\/wp-json\/wp\/v2\/product_tag?post=87236"}],"curies":[{"name":"wp","href":"https:\/\/api.w.org\/{rel}","templated":true}]}}