{"id":87268,"date":"2025-07-30T12:32:44","date_gmt":"2025-07-30T12:32:44","guid":{"rendered":"https:\/\/brandss.com.py\/index\/?post_type=product&#038;p=87268"},"modified":"2025-12-04T17:28:27","modified_gmt":"2025-12-04T17:28:27","slug":"perfume-femenino-al-wataniah-leen-edp-100ml","status":"publish","type":"product","link":"https:\/\/brandss.com.py\/index\/producto\/perfume-femenino-al-wataniah-leen-edp-100ml\/","title":{"rendered":"PERFUME FEMENINO AL WATANIAH LEEN EDP 100ML"},"content":{"rendered":"<p><img loading=\"lazy\" decoding=\"async\" class=\"\" src=\"https:\/\/alwataniah.es\/cdn\/shop\/files\/Logo-Al-Wataniah-1.webp?v=1716291507&amp;width=1100\" alt=\"Anwan perfume \u00e1rabe unisex \u2013 Alwataniah\" width=\"77\" height=\"77\" \/><\/p>\n<h1>LEEN<\/h1>\n<p><span dir=\"auto\">Es una sinfon\u00eda <\/span><span dir=\"auto\">floral<\/span><span dir=\"auto\">\u00a0que encapsula la esencia de la feminidad elegante y atemporal. Esta fascinante fragancia es una celebraci\u00f3n de la delicadeza y\u00a0<\/span><span dir=\"auto\">la belleza<\/span><span dir=\"auto\">, evocando un aura de romance y encanto. Leen es una expresi\u00f3n de feminidad suave y encantadora, ideal para la mujer que irradia gracia y encanto natural. Esta fragancia invita a sumergirse en un mundo de romance y belleza, donde cada momento es un recuerdo preciado. <img loading=\"lazy\" decoding=\"async\" class=\"alignleft\" src=\"https:\/\/luffii.com.br\/wp-content\/uploads\/2024\/09\/Screenshot_20240919-153040.png\" width=\"481\" height=\"575\" \/>\u00a0<\/span><\/p>\n<h3>Notas Olfativas<\/h3>\n<p>Este perfume de Al Wataniah es una expresi\u00f3n sofisticada y envolvente de la elegancia y el misterio. Con una mezcla exquisita de notas orientales, florales y amaderadas, esta fragancia seduce los sentidos con su profundidad y su car\u00e1cter distintivo. La esencia distintiva de Al Wataniah se manifiesta en una composici\u00f3n olfativa que evoca la pasi\u00f3n y la sensualidad, dejando una estela inolvidable y envolvente que refleja la autenticidad y la belleza de la marca.<\/p>\n<p><strong>Notas de salida:<\/strong> Bergamota, trufa blanca, durazno.<\/p>\n<p><strong>Notas de coraz\u00f3n:<\/strong> Jazm\u00edn del mediterr\u00e1neo, vainilla de madagascar, tuberosa.<\/p>\n<p><strong>Notas de fondo:<\/strong> Madera de cedro, musgo de roble, pachul\u00ed.<\/p>\n","protected":false},"excerpt":{"rendered":"<p>LEEN Es una sinfon\u00eda floral\u00a0que encapsula la esencia de la feminidad elegante y atemporal. Esta fascinante fragancia es una celebraci\u00f3n<\/p>\n","protected":false},"featured_media":87269,"comment_status":"open","ping_status":"closed","template":"","meta":{"nf_dc_page":""},"product_brand":[105],"product_cat":[84],"product_tag":[565],"class_list":{"0":"post-87268","1":"product","2":"type-product","3":"status-publish","4":"has-post-thumbnail","6":"product_brand-al-wataniah","7":"product_cat-perfumeria","8":"product_tag-565","10":"first","11":"outofstock","12":"sale","13":"shipping-taxable","14":"purchasable","15":"product-type-simple"},"_links":{"self":[{"href":"https:\/\/brandss.com.py\/index\/wp-json\/wp\/v2\/product\/87268","targetHints":{"allow":["GET"]}}],"collection":[{"href":"https:\/\/brandss.com.py\/index\/wp-json\/wp\/v2\/product"}],"about":[{"href":"https:\/\/brandss.com.py\/index\/wp-json\/wp\/v2\/types\/product"}],"replies":[{"embeddable":true,"href":"https:\/\/brandss.com.py\/index\/wp-json\/wp\/v2\/comments?post=87268"}],"version-history":[{"count":1,"href":"https:\/\/brandss.com.py\/index\/wp-json\/wp\/v2\/product\/87268\/revisions"}],"predecessor-version":[{"id":87274,"href":"https:\/\/brandss.com.py\/index\/wp-json\/wp\/v2\/product\/87268\/revisions\/87274"}],"wp:featuredmedia":[{"embeddable":true,"href":"https:\/\/brandss.com.py\/index\/wp-json\/wp\/v2\/media\/87269"}],"wp:attachment":[{"href":"https:\/\/brandss.com.py\/index\/wp-json\/wp\/v2\/media?parent=87268"}],"wp:term":[{"taxonomy":"product_brand","embeddable":true,"href":"https:\/\/brandss.com.py\/index\/wp-json\/wp\/v2\/product_brand?post=87268"},{"taxonomy":"product_cat","embeddable":true,"href":"https:\/\/brandss.com.py\/index\/wp-json\/wp\/v2\/product_cat?post=87268"},{"taxonomy":"product_tag","embeddable":true,"href":"https:\/\/brandss.com.py\/index\/wp-json\/wp\/v2\/product_tag?post=87268"}],"curies":[{"name":"wp","href":"https:\/\/api.w.org\/{rel}","templated":true}]}}