{"id":87335,"date":"2025-07-30T18:44:40","date_gmt":"2025-07-30T18:44:40","guid":{"rendered":"https:\/\/brandss.com.py\/index\/?post_type=product&#038;p=87335"},"modified":"2025-09-29T18:31:50","modified_gmt":"2025-09-29T18:31:50","slug":"perfume-femenino-asdaaf-ameerat-al-arab-prive-rose-edp-100ml","status":"publish","type":"product","link":"https:\/\/brandss.com.py\/index\/producto\/perfume-femenino-asdaaf-ameerat-al-arab-prive-rose-edp-100ml\/","title":{"rendered":"PERFUME FEMENINO ASDAAF AMEERAT AL ARAB PRIV\u00c9 ROS\u00c9 EDP 100ML"},"content":{"rendered":"<p><img loading=\"lazy\" decoding=\"async\" class=\"\" src=\"https:\/\/azaharlenceria.com\/files\/product_brands\/2024\/09\/25\/ASDAAF%20LOGO.jpg\" alt=\"ASDAAF - Azahar Lencer\u00eda\" width=\"65\" height=\"79\" \/><\/p>\n<h1>AMEERAT AL ARAB PRIV\u00c9 ROS\u00c9<\/h1>\n<p>Este encantador Eau de Parfum Ameerat Al Arab Priv\u00e9 Rose celebra la belleza de la rosa, ofreciendo una sofisticada mezcla de notas florales y orientales que evocan una sensaci\u00f3n de opulencia y gracia. Dise\u00f1ada para quienes aprecian las cosas buenas de la vida, esta fragancia es perfecta tanto para el d\u00eda a d\u00eda como para ocasiones especiales, capturando la esencia de la elegancia atemporal.<\/p>\n<p><img loading=\"lazy\" decoding=\"async\" class=\"alignleft\" src=\"https:\/\/smileeurope.co.uk\/cdn\/shop\/files\/Ameerat-Al-Arab-Prive-Rose-Eau-De-Parfum-100ml-Asdaaf-Asdaaf-31951297.webp?v=1728558289&amp;width=713\" width=\"392\" height=\"392\" \/><\/p>\n<h3>\nNotas Olfativas<\/h3>\n<p>&nbsp;<\/p>\n<p>Ameerat Al Arab Prive Rose se abre con una vibrante explosi\u00f3n de p\u00e9talos de rosa frescos y las estimulantes notas de bergamota, creando una entrada acogedora y lujosa. El coraz\u00f3n de la fragancia se despliega en un rico bouquet floral, que resalta la elegancia del jazm\u00edn y otras delicadas flores. A medida que el aroma evoluciona, las c\u00e1lidas notas de oud y \u00e1mbar crean una base profunda y sensual, dejando una huella duradera que perdura durante todo el d\u00eda.<\/p>\n<ul>\n<li><strong><span dir=\"auto\">Notas de salida:<\/span><\/strong><span dir=\"auto\">\u00a0p\u00e9talos de rosa frescos, bergamota.<br \/>\n<\/span><\/li>\n<li><strong><span dir=\"auto\">Notas de coraz\u00f3n:<\/span><\/strong><span dir=\"auto\">\u00a0Jazm\u00edn, bouquet floral.\n<p><\/span><\/li>\n<li><strong><span dir=\"auto\">Notas de fondo:<\/span><\/strong><span dir=\"auto\">\u00a0Oud, \u00e1mbar y especias c\u00e1lidas.<\/span><\/li>\n<\/ul>\n","protected":false},"excerpt":{"rendered":"<p>AMEERAT AL ARAB PRIV\u00c9 ROS\u00c9 Este encantador Eau de Parfum Ameerat Al Arab Priv\u00e9 Rose celebra la belleza de la<\/p>\n","protected":false},"featured_media":87336,"comment_status":"open","ping_status":"closed","template":"","meta":{"nf_dc_page":""},"product_brand":[108],"product_cat":[84],"product_tag":[588],"class_list":{"0":"post-87335","1":"product","2":"type-product","3":"status-publish","4":"has-post-thumbnail","6":"product_brand-asdaaf","7":"product_cat-perfumeria","8":"product_tag-588","10":"first","11":"instock","12":"sale","13":"shipping-taxable","14":"purchasable","15":"product-type-simple"},"_links":{"self":[{"href":"https:\/\/brandss.com.py\/index\/wp-json\/wp\/v2\/product\/87335","targetHints":{"allow":["GET"]}}],"collection":[{"href":"https:\/\/brandss.com.py\/index\/wp-json\/wp\/v2\/product"}],"about":[{"href":"https:\/\/brandss.com.py\/index\/wp-json\/wp\/v2\/types\/product"}],"replies":[{"embeddable":true,"href":"https:\/\/brandss.com.py\/index\/wp-json\/wp\/v2\/comments?post=87335"}],"version-history":[{"count":1,"href":"https:\/\/brandss.com.py\/index\/wp-json\/wp\/v2\/product\/87335\/revisions"}],"predecessor-version":[{"id":87341,"href":"https:\/\/brandss.com.py\/index\/wp-json\/wp\/v2\/product\/87335\/revisions\/87341"}],"wp:featuredmedia":[{"embeddable":true,"href":"https:\/\/brandss.com.py\/index\/wp-json\/wp\/v2\/media\/87336"}],"wp:attachment":[{"href":"https:\/\/brandss.com.py\/index\/wp-json\/wp\/v2\/media?parent=87335"}],"wp:term":[{"taxonomy":"product_brand","embeddable":true,"href":"https:\/\/brandss.com.py\/index\/wp-json\/wp\/v2\/product_brand?post=87335"},{"taxonomy":"product_cat","embeddable":true,"href":"https:\/\/brandss.com.py\/index\/wp-json\/wp\/v2\/product_cat?post=87335"},{"taxonomy":"product_tag","embeddable":true,"href":"https:\/\/brandss.com.py\/index\/wp-json\/wp\/v2\/product_tag?post=87335"}],"curies":[{"name":"wp","href":"https:\/\/api.w.org\/{rel}","templated":true}]}}