{"id":87403,"date":"2025-07-31T17:41:32","date_gmt":"2025-07-31T17:41:32","guid":{"rendered":"https:\/\/brandss.com.py\/index\/?post_type=product&#038;p=87403"},"modified":"2025-11-26T13:29:03","modified_gmt":"2025-11-26T13:29:03","slug":"perfume-unisex-french-avenue-paris-roses-demotion-edp-100ml","status":"publish","type":"product","link":"https:\/\/brandss.com.py\/index\/producto\/perfume-unisex-french-avenue-paris-roses-demotion-edp-100ml\/","title":{"rendered":"PERFUME UNISEX FRENCH AVENUE PARIS ROSES D&#8217;EMOTION EDP 100ML"},"content":{"rendered":"<p><img loading=\"lazy\" decoding=\"async\" class=\"\" src=\"https:\/\/www.french-avenue-parfum.com\/wp-content\/uploads\/2024\/11\/logo-french-avenue.webp\" alt=\"Aether | Extracto de perfume para hombre | French Avenue\" width=\"123\" height=\"46\" \/><\/p>\n<h1>ROSES D&#8217;EMOTION<\/h1>\n<p>D\u00e9jate seducir por el encanto del perfume Roses D&#8217;Emotion, una creaci\u00f3n cautivadora inspirada en la esencia de la rosa Byredo de la Tierra de Nadie. Esta cautivadora fragancia rinde homenaje a la dedicaci\u00f3n valiente y altruista de quienes han servido. Con Roses D&#8217;Emotion, experimente una sinfon\u00eda de aromas que despertar\u00e1 sus sentidos y lo transportar\u00e1 a un reino de reverencia y gratitud. Esta fragancia es un exquisito homenaje a las personas excepcionales que han servido con un compromiso inquebrantable. Deje que la esencia de Roses D&#8217;Emotion cautive su esp\u00edritu y abrace la nobleza de su servicio desinteresado.<\/p>\n<p><img loading=\"lazy\" decoding=\"async\" class=\"alignleft\" src=\"https:\/\/perfumesforlessng.com\/pfl-content\/uploads\/2023\/07\/IMG-20230724-WA0006.jpg\" width=\"432\" height=\"432\" \/><\/p>\n<h3>Notas Olfativas<\/h3>\n<p>&nbsp;<\/p>\n<p><span>Roses D&#8217;Emotion teje un tapiz de emociones con su exquisita mezcla de notas. La experiencia comienza con vigorizantes notas de salida de pimienta rosa y p\u00e9talos de rosa turca, que evocan una sensaci\u00f3n de vitalidad y elegancia. <\/span><span>En el coraz\u00f3n de la fragancia, las delicadas pero radiantes flores de frambuesa y el rico absoluto de rosa turca se entrelazan, creando un ramo embriagador que representa la valent\u00eda y la devoci\u00f3n de aquellos honrados por este aroma. <\/span><span>A medida que la fragancia se asienta, las notas de fondo de papiro y \u00e1mbar blanco aportan una profundidad y sofisticaci\u00f3n sutiles, dejando una impresi\u00f3n duradera que resuena con momentos de inspiraci\u00f3n y respeto.<\/span><\/p>\n<p><strong>Notas de salida:<\/strong> pimienta rosa y p\u00e9talos de rosa turca.<\/p>\n<p><strong>Notas de coraz\u00f3n:<\/strong> flor de frambuesa, absoluto de rosa turca.<\/p>\n<p><strong>Notas de fondo:<\/strong> de papiro, \u00e1mbar blanco.<\/p>\n","protected":false},"excerpt":{"rendered":"<p>ROSES D&#8217;EMOTION D\u00e9jate seducir por el encanto del perfume Roses D&#8217;Emotion, una creaci\u00f3n cautivadora inspirada en la esencia de la<\/p>\n","protected":false},"featured_media":87404,"comment_status":"open","ping_status":"closed","template":"","meta":{"nf_dc_page":""},"product_brand":[112],"product_cat":[84],"product_tag":[1496],"class_list":{"0":"post-87403","1":"product","2":"type-product","3":"status-publish","4":"has-post-thumbnail","6":"product_brand-french-avenue","7":"product_cat-perfumeria","8":"product_tag-1496","10":"first","11":"instock","12":"shipping-taxable","13":"purchasable","14":"product-type-simple"},"_links":{"self":[{"href":"https:\/\/brandss.com.py\/index\/wp-json\/wp\/v2\/product\/87403","targetHints":{"allow":["GET"]}}],"collection":[{"href":"https:\/\/brandss.com.py\/index\/wp-json\/wp\/v2\/product"}],"about":[{"href":"https:\/\/brandss.com.py\/index\/wp-json\/wp\/v2\/types\/product"}],"replies":[{"embeddable":true,"href":"https:\/\/brandss.com.py\/index\/wp-json\/wp\/v2\/comments?post=87403"}],"version-history":[{"count":1,"href":"https:\/\/brandss.com.py\/index\/wp-json\/wp\/v2\/product\/87403\/revisions"}],"predecessor-version":[{"id":87408,"href":"https:\/\/brandss.com.py\/index\/wp-json\/wp\/v2\/product\/87403\/revisions\/87408"}],"wp:featuredmedia":[{"embeddable":true,"href":"https:\/\/brandss.com.py\/index\/wp-json\/wp\/v2\/media\/87404"}],"wp:attachment":[{"href":"https:\/\/brandss.com.py\/index\/wp-json\/wp\/v2\/media?parent=87403"}],"wp:term":[{"taxonomy":"product_brand","embeddable":true,"href":"https:\/\/brandss.com.py\/index\/wp-json\/wp\/v2\/product_brand?post=87403"},{"taxonomy":"product_cat","embeddable":true,"href":"https:\/\/brandss.com.py\/index\/wp-json\/wp\/v2\/product_cat?post=87403"},{"taxonomy":"product_tag","embeddable":true,"href":"https:\/\/brandss.com.py\/index\/wp-json\/wp\/v2\/product_tag?post=87403"}],"curies":[{"name":"wp","href":"https:\/\/api.w.org\/{rel}","templated":true}]}}