{"id":87454,"date":"2025-08-01T12:47:33","date_gmt":"2025-08-01T12:47:33","guid":{"rendered":"https:\/\/brandss.com.py\/index\/?post_type=product&#038;p=87454"},"modified":"2026-03-26T13:49:01","modified_gmt":"2026-03-26T13:49:01","slug":"perfume-unisex-mawwal-symphony-saz-edp-100ml","status":"publish","type":"product","link":"https:\/\/brandss.com.py\/index\/producto\/perfume-unisex-mawwal-symphony-saz-edp-100ml\/","title":{"rendered":"PERFUME UNISEX MAWWAL SYMPHONY SAZ EDP 100ML"},"content":{"rendered":"<p><img loading=\"lazy\" decoding=\"async\" class=\"\" src=\"https:\/\/mawwal.com\/wp-content\/uploads\/2022\/02\/luxury-beige-3.png\" alt=\"Mawwal Arabia - Buy Premium Arabic Perfumes from Dubai\" width=\"68\" height=\"107\" \/><\/p>\n<h1>SYMPHONY SAZ<\/h1>\n<p>El elegante frasco, \u00abSaz\u00bb, susurraba melod\u00edas, evocando el alma de melod\u00edas olvidadas. Sin embargo, la fragancia que emanaba no era de cuerdas pulidas, sino de desiertos azotados por el viento: una invitaci\u00f3n a descubrir una sinfon\u00eda interior.<\/p>\n<h3>Notas Olfativas<\/h3>\n<p>&nbsp;<\/p>\n<p><span>El perfume\u00a0<span dir=\"ltr\" lang=\"pt-BR\">Mawwal Symphony Saz\u00a0<\/span>es una fragancia de la familia olfativa<\/span><span>\u00a0<span dir=\"ltr\" lang=\"es-MX\">a<\/span><\/span><span><span dir=\"ltr\" lang=\"es-MX\">maderada especiada<\/span><\/span><span>\u00a0<\/span><span>para mujeres\u00a0<span dir=\"ltr\" lang=\"es-MX\">y hombres<\/span>.\u00a0<\/span><span>Con una concentraci\u00f3n del tipo Eau de Parfum, ofrece una duradera y alta intensidad arom\u00e1tica en la piel. Sus notas est\u00e1n compuestas por los siguientes ingredientes.<\/span><\/p>\n<ul class=\"elementor-icon-list-items\">\n<li class=\"elementor-icon-list-item\"><span class=\"elementor-icon-list-text\"><span><strong>Notas de salida:<\/strong> pomelo, bergamota, pimienta rosa, grosella negra, pi\u00f1a, nuez moscada y clavo.<\/span><\/span><\/li>\n<li class=\"elementor-icon-list-item\"><span class=\"elementor-icon-list-text\"><span><strong>Notas de coraz\u00f3n:<\/strong> Jengibre, Cidra, Canela, Cardamomo y Rosa.<\/span><\/span><\/li>\n<li class=\"elementor-icon-list-item\"><span class=\"elementor-icon-list-text\"><span><strong>Notas de fondo:<\/strong> pachul\u00ed, vetiver, musgo de roble, ambroxan, almizcle, haba tonka y s\u00e1ndalo.<\/span><\/span><\/li>\n<\/ul>\n","protected":false},"excerpt":{"rendered":"<p>SYMPHONY SAZ El elegante frasco, \u00abSaz\u00bb, susurraba melod\u00edas, evocando el alma de melod\u00edas olvidadas. Sin embargo, la fragancia que emanaba<\/p>\n","protected":false},"featured_media":87455,"comment_status":"open","ping_status":"closed","template":"","meta":{"nf_dc_page":""},"product_brand":[2001],"product_cat":[84],"product_tag":[3264],"class_list":{"0":"post-87454","1":"product","2":"type-product","3":"status-publish","4":"has-post-thumbnail","6":"product_brand-mawwal","7":"product_cat-perfumeria","8":"product_tag-3264","10":"first","11":"instock","12":"shipping-taxable","13":"purchasable","14":"product-type-simple"},"_links":{"self":[{"href":"https:\/\/brandss.com.py\/index\/wp-json\/wp\/v2\/product\/87454","targetHints":{"allow":["GET"]}}],"collection":[{"href":"https:\/\/brandss.com.py\/index\/wp-json\/wp\/v2\/product"}],"about":[{"href":"https:\/\/brandss.com.py\/index\/wp-json\/wp\/v2\/types\/product"}],"replies":[{"embeddable":true,"href":"https:\/\/brandss.com.py\/index\/wp-json\/wp\/v2\/comments?post=87454"}],"version-history":[{"count":1,"href":"https:\/\/brandss.com.py\/index\/wp-json\/wp\/v2\/product\/87454\/revisions"}],"predecessor-version":[{"id":87460,"href":"https:\/\/brandss.com.py\/index\/wp-json\/wp\/v2\/product\/87454\/revisions\/87460"}],"wp:featuredmedia":[{"embeddable":true,"href":"https:\/\/brandss.com.py\/index\/wp-json\/wp\/v2\/media\/87455"}],"wp:attachment":[{"href":"https:\/\/brandss.com.py\/index\/wp-json\/wp\/v2\/media?parent=87454"}],"wp:term":[{"taxonomy":"product_brand","embeddable":true,"href":"https:\/\/brandss.com.py\/index\/wp-json\/wp\/v2\/product_brand?post=87454"},{"taxonomy":"product_cat","embeddable":true,"href":"https:\/\/brandss.com.py\/index\/wp-json\/wp\/v2\/product_cat?post=87454"},{"taxonomy":"product_tag","embeddable":true,"href":"https:\/\/brandss.com.py\/index\/wp-json\/wp\/v2\/product_tag?post=87454"}],"curies":[{"name":"wp","href":"https:\/\/api.w.org\/{rel}","templated":true}]}}