{"id":87628,"date":"2025-08-05T13:22:57","date_gmt":"2025-08-05T13:22:57","guid":{"rendered":"https:\/\/brandss.com.py\/index\/?post_type=product&#038;p=87628"},"modified":"2026-03-17T11:05:09","modified_gmt":"2026-03-17T11:05:09","slug":"perfume-unisex-lattafa-teriaq-edp-100ml","status":"publish","type":"product","link":"https:\/\/brandss.com.py\/index\/producto\/perfume-unisex-lattafa-teriaq-edp-100ml\/","title":{"rendered":"PERFUME UNISEX LATTAFA TERIAQ EDP 100ML"},"content":{"rendered":"<p><img loading=\"lazy\" decoding=\"async\" class=\"\" src=\"https:\/\/myscentjourney.s3.us-east-2.amazonaws.com\/2022\/02\/14\/29KIascent_j_marca_1644871114_202.png\" alt=\"MSJ::LATTAFA\" width=\"68\" height=\"81\" \/><\/p>\n<h1>TERIAQ<\/h1>\n<p>Una fragancia oriental que se caracteriza por ser dulce, c\u00e1lida y compleja, ideal para climas fr\u00edos o noches especiales. Lattafa Teriaq es una fragancia compleja que juega entre lo dulce, floral y amaderado, ideal para quienes buscan un perfume que evolucione de manera interesante en la piel. Se recomienda para ocasiones especiales, climas fr\u00edos y personas que disfrutan de fragancias orientales intensas. Su dulzura, combinada con la profundidad de la base, lo hace llamativo y memorable.<\/p>\n<p><img loading=\"lazy\" decoding=\"async\" class=\"alignleft\" src=\"https:\/\/www.atlanticoshop.com.py\/image\/catalog\/armaf\/lattafa%20teriaq%20desc-1%20esp.jpg\" width=\"415\" height=\"415\" \/><\/p>\n<h3>Notas Olfativas<\/h3>\n<p>&nbsp;<\/p>\n<p><span>Esta fragancia se abre con una intrigante combinaci\u00f3n de pimienta rosa picante, caramelo dulce, almendra amarga y la riqueza afrutada del albaricoque, creando una entrada c\u00e1lida y seductora. El coraz\u00f3n revela una delicada mezcla de miel, flores blancas, ruibarbo \u00e1cido y rosa rom\u00e1ntica, aportando un toque de dulzura y elegancia. Al asentarse, la base se profundiza con las c\u00e1lidas y sensuales notas de vainilla, cuero, l\u00e1dano, almizcle y vetiver terroso, dejando una estela rica y cautivadora. Perfecta para quienes disfrutan de un aroma floral complejo, dulce y con matices c\u00e1lidos, a cuero y almizclados. <\/span><\/p>\n<p><span>Teriaq\u00a0de\u00a0Lattafa Perfumes\u00a0es una fragancia de la familia olfativa para Hombres y Mujeres. Esta fragrancia es nueva.\u00a0Teriaq\u00a0se lanz\u00f3 en 2024. La Nariz detr\u00e1s de esta fragrancia es Quentin Bisch.\u00a0<\/span><\/p>\n<p>&nbsp;<\/p>\n<p><strong><span>Notas de salida:<\/span><\/strong><span>\u00a0pimienta rosa, caramelo, almendra amarga, albaricoque.<\/span><br \/>\n<strong><span>Notas de coraz\u00f3n:<\/span><\/strong><span>\u00a0miel, flores blancas, ruibarbo, rosa.<\/span><br \/>\n<strong><span>Notas de fondo:<\/span><\/strong><span>\u00a0vainilla, cuero, l\u00e1dano, almizcle, vetiver.<\/span><\/p>\n","protected":false},"excerpt":{"rendered":"<p>TERIAQ Una fragancia oriental que se caracteriza por ser dulce, c\u00e1lida y compleja, ideal para climas fr\u00edos o noches especiales.<\/p>\n","protected":false},"featured_media":87629,"comment_status":"open","ping_status":"closed","template":"","meta":{"nf_dc_page":""},"product_brand":[109],"product_cat":[84],"product_tag":[783],"class_list":{"0":"post-87628","1":"product","2":"type-product","3":"status-publish","4":"has-post-thumbnail","6":"product_brand-lattafa","7":"product_cat-perfumeria","8":"product_tag-783","10":"first","11":"instock","12":"sale","13":"shipping-taxable","14":"purchasable","15":"product-type-simple"},"_links":{"self":[{"href":"https:\/\/brandss.com.py\/index\/wp-json\/wp\/v2\/product\/87628","targetHints":{"allow":["GET"]}}],"collection":[{"href":"https:\/\/brandss.com.py\/index\/wp-json\/wp\/v2\/product"}],"about":[{"href":"https:\/\/brandss.com.py\/index\/wp-json\/wp\/v2\/types\/product"}],"replies":[{"embeddable":true,"href":"https:\/\/brandss.com.py\/index\/wp-json\/wp\/v2\/comments?post=87628"}],"version-history":[{"count":1,"href":"https:\/\/brandss.com.py\/index\/wp-json\/wp\/v2\/product\/87628\/revisions"}],"predecessor-version":[{"id":87635,"href":"https:\/\/brandss.com.py\/index\/wp-json\/wp\/v2\/product\/87628\/revisions\/87635"}],"wp:featuredmedia":[{"embeddable":true,"href":"https:\/\/brandss.com.py\/index\/wp-json\/wp\/v2\/media\/87629"}],"wp:attachment":[{"href":"https:\/\/brandss.com.py\/index\/wp-json\/wp\/v2\/media?parent=87628"}],"wp:term":[{"taxonomy":"product_brand","embeddable":true,"href":"https:\/\/brandss.com.py\/index\/wp-json\/wp\/v2\/product_brand?post=87628"},{"taxonomy":"product_cat","embeddable":true,"href":"https:\/\/brandss.com.py\/index\/wp-json\/wp\/v2\/product_cat?post=87628"},{"taxonomy":"product_tag","embeddable":true,"href":"https:\/\/brandss.com.py\/index\/wp-json\/wp\/v2\/product_tag?post=87628"}],"curies":[{"name":"wp","href":"https:\/\/api.w.org\/{rel}","templated":true}]}}