{"id":87636,"date":"2025-08-05T13:45:05","date_gmt":"2025-08-05T13:45:05","guid":{"rendered":"https:\/\/brandss.com.py\/index\/?post_type=product&#038;p=87636"},"modified":"2026-03-28T16:18:35","modified_gmt":"2026-03-28T16:18:35","slug":"perfume-unisex-lattafa-velvet-musk-edp-100ml","status":"publish","type":"product","link":"https:\/\/brandss.com.py\/index\/producto\/perfume-unisex-lattafa-velvet-musk-edp-100ml\/","title":{"rendered":"PERFUME UNISEX LATTAFA VELVET MUSK EDP 100ML"},"content":{"rendered":"<p><img loading=\"lazy\" decoding=\"async\" class=\"\" src=\"https:\/\/myscentjourney.s3.us-east-2.amazonaws.com\/2022\/02\/14\/29KIascent_j_marca_1644871114_202.png\" alt=\"MSJ::LATTAFA\" width=\"77\" height=\"91\" \/><\/p>\n<h1>VELVET MUSK<\/h1>\n<p>Combina elegancia y comodidad en una mezcla suave y cautivadora.Velvet Musk es perfecto para aquellos que buscan un aroma sofisticado y cotidiano que encarna tanto el refinamiento como la comodidad.<\/p>\n<p><span>Lattafa Velvet Musk EDP es una fragancia sofisticada que evoca elegancia y serenidad. Elaborada con precisi\u00f3n, ofrece una experiencia olfativa \u00fanica que cautiva tanto a hombres como a mujeres.<\/span><\/p>\n<ul class=\"tickmark_blue\">\n<li><span>Elegante mezcla de almizcle blanco y t\u00e9 verde.<\/span><\/li>\n<li><span>Aroma fresco pero sutilmente misterioso.<\/span><\/li>\n<li><span>Perfecto tanto para ocasiones informales como formales.<\/span><\/li>\n<li><span>Perfil arom\u00e1tico duradero y atractivo.<\/span><\/li>\n<\/ul>\n<p><span>Experimenta la elegancia suave y et\u00e9rea que hace de Velvet Musk una opci\u00f3n excepcional. Esta fragancia no solo realza tu presencia, sino que tambi\u00e9n deja una huella imborrable dondequiera que vayas.<\/span><\/p>\n<p><img loading=\"lazy\" decoding=\"async\" class=\"alignleft\" src=\"https:\/\/www.intenseoud.com\/cdn\/shop\/files\/4_c49ce021-531e-4e6a-a58f-0ae37ee60eb3.jpg?v=1739039326\" width=\"596\" height=\"596\" \/><\/p>\n<h3>Notas Olfativas<\/h3>\n<p>&nbsp;<\/p>\n<p><span>Esta fragancia se abre con la suave y et\u00e9rea elegancia del almizcle blanco y el t\u00e9 verde, creando una entrada limpia y delicada. El coraz\u00f3n aporta una c\u00e1lida y cremosa mezcla de vainilla y el toque floral y polvoriento del iris, a\u00f1adiendo una capa de refinamiento y dulzura. En la base, el \u00e1mbar intenso, la cumarina dulce y la madera de cedro se combinan para formar una base profunda y reconfortante que perdura. Perfecta para quienes buscan una fragancia sofisticada pero suave con una armoniosa combinaci\u00f3n de elementos almizclados, dulces y amaderados.<\/span><\/p>\n<p><strong><span>Notas de salida:<\/span><\/strong><span>\u00a0almizcle blanco, t\u00e9 negro.<br \/>\n<\/span><br \/>\n<strong><span>Notas de coraz\u00f3n:<\/span><\/strong><span>\u00a0vainilla, iris.<br \/>\n<\/span><br \/>\n<strong><span>Notas de fondo:<\/span><\/strong><span>\u00a0\u00e1mbar, cumarina, madera de cedro.<\/span><\/p>\n","protected":false},"excerpt":{"rendered":"<p>VELVET MUSK Combina elegancia y comodidad en una mezcla suave y cautivadora.Velvet Musk es perfecto para aquellos que buscan un<\/p>\n","protected":false},"featured_media":87637,"comment_status":"open","ping_status":"closed","template":"","meta":{"nf_dc_page":""},"product_brand":[109],"product_cat":[84],"product_tag":[695],"class_list":{"0":"post-87636","1":"product","2":"type-product","3":"status-publish","4":"has-post-thumbnail","6":"product_brand-lattafa","7":"product_cat-perfumeria","8":"product_tag-695","10":"first","11":"outofstock","12":"shipping-taxable","13":"purchasable","14":"product-type-simple"},"_links":{"self":[{"href":"https:\/\/brandss.com.py\/index\/wp-json\/wp\/v2\/product\/87636","targetHints":{"allow":["GET"]}}],"collection":[{"href":"https:\/\/brandss.com.py\/index\/wp-json\/wp\/v2\/product"}],"about":[{"href":"https:\/\/brandss.com.py\/index\/wp-json\/wp\/v2\/types\/product"}],"replies":[{"embeddable":true,"href":"https:\/\/brandss.com.py\/index\/wp-json\/wp\/v2\/comments?post=87636"}],"version-history":[{"count":1,"href":"https:\/\/brandss.com.py\/index\/wp-json\/wp\/v2\/product\/87636\/revisions"}],"predecessor-version":[{"id":87641,"href":"https:\/\/brandss.com.py\/index\/wp-json\/wp\/v2\/product\/87636\/revisions\/87641"}],"wp:featuredmedia":[{"embeddable":true,"href":"https:\/\/brandss.com.py\/index\/wp-json\/wp\/v2\/media\/87637"}],"wp:attachment":[{"href":"https:\/\/brandss.com.py\/index\/wp-json\/wp\/v2\/media?parent=87636"}],"wp:term":[{"taxonomy":"product_brand","embeddable":true,"href":"https:\/\/brandss.com.py\/index\/wp-json\/wp\/v2\/product_brand?post=87636"},{"taxonomy":"product_cat","embeddable":true,"href":"https:\/\/brandss.com.py\/index\/wp-json\/wp\/v2\/product_cat?post=87636"},{"taxonomy":"product_tag","embeddable":true,"href":"https:\/\/brandss.com.py\/index\/wp-json\/wp\/v2\/product_tag?post=87636"}],"curies":[{"name":"wp","href":"https:\/\/api.w.org\/{rel}","templated":true}]}}