{"id":87649,"date":"2025-08-05T16:41:57","date_gmt":"2025-08-05T16:41:57","guid":{"rendered":"https:\/\/brandss.com.py\/index\/?post_type=product&#038;p=87649"},"modified":"2026-02-13T10:58:51","modified_gmt":"2026-02-13T10:58:51","slug":"perfume-masculino-lattafa-habik-edp-100ml","status":"publish","type":"product","link":"https:\/\/brandss.com.py\/index\/producto\/perfume-masculino-lattafa-habik-edp-100ml\/","title":{"rendered":"PERFUME MASCULINO LATTAFA HABIK EDP 100ML"},"content":{"rendered":"<p><img loading=\"lazy\" decoding=\"async\" class=\"\" src=\"https:\/\/myscentjourney.s3.us-east-2.amazonaws.com\/2022\/02\/14\/29KIascent_j_marca_1644871114_202.png\" alt=\"MSJ::LATTAFA\" width=\"92\" height=\"109\" \/><\/p>\n<h1>HABIK<\/h1>\n<p>Es una fragancia masculina que encarna el poder, la sofisticaci\u00f3n con un giro oriental irresistiblemente moderno. Este perfume est\u00e1 dise\u00f1ado para el hombre seguro de s\u00ed mismo, que deja huella con elegancia, y determinaci\u00f3n all\u00e1 donde va.<\/p>\n<p><img loading=\"lazy\" decoding=\"async\" class=\"alignleft\" src=\"https:\/\/www.intenseoud.com\/cdn\/shop\/files\/3_532d893f-9baa-4247-9b29-38469d1bc9ac.jpg?v=1752272695\" width=\"602\" height=\"602\" \/><\/p>\n<h3>Notas Olfativas<\/h3>\n<p>&nbsp;<\/p>\n<p data-start=\"0\" data-end=\"488\"><span>Habik for Men ofrece una experiencia arom\u00e1tica impactante que se abre con una vibrante y especiada mezcla de cardamomo, pimienta, bergamota y artemisia, creando una entrada arom\u00e1tica y vigorizante, a la vez intensa y refinada. <\/span><\/p>\n<p data-start=\"0\" data-end=\"488\"><span>El coraz\u00f3n se despliega con una c\u00e1lida fusi\u00f3n de lavanda, canela y salvia, que aporta profundidad, frescura y un toque de especias reconfortantes.<\/span><\/p>\n<p data-start=\"0\" data-end=\"488\"><span>En la base, una rica capa de haba tonka, madera de \u00e1mbar, almizcle, pachul\u00ed y s\u00e1ndalo proporciona un final suave y amaderado con una c\u00e1lida cremosidad adictiva. Perfecta para quienes aprecian una fragancia moderna, especiada y amaderada con carisma, profundidad y sofisticaci\u00f3n duradera.<\/span><\/p>\n<p data-start=\"0\" data-end=\"488\">\n<p data-start=\"0\" data-end=\"488\">\n<p data-start=\"0\" data-end=\"488\">\n<p data-start=\"0\" data-end=\"488\"><strong><span>Notas de salida:<\/span><\/strong><span>\u00a0cardamomo, pimienta, bergamota, artemisia.<\/span><br \/>\n<strong><span>Notas de coraz\u00f3n:<\/span><\/strong><span>\u00a0lavanda, canela, salvia.<\/span><br \/>\n<strong><span>Notas de fondo:<\/span><\/strong><span>\u00a0haba tonka, \u00e1mbar, almizcle, pachul\u00ed, s\u00e1ndalo.<\/span><\/p>\n","protected":false},"excerpt":{"rendered":"<p>HABIK Es una fragancia masculina que encarna el poder, la sofisticaci\u00f3n con un giro oriental irresistiblemente moderno. Este perfume est\u00e1<\/p>\n","protected":false},"featured_media":87650,"comment_status":"open","ping_status":"closed","template":"","meta":{"nf_dc_page":""},"product_brand":[109],"product_cat":[84],"product_tag":[642],"class_list":{"0":"post-87649","1":"product","2":"type-product","3":"status-publish","4":"has-post-thumbnail","6":"product_brand-lattafa","7":"product_cat-perfumeria","8":"product_tag-642","10":"first","11":"instock","12":"shipping-taxable","13":"purchasable","14":"product-type-simple"},"_links":{"self":[{"href":"https:\/\/brandss.com.py\/index\/wp-json\/wp\/v2\/product\/87649","targetHints":{"allow":["GET"]}}],"collection":[{"href":"https:\/\/brandss.com.py\/index\/wp-json\/wp\/v2\/product"}],"about":[{"href":"https:\/\/brandss.com.py\/index\/wp-json\/wp\/v2\/types\/product"}],"replies":[{"embeddable":true,"href":"https:\/\/brandss.com.py\/index\/wp-json\/wp\/v2\/comments?post=87649"}],"version-history":[{"count":1,"href":"https:\/\/brandss.com.py\/index\/wp-json\/wp\/v2\/product\/87649\/revisions"}],"predecessor-version":[{"id":87654,"href":"https:\/\/brandss.com.py\/index\/wp-json\/wp\/v2\/product\/87649\/revisions\/87654"}],"wp:featuredmedia":[{"embeddable":true,"href":"https:\/\/brandss.com.py\/index\/wp-json\/wp\/v2\/media\/87650"}],"wp:attachment":[{"href":"https:\/\/brandss.com.py\/index\/wp-json\/wp\/v2\/media?parent=87649"}],"wp:term":[{"taxonomy":"product_brand","embeddable":true,"href":"https:\/\/brandss.com.py\/index\/wp-json\/wp\/v2\/product_brand?post=87649"},{"taxonomy":"product_cat","embeddable":true,"href":"https:\/\/brandss.com.py\/index\/wp-json\/wp\/v2\/product_cat?post=87649"},{"taxonomy":"product_tag","embeddable":true,"href":"https:\/\/brandss.com.py\/index\/wp-json\/wp\/v2\/product_tag?post=87649"}],"curies":[{"name":"wp","href":"https:\/\/api.w.org\/{rel}","templated":true}]}}