{"id":87676,"date":"2025-08-05T19:18:13","date_gmt":"2025-08-05T19:18:13","guid":{"rendered":"https:\/\/brandss.com.py\/index\/?post_type=product&#038;p=87676"},"modified":"2026-04-22T17:26:13","modified_gmt":"2026-04-22T17:26:13","slug":"perfume-unisex-lattafa-fakhar-platinum-edp-100ml","status":"publish","type":"product","link":"https:\/\/brandss.com.py\/index\/producto\/perfume-unisex-lattafa-fakhar-platinum-edp-100ml\/","title":{"rendered":"PERFUME UNISEX LATTAFA FAKHAR PLATINUM EDP 100ML"},"content":{"rendered":"<p><img loading=\"lazy\" decoding=\"async\" class=\"\" src=\"https:\/\/myscentjourney.s3.us-east-2.amazonaws.com\/2022\/02\/14\/29KIascent_j_marca_1644871114_202.png\" alt=\"MSJ::LATTAFA\" width=\"82\" height=\"97\" \/><\/p>\n<h1>FAKHAR PLATINUM<\/h1>\n<p><span>Descubra la sofisticaci\u00f3n y la modernidad de\u00a0<\/span>Fakhar Platinum<span>, una fragancia exclusiva de Lattafa, reconocida mundialmente por su maestr\u00eda en perfumes orientales de alta calidad. Este perfume unisex fue creado para quienes buscan una presencia impactante, elegancia y originalidad en cada detalle.<\/span><\/p>\n<p>Una fragancia audaz y moderna. Cautivadora y refinada, perfecta para quienes imponen presencia con sutil poder.<\/p>\n<p><img loading=\"lazy\" decoding=\"async\" class=\"alignleft\" src=\"https:\/\/m.media-amazon.com\/images\/I\/91e-KtH1MhL._SL1500_.jpg\" width=\"470\" height=\"470\" \/><\/p>\n<h3>Notas Olfativas<\/h3>\n<p>&nbsp;<\/p>\n<p data-start=\"0\" data-end=\"409\">Fakhar Platin de Lattafa Perfumes es una fragancia contempor\u00e1nea que equilibra frescura vibrante con profundidad especiada y maderas envolventes. Lanzada en 2025, esta propuesta unisex de la familia olfativa Arom\u00e1tica Foug\u00e8re abre con una explosi\u00f3n energ\u00e9tica de bergamota, cardamomo y pimienta rosa, brindando un inicio chispeante y sofisticado que despierta los sentidos con un toque moderno y refinado.<\/p>\n<p data-start=\"411\" data-end=\"857\" data-is-last-node=\"\" data-is-only-node=\"\">En su coraz\u00f3n, la mezcla de guayaba, jengibre y lavanda crea un contraste arm\u00f3nico entre lo afrutado, lo especiado y lo floral, aportando dinamismo y elegancia. Finalmente, el fondo se asienta con notas c\u00e1lidas y m\u00edsticas de s\u00e1ndalo, palo santo e incienso, dejando una estela serena, intensa y con car\u00e1cter. Fakhar Platin es una fragancia vers\u00e1til y magn\u00e9tica, ideal para quienes buscan una identidad olfativa distintiva y segura de s\u00ed misma.<\/p>\n<p data-start=\"411\" data-end=\"857\" data-is-last-node=\"\" data-is-only-node=\"\">\n<div class=\"notesfinal\">\n<p><strong><span>Notas de salida: <\/span><\/strong><span>bergamota, pimienta rosa, cardamomo.<\/span><\/p>\n<\/div>\n<div class=\"notesfinal\">\n<p><strong><span>Notas de coraz\u00f3n: <\/span><\/strong><span>jengibre, lavanda, guayaba.<\/span><\/p>\n<\/div>\n<div class=\"notesfinal\">\n<p><strong><span>Notas de fondo: <\/span><\/strong><span>Palo Santo, Incienso, S\u00e1ndalo.<\/span><\/p>\n<\/div>\n","protected":false},"excerpt":{"rendered":"<p>FAKHAR PLATINUM Descubra la sofisticaci\u00f3n y la modernidad de\u00a0Fakhar Platinum, una fragancia exclusiva de Lattafa, reconocida mundialmente por su maestr\u00eda<\/p>\n","protected":false},"featured_media":87677,"comment_status":"open","ping_status":"closed","template":"","meta":{"nf_dc_page":""},"product_brand":[109],"product_cat":[84],"product_tag":[639],"class_list":{"0":"post-87676","1":"product","2":"type-product","3":"status-publish","4":"has-post-thumbnail","6":"product_brand-lattafa","7":"product_cat-perfumeria","8":"product_tag-639","10":"first","11":"instock","12":"sale","13":"shipping-taxable","14":"purchasable","15":"product-type-simple"},"_links":{"self":[{"href":"https:\/\/brandss.com.py\/index\/wp-json\/wp\/v2\/product\/87676","targetHints":{"allow":["GET"]}}],"collection":[{"href":"https:\/\/brandss.com.py\/index\/wp-json\/wp\/v2\/product"}],"about":[{"href":"https:\/\/brandss.com.py\/index\/wp-json\/wp\/v2\/types\/product"}],"replies":[{"embeddable":true,"href":"https:\/\/brandss.com.py\/index\/wp-json\/wp\/v2\/comments?post=87676"}],"version-history":[{"count":1,"href":"https:\/\/brandss.com.py\/index\/wp-json\/wp\/v2\/product\/87676\/revisions"}],"predecessor-version":[{"id":87682,"href":"https:\/\/brandss.com.py\/index\/wp-json\/wp\/v2\/product\/87676\/revisions\/87682"}],"wp:featuredmedia":[{"embeddable":true,"href":"https:\/\/brandss.com.py\/index\/wp-json\/wp\/v2\/media\/87677"}],"wp:attachment":[{"href":"https:\/\/brandss.com.py\/index\/wp-json\/wp\/v2\/media?parent=87676"}],"wp:term":[{"taxonomy":"product_brand","embeddable":true,"href":"https:\/\/brandss.com.py\/index\/wp-json\/wp\/v2\/product_brand?post=87676"},{"taxonomy":"product_cat","embeddable":true,"href":"https:\/\/brandss.com.py\/index\/wp-json\/wp\/v2\/product_cat?post=87676"},{"taxonomy":"product_tag","embeddable":true,"href":"https:\/\/brandss.com.py\/index\/wp-json\/wp\/v2\/product_tag?post=87676"}],"curies":[{"name":"wp","href":"https:\/\/api.w.org\/{rel}","templated":true}]}}