{"id":87683,"date":"2025-08-06T11:21:19","date_gmt":"2025-08-06T11:21:19","guid":{"rendered":"https:\/\/brandss.com.py\/index\/?post_type=product&#038;p=87683"},"modified":"2026-03-25T16:09:24","modified_gmt":"2026-03-25T16:09:24","slug":"bruma-corporal-femenino-lattafa-yara-rosa-250ml","status":"publish","type":"product","link":"https:\/\/brandss.com.py\/index\/producto\/bruma-corporal-femenino-lattafa-yara-rosa-250ml\/","title":{"rendered":"BRUMA CORPORAL FEMENINO LATTAFA YARA ROSA 250ML"},"content":{"rendered":"<p><img loading=\"lazy\" decoding=\"async\" class=\"\" src=\"https:\/\/myscentjourney.s3.us-east-2.amazonaws.com\/2022\/02\/14\/29KIascent_j_marca_1644871114_202.png\" alt=\"MSJ::LATTAFA\" width=\"64\" height=\"76\" \/><\/p>\n<h3>YARA ROSA<\/h3>\n<p data-start=\"113\" data-end=\"188\"><span class=\"relative -mx-px my-[-0.2rem] rounded px-px py-[0.2rem] transition-colors duration-100 ease-in-out\">Es una fragancia avainillada, dulce, afrutada y oriental, dise\u00f1ada para mujeres que aman los florales gourmet con un cremoso toque tropical. Ideal para el d\u00eda a d\u00eda o para veladas especiales, ofrece una experiencia arom\u00e1tica suave pero cautivadora.<\/span><\/p>\n<h3 data-start=\"190\" data-end=\"210\"><strong data-start=\"190\" data-end=\"210\">Notas Olfativas<\/strong><\/h3>\n<p>&nbsp;<\/p>\n<p data-start=\"190\" data-end=\"210\"><span class=\"relative -mx-px my-[-0.2rem] rounded px-px py-[0.2rem] transition-colors duration-100 ease-in-out\">Lanzada en 2020, Yara se abre con una fresca mezcla floral-c\u00edtrica y evoluciona hacia un coraz\u00f3n jugoso y gourmand. Se seca en una reconfortante base de vainilla, suave almizcle y c\u00e1lido s\u00e1ndalo, creando una fragancia alegre y elegante a la vez.<\/span><\/p>\n<ul data-start=\"212\" data-end=\"451\">\n<li data-start=\"212\" data-end=\"291\">\n<p data-start=\"214\" data-end=\"291\"><span class=\"relative -mx-px my-[-0.2rem] rounded px-px py-[0.2rem] transition-colors duration-100 ease-in-out\"><strong data-start=\"0\" data-end=\"14\" data-is-only-node=\"\">Notas de salida:<\/strong> orqu\u00eddea, heliotropo, mandarina.<\/span><\/p>\n<\/li>\n<li data-start=\"292\" data-end=\"371\">\n<p data-start=\"294\" data-end=\"371\"><span class=\"relative -mx-px my-[-0.2rem] rounded px-px py-[0.2rem] transition-colors duration-100 ease-in-out\"><strong data-start=\"0\" data-end=\"16\" data-is-only-node=\"\">Notas de coraz\u00f3n:<\/strong> Acorde gourmand, frutas tropicales<\/span>.<\/p>\n<\/li>\n<li data-start=\"372\" data-end=\"451\">\n<p data-start=\"374\" data-end=\"451\"><span class=\"relative -mx-px my-[-0.2rem] rounded px-px py-[0.2rem] transition-colors duration-100 ease-in-out\"><strong data-start=\"0\" data-end=\"15\" data-is-only-node=\"\">Notas de fondo:<\/strong> vainilla, almizcle, s\u00e1ndalo.<\/span><\/p>\n<\/li>\n<\/ul>\n","protected":false},"excerpt":{"rendered":"<p>YARA ROSA Es una fragancia avainillada, dulce, afrutada y oriental, dise\u00f1ada para mujeres que aman los florales gourmet con un<\/p>\n","protected":false},"featured_media":87684,"comment_status":"open","ping_status":"closed","template":"","meta":{"nf_dc_page":""},"product_brand":[109],"product_cat":[84],"product_tag":[1522],"class_list":{"0":"post-87683","1":"product","2":"type-product","3":"status-publish","4":"has-post-thumbnail","6":"product_brand-lattafa","7":"product_cat-perfumeria","8":"product_tag-1522","10":"first","11":"instock","12":"shipping-taxable","13":"purchasable","14":"product-type-simple"},"_links":{"self":[{"href":"https:\/\/brandss.com.py\/index\/wp-json\/wp\/v2\/product\/87683","targetHints":{"allow":["GET"]}}],"collection":[{"href":"https:\/\/brandss.com.py\/index\/wp-json\/wp\/v2\/product"}],"about":[{"href":"https:\/\/brandss.com.py\/index\/wp-json\/wp\/v2\/types\/product"}],"replies":[{"embeddable":true,"href":"https:\/\/brandss.com.py\/index\/wp-json\/wp\/v2\/comments?post=87683"}],"version-history":[{"count":2,"href":"https:\/\/brandss.com.py\/index\/wp-json\/wp\/v2\/product\/87683\/revisions"}],"predecessor-version":[{"id":87689,"href":"https:\/\/brandss.com.py\/index\/wp-json\/wp\/v2\/product\/87683\/revisions\/87689"}],"wp:featuredmedia":[{"embeddable":true,"href":"https:\/\/brandss.com.py\/index\/wp-json\/wp\/v2\/media\/87684"}],"wp:attachment":[{"href":"https:\/\/brandss.com.py\/index\/wp-json\/wp\/v2\/media?parent=87683"}],"wp:term":[{"taxonomy":"product_brand","embeddable":true,"href":"https:\/\/brandss.com.py\/index\/wp-json\/wp\/v2\/product_brand?post=87683"},{"taxonomy":"product_cat","embeddable":true,"href":"https:\/\/brandss.com.py\/index\/wp-json\/wp\/v2\/product_cat?post=87683"},{"taxonomy":"product_tag","embeddable":true,"href":"https:\/\/brandss.com.py\/index\/wp-json\/wp\/v2\/product_tag?post=87683"}],"curies":[{"name":"wp","href":"https:\/\/api.w.org\/{rel}","templated":true}]}}