{"id":87727,"date":"2025-08-06T14:29:07","date_gmt":"2025-08-06T14:29:07","guid":{"rendered":"https:\/\/brandss.com.py\/index\/?post_type=product&#038;p=87727"},"modified":"2026-03-17T13:50:48","modified_gmt":"2026-03-17T13:50:48","slug":"bruma-corporal-femenino-lattafa-angham-250ml","status":"publish","type":"product","link":"https:\/\/brandss.com.py\/index\/producto\/bruma-corporal-femenino-lattafa-angham-250ml\/","title":{"rendered":"BRUMA CORPORAL FEMENINO LATTAFA ANGHAM 250ML"},"content":{"rendered":"<p><img loading=\"lazy\" decoding=\"async\" class=\"\" src=\"https:\/\/myscentjourney.s3.us-east-2.amazonaws.com\/2022\/02\/14\/29KIascent_j_marca_1644871114_202.png\" alt=\"MSJ::LATTAFA\" width=\"100\" height=\"119\" \/><\/p>\n<h1>ANGHAM<\/h1>\n<p><span>Es una fragancia oriental avainillada, creada tanto para hombres como para mujeres que buscan una combinaci\u00f3n equilibrada de frescura picante y calidez sutil. Es vers\u00e1til para el d\u00eda, pero tambi\u00e9n intensa y acogedora para la noche, ofreciendo un aroma seductor y sensual.<\/span><\/p>\n<p><strong><span>Notas Olfativas<\/span><\/strong><\/p>\n<p>Esta fragancia se abre con un\u00a0tr\u00edo c\u00edtrico y especiado\u00a0\u2014jengibre, mandarina y pimienta rosa\u2014 que le da un comienzo en\u00e9rgico y seguro. Luego, se transforma en un\u00a0cremoso coraz\u00f3n floral y gourmand, con pralin\u00e9 y cacao, suavizados por la relajante lavanda y el jazm\u00edn. El fondo es\u00a0c\u00e1lido y aterciopelado, con vainilla, \u00e1mbar y almizcle que crean un final suave y duradero que se siente como una lujosa segunda piel.<\/p>\n<ul>\n<li><strong><span>Notas de salida:<\/span><\/strong><span> jengibre, mandarina, pimienta rosa.<\/span><\/li>\n<li><strong><span>Notas de coraz\u00f3n:<\/span><\/strong><span> Lavanda, pralin\u00e9, cacao, jazm\u00edn.<\/span><\/li>\n<li><strong><span>Notas de fondo:<\/span><\/strong><span> vainilla, \u00e1mbar, almizcle.<\/span><\/li>\n<\/ul>\n","protected":false},"excerpt":{"rendered":"<p>ANGHAM Es una fragancia oriental avainillada, creada tanto para hombres como para mujeres que buscan una combinaci\u00f3n equilibrada de frescura<\/p>\n","protected":false},"featured_media":87728,"comment_status":"open","ping_status":"closed","template":"","meta":{"nf_dc_page":""},"product_brand":[109],"product_cat":[84],"product_tag":[893],"class_list":{"0":"post-87727","1":"product","2":"type-product","3":"status-publish","4":"has-post-thumbnail","6":"product_brand-lattafa","7":"product_cat-perfumeria","8":"product_tag-893","10":"first","11":"instock","12":"shipping-taxable","13":"purchasable","14":"product-type-simple"},"_links":{"self":[{"href":"https:\/\/brandss.com.py\/index\/wp-json\/wp\/v2\/product\/87727","targetHints":{"allow":["GET"]}}],"collection":[{"href":"https:\/\/brandss.com.py\/index\/wp-json\/wp\/v2\/product"}],"about":[{"href":"https:\/\/brandss.com.py\/index\/wp-json\/wp\/v2\/types\/product"}],"replies":[{"embeddable":true,"href":"https:\/\/brandss.com.py\/index\/wp-json\/wp\/v2\/comments?post=87727"}],"version-history":[{"count":1,"href":"https:\/\/brandss.com.py\/index\/wp-json\/wp\/v2\/product\/87727\/revisions"}],"predecessor-version":[{"id":87734,"href":"https:\/\/brandss.com.py\/index\/wp-json\/wp\/v2\/product\/87727\/revisions\/87734"}],"wp:featuredmedia":[{"embeddable":true,"href":"https:\/\/brandss.com.py\/index\/wp-json\/wp\/v2\/media\/87728"}],"wp:attachment":[{"href":"https:\/\/brandss.com.py\/index\/wp-json\/wp\/v2\/media?parent=87727"}],"wp:term":[{"taxonomy":"product_brand","embeddable":true,"href":"https:\/\/brandss.com.py\/index\/wp-json\/wp\/v2\/product_brand?post=87727"},{"taxonomy":"product_cat","embeddable":true,"href":"https:\/\/brandss.com.py\/index\/wp-json\/wp\/v2\/product_cat?post=87727"},{"taxonomy":"product_tag","embeddable":true,"href":"https:\/\/brandss.com.py\/index\/wp-json\/wp\/v2\/product_tag?post=87727"}],"curies":[{"name":"wp","href":"https:\/\/api.w.org\/{rel}","templated":true}]}}