{"id":87807,"date":"2025-08-08T12:04:47","date_gmt":"2025-08-08T12:04:47","guid":{"rendered":"https:\/\/brandss.com.py\/index\/?post_type=product&#038;p=87807"},"modified":"2026-03-17T16:59:24","modified_gmt":"2026-03-17T16:59:24","slug":"perfume-unisex-lattafa-hayaati-gold-elixir-edp-100ml","status":"publish","type":"product","link":"https:\/\/brandss.com.py\/index\/producto\/perfume-unisex-lattafa-hayaati-gold-elixir-edp-100ml\/","title":{"rendered":"PERFUME UNISEX LATTAFA HAYAATI GOLD ELIXIR EDP 100ML"},"content":{"rendered":"<p><img loading=\"lazy\" decoding=\"async\" class=\"\" src=\"https:\/\/myscentjourney.s3.us-east-2.amazonaws.com\/2022\/02\/14\/29KIascent_j_marca_1644871114_202.png\" alt=\"MSJ::LATTAFA\" width=\"120\" height=\"143\" \/><\/p>\n<h1>HAYAATI GOLD ELIXIR<\/h1>\n<p>Es una fragancia unisex que se presenta como un Eau de Parfum exquisito, lujoso y vers\u00e1til, dise\u00f1ada para hombres y mujeres que buscan una experiencia olfativa rica y envolvente.<\/p>\n<p><span>Emb\u00e1rcate en un viaje olfativo con el tesoro unisex, Hayaati Gold Elixir.<\/span><\/p>\n<ul class=\"tickmark_blue\">\n<li><span>Mezcla de fragancias unisex y vers\u00e1til.<\/span><\/li>\n<\/ul>\n<p><span>Con una armon\u00eda entre lo afrutado y lo terroso, Hayaati Gold Elixir cautiva con su singular equilibrio de calidez y frescura. Su elegante composici\u00f3n lo convierte en la opci\u00f3n perfecta para quienes buscan una fragancia que cuente una historia de sofisticaci\u00f3n y encanto.<\/span><\/p>\n<p><img loading=\"lazy\" decoding=\"async\" class=\"alignleft\" src=\"https:\/\/www.atlanticoshop.com.py\/image\/catalog\/armaf\/hayaati%20gold%20elixir%20desc%20esp-1.jpg\" width=\"613\" height=\"613\" \/><\/p>\n<h3>Notas Olfativas<\/h3>\n<p>&nbsp;<\/p>\n<p>Hayaati Gold Elixir de Lattafa Perfumes es una fragancia de la familia olfativa para Hombres y Mujeres.es un perfume que ha conquistado a hombres y mujeres por igual. Con una Familia Olfativa AMBAR, este exquisito aroma es perfecto para las estaciones de oto\u00f1o e invierno.<\/p>\n<p>Desde su apertura, el\u00a0Hayaati Gold Elixir\u00a0te transporta a un mundo de sensualidad oriental a trav\u00e9s de una mezcla \u00fanica de notas afrutadas y especiadas que logran captar la atenci\u00f3n de inmediato. La fragancia inicia con una explosi\u00f3n de\u00a0frutas ex\u00f3ticas, cuyas notas dulces y jugosas aportan una vibrante frescura.<\/p>\n<p>El coraz\u00f3n de la fragancia se desarrolla con una compleja combinaci\u00f3n de\u00a0florales\u00a0y\u00a0especias orientales\u00a0que a\u00f1aden una capa de calidez y profundidad. Las flores aportan un toque delicado y elegante, mientras que las especias ex\u00f3ticas intensifican el car\u00e1cter sensual y misterioso de la fragancia, haci\u00e9ndola adecuada tanto para el d\u00eda como para la noche. Este contraste entre lo dulce y lo especiado crea una experiencia equilibrada y perfectamente armonizada.<\/p>\n<p>La base de\u00a0Lattafa Hayaati Gold Elixir\u00a0es rica en\u00a0\u00e1mbar,\u00a0maderas preciosas\u00a0y\u00a0vainilla, proporcionando una sensaci\u00f3n cremosa y ligeramente dulce que perdura en la piel. Esta combinaci\u00f3n crea una estela c\u00e1lida, envolvente y reconfortante que deja una huella inolvidable. Ideal para aquellos que disfrutan de fragancias opulentas y duraderas,\u00a0Hayaati Gold Elixir\u00a0es perfecta para las noches frescas o los eventos formales donde deseas proyectar sofisticaci\u00f3n y magnetismo.<\/p>\n<p><strong>Notas de salida:<\/strong> bergamota, toronja (pomelo) y casis (grosellero negro).<br \/>\n<strong>Notas de coraz\u00f3n:<\/strong> cuero, durazno (melocot\u00f3n) y azafr\u00e1n.<br \/>\n<strong>Notas de\u00a0<\/strong><b>fondo: <\/b>vainilla, \u00e1mbar, almizcle y vetiver.<\/p>\n","protected":false},"excerpt":{"rendered":"<p>HAYAATI GOLD ELIXIR Es una fragancia unisex que se presenta como un Eau de Parfum exquisito, lujoso y vers\u00e1til, dise\u00f1ada<\/p>\n","protected":false},"featured_media":87808,"comment_status":"open","ping_status":"closed","template":"","meta":{"nf_dc_page":""},"product_brand":[109],"product_cat":[84],"product_tag":[646],"class_list":{"0":"post-87807","1":"product","2":"type-product","3":"status-publish","4":"has-post-thumbnail","6":"product_brand-lattafa","7":"product_cat-perfumeria","8":"product_tag-646","10":"first","11":"instock","12":"sale","13":"shipping-taxable","14":"purchasable","15":"product-type-simple"},"_links":{"self":[{"href":"https:\/\/brandss.com.py\/index\/wp-json\/wp\/v2\/product\/87807","targetHints":{"allow":["GET"]}}],"collection":[{"href":"https:\/\/brandss.com.py\/index\/wp-json\/wp\/v2\/product"}],"about":[{"href":"https:\/\/brandss.com.py\/index\/wp-json\/wp\/v2\/types\/product"}],"replies":[{"embeddable":true,"href":"https:\/\/brandss.com.py\/index\/wp-json\/wp\/v2\/comments?post=87807"}],"version-history":[{"count":1,"href":"https:\/\/brandss.com.py\/index\/wp-json\/wp\/v2\/product\/87807\/revisions"}],"predecessor-version":[{"id":87813,"href":"https:\/\/brandss.com.py\/index\/wp-json\/wp\/v2\/product\/87807\/revisions\/87813"}],"wp:featuredmedia":[{"embeddable":true,"href":"https:\/\/brandss.com.py\/index\/wp-json\/wp\/v2\/media\/87808"}],"wp:attachment":[{"href":"https:\/\/brandss.com.py\/index\/wp-json\/wp\/v2\/media?parent=87807"}],"wp:term":[{"taxonomy":"product_brand","embeddable":true,"href":"https:\/\/brandss.com.py\/index\/wp-json\/wp\/v2\/product_brand?post=87807"},{"taxonomy":"product_cat","embeddable":true,"href":"https:\/\/brandss.com.py\/index\/wp-json\/wp\/v2\/product_cat?post=87807"},{"taxonomy":"product_tag","embeddable":true,"href":"https:\/\/brandss.com.py\/index\/wp-json\/wp\/v2\/product_tag?post=87807"}],"curies":[{"name":"wp","href":"https:\/\/api.w.org\/{rel}","templated":true}]}}