{"id":87838,"date":"2025-08-08T14:47:02","date_gmt":"2025-08-08T14:47:02","guid":{"rendered":"https:\/\/brandss.com.py\/index\/?post_type=product&#038;p=87838"},"modified":"2026-03-17T17:05:49","modified_gmt":"2026-03-17T17:05:49","slug":"perfume-masculino-maison-alhambra-galatea-edp-100ml","status":"publish","type":"product","link":"https:\/\/brandss.com.py\/index\/producto\/perfume-masculino-maison-alhambra-galatea-edp-100ml\/","title":{"rendered":"PERFUME MASCULINO MAISON ALHAMBRA GALATEA EDP 100ML"},"content":{"rendered":"<p><img loading=\"lazy\" decoding=\"async\" class=\"\" src=\"https:\/\/perfumescorp.com\/cdn\/shop\/collections\/Maison_Alhambra.webp?v=1690164948\" alt=\"CASA ALHAMBRA \u2013 Perfumes Corp\" width=\"105\" height=\"105\" \/><\/p>\n<h1>GALATEA<\/h1>\n<p>D\u00e9jate llevar por el encanto atemporal de una fragancia a cuero que te transportar\u00e1 a un viaje sensorial oriental. Fusionando frutas, flores y especias, encarna fuerza y delicadeza, con matices herbales que le aportan profundidad. Presentada en un radiante frasco dorado, su dise\u00f1o es a la vez sobrio y elegante, esta fragancia personifica la esencia masculina tanto en aroma como en apariencia. Transforma tu rutina diaria de cuidado personal en un ritual de lujo con esta cautivadora fragancia. Ya sea un capricho para ti o un regalo especial para un ser querido, su encanto duradero y su aroma distintivo la convierten en un accesorio imprescindible para cualquier colecci\u00f3n exigente.<\/p>\n<p><img decoding=\"async\" class=\"alignleft\" src=\"https:\/\/http2.mlstatic.com\/D_NQ_NP_636683-MLC84711534059_052025-O.webp\" \/><\/p>\n<h3>Notas Olfativas<\/h3>\n<p>&nbsp;<\/p>\n<p><span>Galatea de Maison Alhambra\u00a0<\/span><span>\u00a0es una fragancia masculina de la familia del cuero. Este extraordinario perfume se abre con una explosi\u00f3n de vitalidad y frescura gracias a sus cautivadoras notas de salida. Las notas frutales capturan la jugosa esencia de la naturaleza, mientras que el azafr\u00e1n y el tomillo aportan un toque especiado y arom\u00e1tico. La yerba mate y el cipr\u00e9s aportan una sensaci\u00f3n vivaz y vigorosa, completando la composici\u00f3n con elegantes matices verdes. Esta fase inicial del perfume evoca la imagen de un exuberante jard\u00edn lleno de vida.<\/span><\/p>\n<p><span>En el coraz\u00f3n de la fragancia, se despliega un refinado bouquet floral. El jazm\u00edn aporta una nota de feminidad y sensualidad, la rosa aporta su elegancia cl\u00e1sica, mientras que el iris a\u00f1ade un toque ligeramente polvoriento y sofisticado. Esta armoniosa combinaci\u00f3n de notas de coraz\u00f3n crea una atm\u00f3sfera rom\u00e1ntica y envolvente.<\/span><\/p>\n<p><span>Finalmente, las notas de fondo aportan profundidad y persistencia al perfume. El cuero aporta un toque de fuerza y car\u00e1cter, el vetiver aporta una nota terrosa y amaderada, mientras que el \u00e1mbar y la madera de cedro aportan una calidez envolvente y encantadora. El almizcle y la vainilla completan la composici\u00f3n, dejando una estela c\u00e1lida y sensual.<\/span><\/p>\n<p>&nbsp;<\/p>\n<p><span><strong>Notas de salida:<\/strong> Notas frutales, azafr\u00e1n, tomillo, yerba mate, cipr\u00e9s, notas verdes.<\/span><\/p>\n<p><span><strong>Notas de coraz\u00f3n:<\/strong> Jazm\u00edn, Rosa, Iris.<\/span><\/p>\n<p><span><strong>Notas de fondo:<\/strong> Cuero, vetiver, \u00e1mbar, madera de cedro, almizcle, vainilla.<\/span><\/p>\n","protected":false},"excerpt":{"rendered":"<p>GALATEA D\u00e9jate llevar por el encanto atemporal de una fragancia a cuero que te transportar\u00e1 a un viaje sensorial oriental.<\/p>\n","protected":false},"featured_media":87840,"comment_status":"open","ping_status":"closed","template":"","meta":{"nf_dc_page":""},"product_brand":[107],"product_cat":[84],"product_tag":[709],"class_list":{"0":"post-87838","1":"product","2":"type-product","3":"status-publish","4":"has-post-thumbnail","6":"product_brand-maison-alhambra","7":"product_cat-perfumeria","8":"product_tag-709","10":"first","11":"instock","12":"shipping-taxable","13":"purchasable","14":"product-type-simple"},"_links":{"self":[{"href":"https:\/\/brandss.com.py\/index\/wp-json\/wp\/v2\/product\/87838","targetHints":{"allow":["GET"]}}],"collection":[{"href":"https:\/\/brandss.com.py\/index\/wp-json\/wp\/v2\/product"}],"about":[{"href":"https:\/\/brandss.com.py\/index\/wp-json\/wp\/v2\/types\/product"}],"replies":[{"embeddable":true,"href":"https:\/\/brandss.com.py\/index\/wp-json\/wp\/v2\/comments?post=87838"}],"version-history":[{"count":2,"href":"https:\/\/brandss.com.py\/index\/wp-json\/wp\/v2\/product\/87838\/revisions"}],"predecessor-version":[{"id":87846,"href":"https:\/\/brandss.com.py\/index\/wp-json\/wp\/v2\/product\/87838\/revisions\/87846"}],"wp:featuredmedia":[{"embeddable":true,"href":"https:\/\/brandss.com.py\/index\/wp-json\/wp\/v2\/media\/87840"}],"wp:attachment":[{"href":"https:\/\/brandss.com.py\/index\/wp-json\/wp\/v2\/media?parent=87838"}],"wp:term":[{"taxonomy":"product_brand","embeddable":true,"href":"https:\/\/brandss.com.py\/index\/wp-json\/wp\/v2\/product_brand?post=87838"},{"taxonomy":"product_cat","embeddable":true,"href":"https:\/\/brandss.com.py\/index\/wp-json\/wp\/v2\/product_cat?post=87838"},{"taxonomy":"product_tag","embeddable":true,"href":"https:\/\/brandss.com.py\/index\/wp-json\/wp\/v2\/product_tag?post=87838"}],"curies":[{"name":"wp","href":"https:\/\/api.w.org\/{rel}","templated":true}]}}