{"id":87884,"date":"2025-08-09T11:34:04","date_gmt":"2025-08-09T11:34:04","guid":{"rendered":"https:\/\/brandss.com.py\/index\/?post_type=product&#038;p=87884"},"modified":"2026-03-30T18:30:56","modified_gmt":"2026-03-30T18:30:56","slug":"perfume-femenino-camara-posh-de-arabie-edp-100ml","status":"publish","type":"product","link":"https:\/\/brandss.com.py\/index\/producto\/perfume-femenino-camara-posh-de-arabie-edp-100ml\/","title":{"rendered":"PERFUME FEMENINO CAMARA POSH DE ARABIE EDP 100ML"},"content":{"rendered":"<p><img loading=\"lazy\" decoding=\"async\" class=\"\" src=\"https:\/\/aunmasguapa.com\/cdn\/shop\/collections\/Captura_de_pantalla_2025-01-12_a_las_20.12.24.png?v=1736709579&amp;width=1500\" alt=\"A\u00fan M\u00e1s Guapa!\" width=\"83\" height=\"76\" \/><\/p>\n<h1>POSH DE ARABIE<\/h1>\n<p><span>Una fragancia que simboliza el romance, el amor, la belleza y la valent\u00eda. Un aroma inspirado en <\/span><span>las historias, culturas y tradiciones de Oriente Medio. Posh De Arabie es un Eau de Parfum que narra la historia <\/span><span>de amor a primera vista; un cari\u00f1o centrado en la belleza y pureza de las rosas \u00e1rabes en flor.<\/span><\/p>\n<p><img decoding=\"async\" class=\"alignleft\" src=\"https:\/\/m.media-amazon.com\/images\/I\/91hGfxfhxkL._AC_SX522_.jpg\" \/><\/p>\n<h3>Notas de Olfativas<\/h3>\n<p>&nbsp;<\/p>\n<p>Posh De Arabie es una fragancia oriental que combina romance y tradici\u00f3n. Destacan rosas \u00e1rabes, especias y notas dulces de caramelo y vainilla. Una combinaci\u00f3n rica y persistente que rezuma lujo y sofisticaci\u00f3n. Perfecto para quienes buscan una experiencia olfativa apasionada y aut\u00e9ntica.<\/p>\n<p><span><strong>Notas de salida:<\/strong> <\/span><span>Madera de agar.<\/span><\/p>\n<p><strong>Notas de coraz\u00f3n: <\/strong><span>Rosa b\u00falgara, rosa turca, incienso.<\/span><\/p>\n<p><strong>Notas de fondo: <\/strong><span>Pachul\u00ed, \u00c1mbar, Vainilla, Notas Amaderadas.<\/span><\/p>\n","protected":false},"excerpt":{"rendered":"<p>POSH DE ARABIE Una fragancia que simboliza el romance, el amor, la belleza y la valent\u00eda. Un aroma inspirado en<\/p>\n","protected":false},"featured_media":87885,"comment_status":"open","ping_status":"closed","template":"","meta":{"nf_dc_page":""},"product_brand":[1992],"product_cat":[84],"product_tag":[3323],"class_list":{"0":"post-87884","1":"product","2":"type-product","3":"status-publish","4":"has-post-thumbnail","6":"product_brand-camara","7":"product_cat-perfumeria","8":"product_tag-3323","10":"first","11":"instock","12":"sale","13":"shipping-taxable","14":"purchasable","15":"product-type-simple"},"_links":{"self":[{"href":"https:\/\/brandss.com.py\/index\/wp-json\/wp\/v2\/product\/87884","targetHints":{"allow":["GET"]}}],"collection":[{"href":"https:\/\/brandss.com.py\/index\/wp-json\/wp\/v2\/product"}],"about":[{"href":"https:\/\/brandss.com.py\/index\/wp-json\/wp\/v2\/types\/product"}],"replies":[{"embeddable":true,"href":"https:\/\/brandss.com.py\/index\/wp-json\/wp\/v2\/comments?post=87884"}],"version-history":[{"count":1,"href":"https:\/\/brandss.com.py\/index\/wp-json\/wp\/v2\/product\/87884\/revisions"}],"predecessor-version":[{"id":87889,"href":"https:\/\/brandss.com.py\/index\/wp-json\/wp\/v2\/product\/87884\/revisions\/87889"}],"wp:featuredmedia":[{"embeddable":true,"href":"https:\/\/brandss.com.py\/index\/wp-json\/wp\/v2\/media\/87885"}],"wp:attachment":[{"href":"https:\/\/brandss.com.py\/index\/wp-json\/wp\/v2\/media?parent=87884"}],"wp:term":[{"taxonomy":"product_brand","embeddable":true,"href":"https:\/\/brandss.com.py\/index\/wp-json\/wp\/v2\/product_brand?post=87884"},{"taxonomy":"product_cat","embeddable":true,"href":"https:\/\/brandss.com.py\/index\/wp-json\/wp\/v2\/product_cat?post=87884"},{"taxonomy":"product_tag","embeddable":true,"href":"https:\/\/brandss.com.py\/index\/wp-json\/wp\/v2\/product_tag?post=87884"}],"curies":[{"name":"wp","href":"https:\/\/api.w.org\/{rel}","templated":true}]}}