{"id":88103,"date":"2025-08-16T17:14:31","date_gmt":"2025-08-16T17:14:31","guid":{"rendered":"https:\/\/brandss.com.py\/index\/?post_type=product&#038;p=88103"},"modified":"2025-12-31T14:34:05","modified_gmt":"2025-12-31T14:34:05","slug":"perfume-femenino-hamidi-addicted-madame-edp-120ml","status":"publish","type":"product","link":"https:\/\/brandss.com.py\/index\/producto\/perfume-femenino-hamidi-addicted-madame-edp-120ml\/","title":{"rendered":"PERFUME FEMENINO HAMIDI ADDICTED MADAME PARFUM EDP 120ML"},"content":{"rendered":"<p><img loading=\"lazy\" decoding=\"async\" class=\"\" src=\"https:\/\/www.hamidi.us\/cdn\/shop\/files\/LOGO_2_HAMIDI_PNG.png?v=1739567192\" alt=\"HAMIDI USA\" width=\"92\" height=\"92\" \/><\/p>\n<h1>ADDICTED MADAME<\/h1>\n<p>Una presencia delicada. Una estela envolvente, intensamente femenina. Addicted Madame de Hamidi nos envuelve en un aura dulce y lujosa con ricas notas. Una cautivadora obra maestra olfativa dise\u00f1ada para mujeres que irradian confianza y atractivo. Esta encantadora fragancia no solo es duradera, sino un testimonio perdurable de la sofisticaci\u00f3n de quien la usa.<\/p>\n<p>Addicted Madame rinde homenaje a lo atemporal, capturando su esencia con una fidelidad excepcional. Es una fragancia que encapsula la esencia de una mujer moderna y segura de s\u00ed misma, reflejando su elegancia y sofisticaci\u00f3n.\u00a0Este frasco de 120 ml de perfume puro es m\u00e1s que una simple fragancia; es un accesorio, una firma y la personificaci\u00f3n de un encanto atemporal. Ya sea para usar durante el d\u00eda o en una noche especial, esta fragancia es tu arma secreta para dejar una huella imborrable, haciendo que cada momento sea inolvidable. Realza tu presencia con Hamidi Addicted Madame Pure Parfum, donde la sofisticaci\u00f3n se une a la longevidad en cada exquisita gota.<\/p>\n<p><img loading=\"lazy\" decoding=\"async\" class=\"alignleft\" src=\"https:\/\/www.intenseoud.com\/cdn\/shop\/files\/MADAME_4.png?v=1713909189\" width=\"599\" height=\"599\" \/><\/p>\n<h3>\n<p>Notas Olfativas<\/h3>\n<p>&nbsp;<\/p>\n<p><span dir=\"auto\">La fragancia se abre con una explosi\u00f3n de bergamota c\u00edtrica, pomelo c\u00edtrico y la jugosa dulzura del melocot\u00f3n y la naranja, creando un aura refrescante y vigorizante. A medida que el aroma evoluciona, emergen delicadas notas florales de jazm\u00edn, lichi y rosa, que infunden feminidad y gracia a la fragancia. Finalmente, las c\u00e1lidas y terrosas notas de fondo de almizcle, pachul\u00ed, vainilla y vetiver aportan profundidad y sofisticaci\u00f3n.<\/span><\/p>\n<ul>\n<li><strong><span dir=\"auto\">Notas de salida:<\/span><\/strong><span dir=\"auto\"> bergamota, pomelo, melocot\u00f3n, naranja.\n<p><\/span><\/li>\n<li><strong><span dir=\"auto\">Notas de coraz\u00f3n:<\/span><\/strong><span dir=\"auto\"> jazm\u00edn, lichi, rosa.\n<p><\/span><\/li>\n<li><strong><span dir=\"auto\">Notas de fondo:<\/span><\/strong><span dir=\"auto\"> almizcle, pachul\u00ed, vainilla, vetiver.<\/span><\/li>\n<\/ul>\n","protected":false},"excerpt":{"rendered":"<p>ADDICTED MADAME Una presencia delicada. Una estela envolvente, intensamente femenina. Addicted Madame de Hamidi nos envuelve en un aura dulce<\/p>\n","protected":false},"featured_media":88104,"comment_status":"open","ping_status":"closed","template":"","meta":{"nf_dc_page":""},"product_brand":[2254],"product_cat":[84],"product_tag":[2257],"class_list":{"0":"post-88103","1":"product","2":"type-product","3":"status-publish","4":"has-post-thumbnail","6":"product_brand-hamidi","7":"product_cat-perfumeria","8":"product_tag-2257","10":"first","11":"instock","12":"sale","13":"shipping-taxable","14":"purchasable","15":"product-type-simple"},"_links":{"self":[{"href":"https:\/\/brandss.com.py\/index\/wp-json\/wp\/v2\/product\/88103","targetHints":{"allow":["GET"]}}],"collection":[{"href":"https:\/\/brandss.com.py\/index\/wp-json\/wp\/v2\/product"}],"about":[{"href":"https:\/\/brandss.com.py\/index\/wp-json\/wp\/v2\/types\/product"}],"replies":[{"embeddable":true,"href":"https:\/\/brandss.com.py\/index\/wp-json\/wp\/v2\/comments?post=88103"}],"version-history":[{"count":2,"href":"https:\/\/brandss.com.py\/index\/wp-json\/wp\/v2\/product\/88103\/revisions"}],"predecessor-version":[{"id":88111,"href":"https:\/\/brandss.com.py\/index\/wp-json\/wp\/v2\/product\/88103\/revisions\/88111"}],"wp:featuredmedia":[{"embeddable":true,"href":"https:\/\/brandss.com.py\/index\/wp-json\/wp\/v2\/media\/88104"}],"wp:attachment":[{"href":"https:\/\/brandss.com.py\/index\/wp-json\/wp\/v2\/media?parent=88103"}],"wp:term":[{"taxonomy":"product_brand","embeddable":true,"href":"https:\/\/brandss.com.py\/index\/wp-json\/wp\/v2\/product_brand?post=88103"},{"taxonomy":"product_cat","embeddable":true,"href":"https:\/\/brandss.com.py\/index\/wp-json\/wp\/v2\/product_cat?post=88103"},{"taxonomy":"product_tag","embeddable":true,"href":"https:\/\/brandss.com.py\/index\/wp-json\/wp\/v2\/product_tag?post=88103"}],"curies":[{"name":"wp","href":"https:\/\/api.w.org\/{rel}","templated":true}]}}