{"id":88134,"date":"2025-08-16T18:50:15","date_gmt":"2025-08-16T18:50:15","guid":{"rendered":"https:\/\/brandss.com.py\/index\/?post_type=product&#038;p=88134"},"modified":"2025-09-24T13:15:00","modified_gmt":"2025-09-24T13:15:00","slug":"bruma-corporal-masculino-armaf-club-de-nuit-urban-elixir-150ml","status":"publish","type":"product","link":"https:\/\/brandss.com.py\/index\/producto\/bruma-corporal-masculino-armaf-club-de-nuit-urban-elixir-150ml\/","title":{"rendered":"BRUMA CORPORAL MASCULINO ARMAF CLUB DE NUIT URBAN ELIXIR 150ML"},"content":{"rendered":"<p><img loading=\"lazy\" decoding=\"async\" class=\"\" src=\"https:\/\/vectorseek.com\/wp-content\/uploads\/2023\/12\/ARMAF-Logo-Vector.svg--300x300.png\" alt=\"ARMAF logo in PNG SVG Vector format - Free Download\" width=\"75\" height=\"75\" \/><\/p>\n<h1>CLUB DE NUIT URBAN ELIXIR<\/h1>\n<p class=\"\" data-start=\"103\" data-end=\"467\"><span dir=\"auto\">Es una fragancia audaz y moderna, creada para el hombre que destaca entre la multitud. Esta potente bruma corporal combina notas frescas, especiadas y amaderadas para crear una fragancia intensa y duradera que revitaliza tus sentidos. Con su composici\u00f3n vibrante y duradera, es perfecta para usar a diario o para aventuras nocturnas.<\/span><\/p>\n<h3 class=\"\" data-start=\"469\" data-end=\"490\"><strong data-start=\"473\" data-end=\"490\"><span dir=\"auto\">Caracter\u00edsticas principales:<\/span><\/strong><\/h3>\n<p class=\"\" data-start=\"492\" data-end=\"828\"><span dir=\"auto\">\u2714\ufe0f Fragancia din\u00e1mica y cautivadora: una rica fusi\u00f3n de frescura, especias y maderas<\/span><br data-start=\"573\" data-end=\"576\" \/><span dir=\"auto\">\u2714\ufe0f Efecto duradero: te mantiene oliendo incre\u00edble todo el d\u00eda<\/span><br data-start=\"635\" data-end=\"638\" \/><span dir=\"auto\">\u2714\ufe0f Elegante y port\u00e1til: tama\u00f1o de 150 ml, ideal para el hogar y los viajes<\/span><br data-start=\"698\" data-end=\"701\" \/><span dir=\"auto\">\u2714\ufe0f Urbano y seguro: dise\u00f1ado para el hombre moderno y audaz de hoy<\/span><br data-start=\"761\" data-end=\"764\" \/><span dir=\"auto\">\u2714\ufe0f Perfecto para el d\u00eda o la noche: adaptable para cualquier ocasi\u00f3n o estado de \u00e1nimo<\/span><\/p>\n<p data-start=\"492\" data-end=\"828\">\n<h3 data-start=\"492\" data-end=\"828\">Notas Olfativas<\/h3>\n<p data-start=\"492\" data-end=\"828\"><strong><span dir=\"auto\">Notas de salida:<\/span><\/strong><span dir=\"auto\"> flor de naranja, bergamota, jazm\u00edn, pimienta rosa.<\/span><br \/>\n<strong><span dir=\"auto\">Notas de coraz\u00f3n:<\/span><\/strong><span dir=\"auto\"> elem\u00ed, azafr\u00e1n, geranio, lavanda, vetiver.<\/span><br \/>\n<strong><span dir=\"auto\">Notas de fondo:<\/span><\/strong><span dir=\"auto\"> ambroxan, l\u00e1dano, \u00e1mbar, pachul\u00ed, cedro.<\/span><\/p>\n","protected":false},"excerpt":{"rendered":"<p>CLUB DE NUIT URBAN ELIXIR Es una fragancia audaz y moderna, creada para el hombre que destaca entre la multitud.<\/p>\n","protected":false},"featured_media":88135,"comment_status":"open","ping_status":"closed","template":"","meta":{"nf_dc_page":""},"product_brand":[106],"product_cat":[84],"product_tag":[168],"class_list":{"0":"post-88134","1":"product","2":"type-product","3":"status-publish","4":"has-post-thumbnail","6":"product_brand-armaf","7":"product_cat-perfumeria","8":"product_tag-168","10":"first","11":"instock","12":"shipping-taxable","13":"purchasable","14":"product-type-simple"},"_links":{"self":[{"href":"https:\/\/brandss.com.py\/index\/wp-json\/wp\/v2\/product\/88134","targetHints":{"allow":["GET"]}}],"collection":[{"href":"https:\/\/brandss.com.py\/index\/wp-json\/wp\/v2\/product"}],"about":[{"href":"https:\/\/brandss.com.py\/index\/wp-json\/wp\/v2\/types\/product"}],"replies":[{"embeddable":true,"href":"https:\/\/brandss.com.py\/index\/wp-json\/wp\/v2\/comments?post=88134"}],"version-history":[{"count":1,"href":"https:\/\/brandss.com.py\/index\/wp-json\/wp\/v2\/product\/88134\/revisions"}],"predecessor-version":[{"id":88136,"href":"https:\/\/brandss.com.py\/index\/wp-json\/wp\/v2\/product\/88134\/revisions\/88136"}],"wp:featuredmedia":[{"embeddable":true,"href":"https:\/\/brandss.com.py\/index\/wp-json\/wp\/v2\/media\/88135"}],"wp:attachment":[{"href":"https:\/\/brandss.com.py\/index\/wp-json\/wp\/v2\/media?parent=88134"}],"wp:term":[{"taxonomy":"product_brand","embeddable":true,"href":"https:\/\/brandss.com.py\/index\/wp-json\/wp\/v2\/product_brand?post=88134"},{"taxonomy":"product_cat","embeddable":true,"href":"https:\/\/brandss.com.py\/index\/wp-json\/wp\/v2\/product_cat?post=88134"},{"taxonomy":"product_tag","embeddable":true,"href":"https:\/\/brandss.com.py\/index\/wp-json\/wp\/v2\/product_tag?post=88134"}],"curies":[{"name":"wp","href":"https:\/\/api.w.org\/{rel}","templated":true}]}}