{"id":88166,"date":"2025-08-18T11:16:43","date_gmt":"2025-08-18T11:16:43","guid":{"rendered":"https:\/\/brandss.com.py\/index\/?post_type=product&#038;p=88166"},"modified":"2025-12-10T10:10:24","modified_gmt":"2025-12-10T10:10:24","slug":"perfume-femenino-armaf-odyssey-candee-edp-100ml","status":"publish","type":"product","link":"https:\/\/brandss.com.py\/index\/producto\/perfume-femenino-armaf-odyssey-candee-edp-100ml\/","title":{"rendered":"PERFUME FEMENINO ARMAF ODYSSEY CANDEE EDP 100ML"},"content":{"rendered":"<p><img loading=\"lazy\" decoding=\"async\" class=\"\" src=\"https:\/\/vectorseek.com\/wp-content\/uploads\/2023\/12\/ARMAF-Logo-Vector.svg--300x300.png\" alt=\"ARMAF logo in PNG SVG Vector format - Free Download\" width=\"90\" height=\"90\" \/><\/p>\n<h1>ODYSSEY CANDEE<\/h1>\n<p>Es una explosi\u00f3n sensorial que celebra la feminidad en todas sus formas; tierna, poderosa, audaz y luminosa.Esta fragancia, de reciente lanzamiento, est\u00e1 dise\u00f1ada para mujeres que no temen dejar huellas. Su perfil olfativo navega entre la seducci\u00f3n vibrante y la adicci\u00f3n frutal, ofreciendo un viaje irresistible desde el primer instante.<\/p>\n<p><img loading=\"lazy\" decoding=\"async\" class=\"alignleft\" src=\"https:\/\/www.atlanticoshop.com.py\/image\/catalog\/armaf\/odyssey%20candee%20desc-1%20esp.jpg\" width=\"524\" height=\"524\" \/><\/p>\n<h3>Notas Olfativas<\/h3>\n<p>&nbsp;<\/p>\n<p>Odyssey Candee\u00a0es una fragancia femenina que cautiva los sentidos con su combinaci\u00f3n de notas frutales, florales y gourmand. Lanzada en 2024, esta creaci\u00f3n de Armaf se ha convertido r\u00e1pidamente en un favorito entre quienes buscan un aroma dulce y vers\u00e1til.<\/p>\n<p>La fragancia se abre con una explosi\u00f3n de frescura y alegr\u00eda gracias a las notas de fresa, frambuesa, melocot\u00f3n, bergamota y geranio. Esta combinaci\u00f3n de frutas rojas y c\u00edtricas te envuelve en una nube de energ\u00eda y positivismo. En el coraz\u00f3n de la fragancia, el caramelo, el jazm\u00edn y el maracuy\u00e1 a\u00f1aden un toque dulce y ex\u00f3tico. Esta combinaci\u00f3n crea un equilibrio perfecto entre lo juguet\u00f3n y lo sofisticado.<\/p>\n<p>Las notas de fondo de almizcle, pachul\u00ed y \u00e1mbar aportan una sensaci\u00f3n de calidez y profundidad a la fragancia, prolongando su duraci\u00f3n en la piel.<\/p>\n<p>El perfume Armaf Odyssey Candee es una fragancia de la familia olfativa floral frutal gourmand<strong>\u00a0<\/strong>para mujeres. Con una concentraci\u00f3n del tipo Eau de Parfum, ofrece una duradera y alta intensidad arom\u00e1tica en la piel. Sus notas est\u00e1n compuestas por los siguientes ingredientes.<\/p>\n<ul>\n<li><strong>Notas de salida:<\/strong> Fresa, frambuesa, geranio, durazno (melocot\u00f3n) y bergamota.<\/li>\n<li><strong>Notas de coraz\u00f3n:\u00a0<\/strong>Jazm\u00edn, caramelo y maracuy\u00e1 (fruta de la pasi\u00f3n).<\/li>\n<li><span><strong>Notas de fondo:<\/strong><strong>\u00a0<\/strong>Almizcle, pachul\u00ed y \u00e1mbar.<\/span><\/li>\n<\/ul>\n","protected":false},"excerpt":{"rendered":"<p>ODYSSEY CANDEE Es una explosi\u00f3n sensorial que celebra la feminidad en todas sus formas; tierna, poderosa, audaz y luminosa.Esta fragancia,<\/p>\n","protected":false},"featured_media":88180,"comment_status":"open","ping_status":"closed","template":"","meta":{"nf_dc_page":""},"product_brand":[106],"product_cat":[84],"product_tag":[182],"class_list":{"0":"post-88166","1":"product","2":"type-product","3":"status-publish","4":"has-post-thumbnail","6":"product_brand-armaf","7":"product_cat-perfumeria","8":"product_tag-182","10":"first","11":"instock","12":"sale","13":"shipping-taxable","14":"purchasable","15":"product-type-simple"},"_links":{"self":[{"href":"https:\/\/brandss.com.py\/index\/wp-json\/wp\/v2\/product\/88166","targetHints":{"allow":["GET"]}}],"collection":[{"href":"https:\/\/brandss.com.py\/index\/wp-json\/wp\/v2\/product"}],"about":[{"href":"https:\/\/brandss.com.py\/index\/wp-json\/wp\/v2\/types\/product"}],"replies":[{"embeddable":true,"href":"https:\/\/brandss.com.py\/index\/wp-json\/wp\/v2\/comments?post=88166"}],"version-history":[{"count":1,"href":"https:\/\/brandss.com.py\/index\/wp-json\/wp\/v2\/product\/88166\/revisions"}],"predecessor-version":[{"id":88181,"href":"https:\/\/brandss.com.py\/index\/wp-json\/wp\/v2\/product\/88166\/revisions\/88181"}],"wp:featuredmedia":[{"embeddable":true,"href":"https:\/\/brandss.com.py\/index\/wp-json\/wp\/v2\/media\/88180"}],"wp:attachment":[{"href":"https:\/\/brandss.com.py\/index\/wp-json\/wp\/v2\/media?parent=88166"}],"wp:term":[{"taxonomy":"product_brand","embeddable":true,"href":"https:\/\/brandss.com.py\/index\/wp-json\/wp\/v2\/product_brand?post=88166"},{"taxonomy":"product_cat","embeddable":true,"href":"https:\/\/brandss.com.py\/index\/wp-json\/wp\/v2\/product_cat?post=88166"},{"taxonomy":"product_tag","embeddable":true,"href":"https:\/\/brandss.com.py\/index\/wp-json\/wp\/v2\/product_tag?post=88166"}],"curies":[{"name":"wp","href":"https:\/\/api.w.org\/{rel}","templated":true}]}}