{"id":88217,"date":"2025-08-18T12:41:11","date_gmt":"2025-08-18T12:41:11","guid":{"rendered":"https:\/\/brandss.com.py\/index\/?post_type=product&#038;p=88217"},"modified":"2026-03-18T10:41:21","modified_gmt":"2026-03-18T10:41:21","slug":"perfume-femenino-armaf-delights-island-bliss-edp-100ml","status":"publish","type":"product","link":"https:\/\/brandss.com.py\/index\/producto\/perfume-femenino-armaf-delights-island-bliss-edp-100ml\/","title":{"rendered":"PERFUME FEMENINO ARMAF DELIGHTS ISLAND BLISS EDP 100ML"},"content":{"rendered":"<p><img loading=\"lazy\" decoding=\"async\" class=\"\" src=\"https:\/\/vectorseek.com\/wp-content\/uploads\/2023\/12\/ARMAF-Logo-Vector.svg--300x300.png\" alt=\"ARMAF logo in PNG SVG Vector format - Free Download\" width=\"80\" height=\"80\" \/><\/p>\n<h1>DELIGHTS ISLAND BLISS<\/h1>\n<p>Es una fragancia femenina que captura la esencia de un para\u00edso tropical. Con una fusi\u00f3n exquisita de notas frutales, florales y gourmand, esta fragancia evoca la calidez del sol, la brisa del mar y la dulzura envolvente de una isla paradis\u00edaca. Island Bliss es perfecta para quienes buscan un aroma dulce y veraniego, ideal para momentos relajados y memorables. Su combinaci\u00f3n tropical y sofisticada la convierte en una elecci\u00f3n irresistible para cualquier ocasi\u00f3n.<\/p>\n<p><img loading=\"lazy\" decoding=\"async\" class=\"alignleft\" src=\"https:\/\/dupes.se\/cdn\/shop\/files\/FullSizeRender_79a4ac5e-1fd9-4be0-b36b-c0dd5538eeeb.jpg?v=1739533876&amp;width=3506\" width=\"588\" height=\"588\" \/><\/p>\n<ul>\n<li>Una fragancia refrescante y tropical que evoca la sensaci\u00f3n de una escapada a una isla.<\/li>\n<li>Equilibra la sofisticaci\u00f3n con notas divertidas y sensuales para una fragancia cautivadora.<\/li>\n<li>Duradero y vers\u00e1til, perfecto para usar tanto del d\u00eda como de la noche.<\/li>\n<\/ul>\n<p>Island Bliss no es solo un perfume\u2026 es una fantas\u00eda hecha aroma!!!<\/p>\n<p>&nbsp;<\/p>\n<h3>Notas Olfativas<\/h3>\n<p>&nbsp;<\/p>\n<p>Island Bliss de Armaf es una fragancia de la familia olfativa Floral Frutal Gourmand para Mujeres. Island Bliss es un viaje sin regreso al placer m\u00e1s puro.<\/p>\n<p>Las bayas silvestres explotan con frescura, mientras el coco cremoso se funde en la piel como un beso prohibido. La flor de azahar y el nen\u00fafar laten con una sensualidad et\u00e9rea, flotando entre notas verdes que susurran deseo. La vainilla y el haba tonka envuelven todo en un abrazo dulce, adictivo, imposible de soltar. El almizcle se desliza como una caricia salada al atardecer, dejando huellas imborrables.<\/p>\n<p>&nbsp;<\/p>\n<p><strong>Notas de salida:<\/strong> bayas silvestres, notas verdes.<\/p>\n<p><strong>Notas de coraz\u00f3n:<\/strong> coco, lactonas, flor de azahar del naranjo, nen\u00fafar.<\/p>\n<p><strong>Notas de fondo:<\/strong> vainilla, haba tonka y almizcle.<\/p>\n","protected":false},"excerpt":{"rendered":"<p>DELIGHTS ISLAND BLISS Es una fragancia femenina que captura la esencia de un para\u00edso tropical. Con una fusi\u00f3n exquisita de<\/p>\n","protected":false},"featured_media":88222,"comment_status":"open","ping_status":"closed","template":"","meta":{"nf_dc_page":""},"product_brand":[106],"product_cat":[84],"product_tag":[186],"class_list":{"0":"post-88217","1":"product","2":"type-product","3":"status-publish","4":"has-post-thumbnail","6":"product_brand-armaf","7":"product_cat-perfumeria","8":"product_tag-186","10":"first","11":"instock","12":"sale","13":"shipping-taxable","14":"purchasable","15":"product-type-simple"},"_links":{"self":[{"href":"https:\/\/brandss.com.py\/index\/wp-json\/wp\/v2\/product\/88217","targetHints":{"allow":["GET"]}}],"collection":[{"href":"https:\/\/brandss.com.py\/index\/wp-json\/wp\/v2\/product"}],"about":[{"href":"https:\/\/brandss.com.py\/index\/wp-json\/wp\/v2\/types\/product"}],"replies":[{"embeddable":true,"href":"https:\/\/brandss.com.py\/index\/wp-json\/wp\/v2\/comments?post=88217"}],"version-history":[{"count":1,"href":"https:\/\/brandss.com.py\/index\/wp-json\/wp\/v2\/product\/88217\/revisions"}],"predecessor-version":[{"id":88229,"href":"https:\/\/brandss.com.py\/index\/wp-json\/wp\/v2\/product\/88217\/revisions\/88229"}],"wp:featuredmedia":[{"embeddable":true,"href":"https:\/\/brandss.com.py\/index\/wp-json\/wp\/v2\/media\/88222"}],"wp:attachment":[{"href":"https:\/\/brandss.com.py\/index\/wp-json\/wp\/v2\/media?parent=88217"}],"wp:term":[{"taxonomy":"product_brand","embeddable":true,"href":"https:\/\/brandss.com.py\/index\/wp-json\/wp\/v2\/product_brand?post=88217"},{"taxonomy":"product_cat","embeddable":true,"href":"https:\/\/brandss.com.py\/index\/wp-json\/wp\/v2\/product_cat?post=88217"},{"taxonomy":"product_tag","embeddable":true,"href":"https:\/\/brandss.com.py\/index\/wp-json\/wp\/v2\/product_tag?post=88217"}],"curies":[{"name":"wp","href":"https:\/\/api.w.org\/{rel}","templated":true}]}}