{"id":88464,"date":"2025-08-19T19:02:46","date_gmt":"2025-08-19T19:02:46","guid":{"rendered":"https:\/\/brandss.com.py\/index\/?post_type=product&#038;p=88464"},"modified":"2025-08-19T19:05:15","modified_gmt":"2025-08-19T19:05:15","slug":"bruma-corporal-femenino-lonkoom-sweetheart-assassin-250ml","status":"publish","type":"product","link":"https:\/\/brandss.com.py\/index\/producto\/bruma-corporal-femenino-lonkoom-sweetheart-assassin-250ml\/","title":{"rendered":"BRUMA CORPORAL FEMENINO LONKOOM SWEETHEART ASSASSIN 250ML"},"content":{"rendered":"<p><img loading=\"lazy\" decoding=\"async\" class=\"\" src=\"https:\/\/lonkoom.my\/cdn\/shop\/files\/1_79da2e9c-32a3-4d5a-bd07-f0ad2dc1ade3_714x.png?v=1701281132\" alt=\"My Store\" width=\"168\" height=\"58\" \/><\/p>\n<h1>SWEETHEART ASSASSIN<\/h1>\n<p><em><strong><span dir=\"auto\">Dulce. Fatal. Inolvidable.<\/span><\/strong><\/em><\/p>\n<p><br data-start=\"347\" data-end=\"350\" \/><span dir=\"auto\">Es una fragancia oriental con un alma juvenil y provocadora, creada para mujeres que dominan con encanto y seducci\u00f3n. Para aquellos que son dulces, pero dejan rastro.<\/span><\/p>\n<p><img loading=\"lazy\" decoding=\"async\" class=\"alignleft\" src=\"https:\/\/lonkoom.my\/cdn\/shop\/files\/6cbd92b9d0cb48f4b2aff2623358f078_tplv-aphluv4xwc-origin-jpeg.jpg?v=1699373164\" width=\"415\" height=\"553\" \/><\/p>\n<h3>Notas Olfativas<\/h3>\n<p>&nbsp;<\/p>\n<p data-start=\"485\" data-end=\"745\"><span dir=\"auto\">Notas frutales y especiadas abren con energ\u00eda y car\u00e1cter, seguidas de un intenso coraz\u00f3n de caf\u00e9, jazm\u00edn y almendras amargas. En el fondo, la adictiva dulzura de la vainilla se une al c\u00e1lido toque de cachemira y pachul\u00ed, creando una esencia impactante y cautivadora.<\/span><\/p>\n<p data-start=\"747\" data-end=\"784\"><strong data-start=\"791\" data-end=\"811\"><span dir=\"auto\">Familia olfativa<\/span><\/strong><br data-start=\"811\" data-end=\"814\" \/><span dir=\"auto\">Vainilla Oriental<\/span><\/p>\n<p data-start=\"861\" data-end=\"922\"><strong data-start=\"861\" data-end=\"879\"><span dir=\"auto\">Notas de salida:<\/span><\/strong><span dir=\"auto\"> Pera, Pimienta rosa, Flor de naranja.<\/span><\/p>\n<p data-start=\"924\" data-end=\"989\"><strong data-start=\"924\" data-end=\"944\"><span dir=\"auto\">Notas de coraz\u00f3n:<\/span><\/strong><span dir=\"auto\"> Caf\u00e9, Jazm\u00edn, Almendras amargas, Regaliz.<\/span><\/p>\n<p data-start=\"991\" data-end=\"1062\"><strong data-start=\"991\" data-end=\"1009\"><span dir=\"auto\">Notas de fondo:<\/span><\/strong><span dir=\"auto\"> vainilla, pachul\u00ed, cedro, madera de cachemira.<\/span><\/p>\n","protected":false},"excerpt":{"rendered":"<p>SWEETHEART ASSASSIN Dulce. Fatal. Inolvidable. Es una fragancia oriental con un alma juvenil y provocadora, creada para mujeres que dominan<\/p>\n","protected":false},"featured_media":88465,"comment_status":"open","ping_status":"closed","template":"","meta":{"nf_dc_page":""},"product_brand":[],"product_cat":[84],"product_tag":[],"class_list":{"0":"post-88464","1":"product","2":"type-product","3":"status-publish","4":"has-post-thumbnail","6":"product_cat-perfumeria","8":"first","9":"instock","10":"shipping-taxable","11":"purchasable","12":"product-type-simple"},"_links":{"self":[{"href":"https:\/\/brandss.com.py\/index\/wp-json\/wp\/v2\/product\/88464","targetHints":{"allow":["GET"]}}],"collection":[{"href":"https:\/\/brandss.com.py\/index\/wp-json\/wp\/v2\/product"}],"about":[{"href":"https:\/\/brandss.com.py\/index\/wp-json\/wp\/v2\/types\/product"}],"replies":[{"embeddable":true,"href":"https:\/\/brandss.com.py\/index\/wp-json\/wp\/v2\/comments?post=88464"}],"version-history":[{"count":2,"href":"https:\/\/brandss.com.py\/index\/wp-json\/wp\/v2\/product\/88464\/revisions"}],"predecessor-version":[{"id":88470,"href":"https:\/\/brandss.com.py\/index\/wp-json\/wp\/v2\/product\/88464\/revisions\/88470"}],"wp:featuredmedia":[{"embeddable":true,"href":"https:\/\/brandss.com.py\/index\/wp-json\/wp\/v2\/media\/88465"}],"wp:attachment":[{"href":"https:\/\/brandss.com.py\/index\/wp-json\/wp\/v2\/media?parent=88464"}],"wp:term":[{"taxonomy":"product_brand","embeddable":true,"href":"https:\/\/brandss.com.py\/index\/wp-json\/wp\/v2\/product_brand?post=88464"},{"taxonomy":"product_cat","embeddable":true,"href":"https:\/\/brandss.com.py\/index\/wp-json\/wp\/v2\/product_cat?post=88464"},{"taxonomy":"product_tag","embeddable":true,"href":"https:\/\/brandss.com.py\/index\/wp-json\/wp\/v2\/product_tag?post=88464"}],"curies":[{"name":"wp","href":"https:\/\/api.w.org\/{rel}","templated":true}]}}