{"id":88499,"date":"2025-08-20T11:43:05","date_gmt":"2025-08-20T11:43:05","guid":{"rendered":"https:\/\/brandss.com.py\/index\/?post_type=product&#038;p=88499"},"modified":"2025-08-20T11:59:09","modified_gmt":"2025-08-20T11:59:09","slug":"perfume-femenino-lonkoom-fiery-charm-edp-50ml","status":"publish","type":"product","link":"https:\/\/brandss.com.py\/index\/producto\/perfume-femenino-lonkoom-fiery-charm-edp-50ml\/","title":{"rendered":"PERFUME FEMENINO LONKOOM FIERY CHARM EDP 50ML"},"content":{"rendered":"<p><img loading=\"lazy\" decoding=\"async\" class=\"\" src=\"https:\/\/lonkoom.my\/cdn\/shop\/files\/1_79da2e9c-32a3-4d5a-bd07-f0ad2dc1ade3_714x.png?v=1701281132\" alt=\"My Store\" width=\"136\" height=\"47\" \/><\/p>\n<h1>FIERY CHARM<\/h1>\n<p>Es una fragancia floral para la mujer moderna. Las frescas notas florales y afrutadas aportan una sensaci\u00f3n energizante, perfecta para la primavera y el verano. Ideal para viajar, ir al trabajo o para uso diario.<\/p>\n<p><img loading=\"lazy\" decoding=\"async\" class=\"alignleft\" src=\"https:\/\/http2.mlstatic.com\/D_NQ_NP_2X_931978-MLA85288274086_062025-F.webp\" width=\"450\" height=\"458\" \/><\/p>\n<h3>Notas Olfativas<\/h3>\n<p>&nbsp;<\/p>\n<p>Es un rico aroma afrutado, como si una gran cesta de frutas en abundancia explotara delante de ti. Fruta de la pasi\u00f3n, pomelo, pi\u00f1a, mandarina, fresa y otras frutas se entrelazan para aportar un sabor a zumo de fruta agridulce, fresco y animado, lleno de tensi\u00f3n juvenil, dando una sensaci\u00f3n alegre y confiada.<\/p>\n<p>El frescor afrutado se desvanece en notas florales de peon\u00eda, bayas rojas, jazm\u00edn y lirio de los valles, con la cremosa y dulce vainilla de Madagascar.<\/p>\n<p>Estas notas florales se entrelazan con las notas afrutadas residuales de las notas de salida para crear una atm\u00f3sfera dulce y rom\u00e1ntica, suave y elegante, como estar en un mar de flores.<\/p>\n<p>Almizcle, notas amaderadas y musgo de madera especiado, que inyectan un toque de calma y glamour duradero a toda la fragancia.<\/p>\n<p>&nbsp;<\/p>\n<p><strong>Notas de salida:<\/strong> maracuy\u00e1, pomelo, pi\u00f1a, mandarina, fresa grande.<\/p>\n<p><strong>Notas de coraz\u00f3n:<\/strong> peon\u00eda, vainilla, orqu\u00eddea, frutos rojos, jazm\u00edn y lirio de los valles.<\/p>\n<p><strong>Notas de fondo:<\/strong> Almizcle, Notas Amaderadas, Musgo de Roble.<\/p>\n","protected":false},"excerpt":{"rendered":"<p>FIERY CHARM Es una fragancia floral para la mujer moderna. Las frescas notas florales y afrutadas aportan una sensaci\u00f3n energizante,<\/p>\n","protected":false},"featured_media":88500,"comment_status":"open","ping_status":"closed","template":"","meta":{"nf_dc_page":""},"product_brand":[],"product_cat":[84],"product_tag":[],"class_list":{"0":"post-88499","1":"product","2":"type-product","3":"status-publish","4":"has-post-thumbnail","6":"product_cat-perfumeria","8":"first","9":"instock","10":"shipping-taxable","11":"purchasable","12":"product-type-simple"},"_links":{"self":[{"href":"https:\/\/brandss.com.py\/index\/wp-json\/wp\/v2\/product\/88499","targetHints":{"allow":["GET"]}}],"collection":[{"href":"https:\/\/brandss.com.py\/index\/wp-json\/wp\/v2\/product"}],"about":[{"href":"https:\/\/brandss.com.py\/index\/wp-json\/wp\/v2\/types\/product"}],"replies":[{"embeddable":true,"href":"https:\/\/brandss.com.py\/index\/wp-json\/wp\/v2\/comments?post=88499"}],"version-history":[{"count":1,"href":"https:\/\/brandss.com.py\/index\/wp-json\/wp\/v2\/product\/88499\/revisions"}],"predecessor-version":[{"id":88508,"href":"https:\/\/brandss.com.py\/index\/wp-json\/wp\/v2\/product\/88499\/revisions\/88508"}],"wp:featuredmedia":[{"embeddable":true,"href":"https:\/\/brandss.com.py\/index\/wp-json\/wp\/v2\/media\/88500"}],"wp:attachment":[{"href":"https:\/\/brandss.com.py\/index\/wp-json\/wp\/v2\/media?parent=88499"}],"wp:term":[{"taxonomy":"product_brand","embeddable":true,"href":"https:\/\/brandss.com.py\/index\/wp-json\/wp\/v2\/product_brand?post=88499"},{"taxonomy":"product_cat","embeddable":true,"href":"https:\/\/brandss.com.py\/index\/wp-json\/wp\/v2\/product_cat?post=88499"},{"taxonomy":"product_tag","embeddable":true,"href":"https:\/\/brandss.com.py\/index\/wp-json\/wp\/v2\/product_tag?post=88499"}],"curies":[{"name":"wp","href":"https:\/\/api.w.org\/{rel}","templated":true}]}}