{"id":88556,"date":"2025-08-20T14:20:48","date_gmt":"2025-08-20T14:20:48","guid":{"rendered":"https:\/\/brandss.com.py\/index\/?post_type=product&#038;p=88556"},"modified":"2026-03-17T12:53:41","modified_gmt":"2026-03-17T12:53:41","slug":"perfume-unisex-vurv-giana-edp-100ml","status":"publish","type":"product","link":"https:\/\/brandss.com.py\/index\/producto\/perfume-unisex-vurv-giana-edp-100ml\/","title":{"rendered":"PERFUME UNISEX VURV GIANA EDP 100ML"},"content":{"rendered":"<p><img loading=\"lazy\" decoding=\"async\" class=\"\" src=\"https:\/\/www.intenseoud.com\/cdn\/shop\/files\/11_4c443c23-900e-4c53-8003-01e24077289f.jpg?v=1739059034\" alt=\"Bouquet Rouge Eau De Parfum Spray 100ML (3.4 OZ) By Vurv | An Exotic, Spicy Blend Of Saffron, Amberwood &amp; Cedar For A Bold Scent With Woody Depth. | Intense Oud\" width=\"176\" height=\"176\" \/><\/p>\n<h1>GIANA<\/h1>\n<p>Una creaci\u00f3n unisex de Vurv, est\u00e1 concebida como un oasis nocturno en el desierto, una mezcla cautivadora entre frescura vibrante y sensualidad profunda. Pensada para quienes destacan con sutileza y presencia, esta fragancia ofrece una experiencia olfativa rica, equilibrada y memorable.<\/p>\n<h3>Notas Olfativas<\/h3>\n<p data-start=\"1055\" data-end=\"1377\">Equilibra perfectamente lo fresco y especiado con lo floral y dulce, para derrumbarse en un fondo c\u00e1lido y amaderado.<\/p>\n<p data-start=\"1055\" data-end=\"1377\">Desde sus primeros instantes chispeantes, pasando por un coraz\u00f3n rom\u00e1ntico y gourmand, hasta una estela profunda y sofisticada, la fragancia defiende un aura de misterio y atracci\u00f3n.<\/p>\n<p data-start=\"1379\" data-end=\"1500\">Este perfume est\u00e1 dise\u00f1ado para quienes buscan una presencia refinada y elegante \u2014 ideal para dejar huella sin imponerse.<\/p>\n<p data-start=\"1379\" data-end=\"1500\"><img loading=\"lazy\" decoding=\"async\" class=\" wp-image-88557 alignleft\" src=\"https:\/\/brandss.com.py\/index\/wp-content\/uploads\/2025\/08\/GIANA-D-400x283.jpeg\" alt=\"\" width=\"336\" height=\"238\" srcset=\"https:\/\/brandss.com.py\/index\/wp-content\/uploads\/2025\/08\/GIANA-D-400x283.jpeg 400w, https:\/\/brandss.com.py\/index\/wp-content\/uploads\/2025\/08\/GIANA-D-768x543.jpeg 768w, https:\/\/brandss.com.py\/index\/wp-content\/uploads\/2025\/08\/GIANA-D-430x304.jpeg 430w, https:\/\/brandss.com.py\/index\/wp-content\/uploads\/2025\/08\/GIANA-D-700x495.jpeg 700w, https:\/\/brandss.com.py\/index\/wp-content\/uploads\/2025\/08\/GIANA-D-150x106.jpeg 150w, https:\/\/brandss.com.py\/index\/wp-content\/uploads\/2025\/08\/GIANA-D.jpeg 841w\" sizes=\"auto, (max-width: 336px) 100vw, 336px\" \/><\/p>\n<p>&nbsp;<\/p>\n<p>&nbsp;<\/p>\n<p><strong>Notas de salida:<\/strong> bergamota, azafr\u00e1n, pimienta rosa.<\/p>\n<p><strong>Notas de coraz\u00f3n: <\/strong>pralin\u00e9, jazm\u00edn sambac, agua de rosas.<\/p>\n<p><strong>Notas de fondo:<\/strong> Oud, s\u00e1ndalo, ambar gris, almizcle.<\/p>\n","protected":false},"excerpt":{"rendered":"<p>GIANA Una creaci\u00f3n unisex de Vurv, est\u00e1 concebida como un oasis nocturno en el desierto, una mezcla cautivadora entre frescura<\/p>\n","protected":false},"featured_media":88558,"comment_status":"open","ping_status":"closed","template":"","meta":{"nf_dc_page":""},"product_brand":[785],"product_cat":[84],"product_tag":[813],"class_list":{"0":"post-88556","1":"product","2":"type-product","3":"status-publish","4":"has-post-thumbnail","6":"product_brand-vurv","7":"product_cat-perfumeria","8":"product_tag-813","10":"first","11":"instock","12":"shipping-taxable","13":"purchasable","14":"product-type-simple"},"_links":{"self":[{"href":"https:\/\/brandss.com.py\/index\/wp-json\/wp\/v2\/product\/88556","targetHints":{"allow":["GET"]}}],"collection":[{"href":"https:\/\/brandss.com.py\/index\/wp-json\/wp\/v2\/product"}],"about":[{"href":"https:\/\/brandss.com.py\/index\/wp-json\/wp\/v2\/types\/product"}],"replies":[{"embeddable":true,"href":"https:\/\/brandss.com.py\/index\/wp-json\/wp\/v2\/comments?post=88556"}],"version-history":[{"count":3,"href":"https:\/\/brandss.com.py\/index\/wp-json\/wp\/v2\/product\/88556\/revisions"}],"predecessor-version":[{"id":91422,"href":"https:\/\/brandss.com.py\/index\/wp-json\/wp\/v2\/product\/88556\/revisions\/91422"}],"wp:featuredmedia":[{"embeddable":true,"href":"https:\/\/brandss.com.py\/index\/wp-json\/wp\/v2\/media\/88558"}],"wp:attachment":[{"href":"https:\/\/brandss.com.py\/index\/wp-json\/wp\/v2\/media?parent=88556"}],"wp:term":[{"taxonomy":"product_brand","embeddable":true,"href":"https:\/\/brandss.com.py\/index\/wp-json\/wp\/v2\/product_brand?post=88556"},{"taxonomy":"product_cat","embeddable":true,"href":"https:\/\/brandss.com.py\/index\/wp-json\/wp\/v2\/product_cat?post=88556"},{"taxonomy":"product_tag","embeddable":true,"href":"https:\/\/brandss.com.py\/index\/wp-json\/wp\/v2\/product_tag?post=88556"}],"curies":[{"name":"wp","href":"https:\/\/api.w.org\/{rel}","templated":true}]}}