{"id":88571,"date":"2025-08-20T17:16:12","date_gmt":"2025-08-20T17:16:12","guid":{"rendered":"https:\/\/brandss.com.py\/index\/?post_type=product&#038;p=88571"},"modified":"2025-08-20T17:20:49","modified_gmt":"2025-08-20T17:20:49","slug":"perfume-femenino-lonkoom-eternal-bloom-edp-50ml","status":"publish","type":"product","link":"https:\/\/brandss.com.py\/index\/producto\/perfume-femenino-lonkoom-eternal-bloom-edp-50ml\/","title":{"rendered":"PERFUME FEMENINO LONKOOM ETERNAL BLOOM EDP 50ML"},"content":{"rendered":"<p><img loading=\"lazy\" decoding=\"async\" class=\"\" src=\"https:\/\/lonkoom.my\/cdn\/shop\/files\/1_79da2e9c-32a3-4d5a-bd07-f0ad2dc1ade3_714x.png?v=1701281132\" alt=\"My Store\" width=\"174\" height=\"60\" \/><\/p>\n<h1>ETERNAL BLOOM<\/h1>\n<p><span dir=\"auto\">Experimente el encanto de las flores con <\/span><span dir=\"auto\">Eternal Bloom, una fragancia floral elaborada con extractos de flores cuidadosamente seleccionados, ofrece un aroma floral fresco y elegante. Puedes elegir tu fragancia favorita. Esta serie tiene un aroma duradero que te brinda una sensaci\u00f3n de relajaci\u00f3n y confianza.<\/span><\/p>\n<p><img loading=\"lazy\" decoding=\"async\" class=\"alignleft\" src=\"https:\/\/down-id.img.susercontent.com\/file\/id-11134207-7r990-lxm7ef4aui3u9f.webp\" width=\"433\" height=\"433\" \/><\/p>\n<h3>Notas Olfativas<\/h3>\n<p>&nbsp;<\/p>\n<p>Eternal Bloom es una fragancia femenina de la familia olfativa floral, un aroma proviene de la dulzura de la pera rosa y la miel, lleno de un aspecto brillante, alegre y juvenil, seguido del \u00e1mbar gris almizclado, haciendo que el aroma sea maduro, estable, pero a\u00fan elegante, con una sensaci\u00f3n de ternura y encanto.<\/p>\n<p data-spm-anchor-id=\"a2a0e.pdp_revamp.product_detail.i5.40367996qbxvGM\"><strong><span dir=\"auto\">Notas de salida: <\/span><\/strong><span dir=\"auto\">Miel<\/span><span dir=\"auto\">, Pera, Bergamota.<\/span><\/p>\n<p><span dir=\"auto\"><strong>Notas de coraz\u00f3n:<\/strong> Rosa, Agua, Peon\u00eda.<\/span><\/p>\n<p data-spm-anchor-id=\"a2a0e.pdp_revamp.product_detail.i4.40367996qbxvGM\"><span dir=\"auto\"><strong>Notas de fondo:<\/strong> cachemira, almizcle, s\u00e1ndalo, violeta.<\/span><\/p>\n","protected":false},"excerpt":{"rendered":"<p>ETERNAL BLOOM Experimente el encanto de las flores con Eternal Bloom, una fragancia floral elaborada con extractos de flores cuidadosamente<\/p>\n","protected":false},"featured_media":88572,"comment_status":"open","ping_status":"closed","template":"","meta":{"nf_dc_page":""},"product_brand":[],"product_cat":[84],"product_tag":[],"class_list":{"0":"post-88571","1":"product","2":"type-product","3":"status-publish","4":"has-post-thumbnail","6":"product_cat-perfumeria","8":"first","9":"outofstock","10":"shipping-taxable","11":"purchasable","12":"product-type-simple"},"_links":{"self":[{"href":"https:\/\/brandss.com.py\/index\/wp-json\/wp\/v2\/product\/88571","targetHints":{"allow":["GET"]}}],"collection":[{"href":"https:\/\/brandss.com.py\/index\/wp-json\/wp\/v2\/product"}],"about":[{"href":"https:\/\/brandss.com.py\/index\/wp-json\/wp\/v2\/types\/product"}],"replies":[{"embeddable":true,"href":"https:\/\/brandss.com.py\/index\/wp-json\/wp\/v2\/comments?post=88571"}],"version-history":[{"count":1,"href":"https:\/\/brandss.com.py\/index\/wp-json\/wp\/v2\/product\/88571\/revisions"}],"predecessor-version":[{"id":88577,"href":"https:\/\/brandss.com.py\/index\/wp-json\/wp\/v2\/product\/88571\/revisions\/88577"}],"wp:featuredmedia":[{"embeddable":true,"href":"https:\/\/brandss.com.py\/index\/wp-json\/wp\/v2\/media\/88572"}],"wp:attachment":[{"href":"https:\/\/brandss.com.py\/index\/wp-json\/wp\/v2\/media?parent=88571"}],"wp:term":[{"taxonomy":"product_brand","embeddable":true,"href":"https:\/\/brandss.com.py\/index\/wp-json\/wp\/v2\/product_brand?post=88571"},{"taxonomy":"product_cat","embeddable":true,"href":"https:\/\/brandss.com.py\/index\/wp-json\/wp\/v2\/product_cat?post=88571"},{"taxonomy":"product_tag","embeddable":true,"href":"https:\/\/brandss.com.py\/index\/wp-json\/wp\/v2\/product_tag?post=88571"}],"curies":[{"name":"wp","href":"https:\/\/api.w.org\/{rel}","templated":true}]}}