{"id":88589,"date":"2025-08-20T18:40:55","date_gmt":"2025-08-20T18:40:55","guid":{"rendered":"https:\/\/brandss.com.py\/index\/?post_type=product&#038;p=88589"},"modified":"2025-08-20T18:41:46","modified_gmt":"2025-08-20T18:41:46","slug":"perfume-femenino-lonkoom-neon-dazzle-edp-95ml","status":"publish","type":"product","link":"https:\/\/brandss.com.py\/index\/producto\/perfume-femenino-lonkoom-neon-dazzle-edp-95ml\/","title":{"rendered":"PERFUME FEMENINO LONKOOM NEON DAZZLE EDP 95ML"},"content":{"rendered":"<p><img loading=\"lazy\" decoding=\"async\" class=\"\" src=\"https:\/\/lonkoom.my\/cdn\/shop\/files\/1_79da2e9c-32a3-4d5a-bd07-f0ad2dc1ade3_714x.png?v=1701281132\" alt=\"My Store\" width=\"107\" height=\"37\" \/><\/p>\n<h1>NEON DAZZLE<\/h1>\n<p>Un perfume femenino moderno y vibrante que refleja energ\u00eda, brillo y sofisticaci\u00f3n. Su aroma combina acordes frutales chispeantes con un coraz\u00f3n floral elegante, envuelto en un fondo c\u00e1lido y sensual que deja una estela cautivadora.<\/p>\n<p>Neon Dazzle es ideal para mujeres seguras de s\u00ed mismas, que disfrutan destacar con un toque de glamour. Perfecto tanto para el d\u00eda como para la noche, aporta frescura, sensualidad y un aire sofisticado en cada ocasi\u00f3n.<\/p>\n<p><img loading=\"lazy\" decoding=\"async\" class=\"alignleft\" src=\"https:\/\/down-my.img.susercontent.com\/file\/my-11134207-7r98r-lw5leur8pppmd0.webp\" width=\"551\" height=\"551\" \/><\/p>\n<h3>Notas Olfativa<\/h3>\n<p>&nbsp;<\/p>\n<p><span dir=\"auto\">Un aroma refrescante de bergamota infundido con una fresca flor de naranja y un aroma suave, cremoso y ambarado.<\/span><\/p>\n<p><span dir=\"auto\">Adecuado para damas de oficina, bueno para citas, centros comerciales, actividades.<\/span><\/p>\n<p>&nbsp;<\/p>\n<p><span dir=\"auto\">Fragancia: almizcle floral amaderado<\/span><\/p>\n<p><span dir=\"auto\"><strong>Notas de salida:<\/strong> Bergamota<\/span><\/p>\n<p><span dir=\"auto\"><strong>Notas de coraz\u00f3n:<\/strong> flores de naranja<\/span><\/p>\n<p><span dir=\"auto\"><strong>Notas de fondo:<\/strong> Pachul\u00ed, \u00e1mbar.<\/span><\/p>\n<p>&nbsp;<\/p>\n","protected":false},"excerpt":{"rendered":"<p>NEON DAZZLE Un perfume femenino moderno y vibrante que refleja energ\u00eda, brillo y sofisticaci\u00f3n. Su aroma combina acordes frutales chispeantes<\/p>\n","protected":false},"featured_media":88595,"comment_status":"open","ping_status":"closed","template":"","meta":{"nf_dc_page":""},"product_brand":[],"product_cat":[84],"product_tag":[],"class_list":{"0":"post-88589","1":"product","2":"type-product","3":"status-publish","4":"has-post-thumbnail","6":"product_cat-perfumeria","8":"first","9":"instock","10":"shipping-taxable","11":"purchasable","12":"product-type-simple"},"_links":{"self":[{"href":"https:\/\/brandss.com.py\/index\/wp-json\/wp\/v2\/product\/88589","targetHints":{"allow":["GET"]}}],"collection":[{"href":"https:\/\/brandss.com.py\/index\/wp-json\/wp\/v2\/product"}],"about":[{"href":"https:\/\/brandss.com.py\/index\/wp-json\/wp\/v2\/types\/product"}],"replies":[{"embeddable":true,"href":"https:\/\/brandss.com.py\/index\/wp-json\/wp\/v2\/comments?post=88589"}],"version-history":[{"count":1,"href":"https:\/\/brandss.com.py\/index\/wp-json\/wp\/v2\/product\/88589\/revisions"}],"predecessor-version":[{"id":88600,"href":"https:\/\/brandss.com.py\/index\/wp-json\/wp\/v2\/product\/88589\/revisions\/88600"}],"wp:featuredmedia":[{"embeddable":true,"href":"https:\/\/brandss.com.py\/index\/wp-json\/wp\/v2\/media\/88595"}],"wp:attachment":[{"href":"https:\/\/brandss.com.py\/index\/wp-json\/wp\/v2\/media?parent=88589"}],"wp:term":[{"taxonomy":"product_brand","embeddable":true,"href":"https:\/\/brandss.com.py\/index\/wp-json\/wp\/v2\/product_brand?post=88589"},{"taxonomy":"product_cat","embeddable":true,"href":"https:\/\/brandss.com.py\/index\/wp-json\/wp\/v2\/product_cat?post=88589"},{"taxonomy":"product_tag","embeddable":true,"href":"https:\/\/brandss.com.py\/index\/wp-json\/wp\/v2\/product_tag?post=88589"}],"curies":[{"name":"wp","href":"https:\/\/api.w.org\/{rel}","templated":true}]}}