{"id":88625,"date":"2025-08-21T12:48:47","date_gmt":"2025-08-21T12:48:47","guid":{"rendered":"https:\/\/brandss.com.py\/index\/?post_type=product&#038;p=88625"},"modified":"2025-08-21T13:03:26","modified_gmt":"2025-08-21T13:03:26","slug":"perfume-unisex-lonkoom-jade-blossom-edp-60ml","status":"publish","type":"product","link":"https:\/\/brandss.com.py\/index\/producto\/perfume-unisex-lonkoom-jade-blossom-edp-60ml\/","title":{"rendered":"PERFUME UNISEX LONKOOM JADE BLOSSOM EDP 60ML"},"content":{"rendered":"<p><img loading=\"lazy\" decoding=\"async\" class=\"\" src=\"https:\/\/lonkoom.my\/cdn\/shop\/files\/1_79da2e9c-32a3-4d5a-bd07-f0ad2dc1ade3_714x.png?v=1701281132\" alt=\"My Store\" width=\"148\" height=\"51\" \/><\/p>\n<h1>JADE BLOSSOM<\/h1>\n<p>Es un perfume femenino afrutado amaderado arom\u00e1tico para mujeres y hombres.<\/p>\n<p><img loading=\"lazy\" decoding=\"async\" class=\"alignleft\" src=\"https:\/\/p16-oec-sg.ibyteimg.com\/tos-alisg-i-aphluv4xwc-sg\/1225005072ae4e9587e8adf78cdde80f~tplv-aphluv4xwc-resize-webp:800:800.webp?dr=15584&amp;t=555f072d&amp;ps=933b5bde&amp;shp=6ce186a1&amp;shcp=e1be8f53&amp;idc=my2&amp;from=1826719393\" width=\"423\" height=\"423\" \/><\/p>\n<h3>Notas Olfativas<\/h3>\n<p>&nbsp;<\/p>\n<p>La fragancia se abre con el fresco aroma de los c\u00edtricos. Adem\u00e1s de la frescura del jengibre. Terminando el aroma con la suave fragancia de jazm\u00edn, s\u00e1ndalo y almizcle.<\/p>\n<p>Familia Olfativa: Afrutado Amaderado Arom\u00e1tico.<\/p>\n<p><strong>Notas salida:<\/strong> pomelo, lim\u00f3n, menta, pimienta rosa.<\/p>\n<p><strong>Notas de coraz\u00f3n:<\/strong> jengibre, nuez moscada, jazm\u00edn, \u00e1mbar gris.<\/p>\n<p><strong>Notas de fondo:<\/strong> Incienso, vetiver, cedro, s\u00e1ndalo, pachul\u00ed, l\u00e1dano, almizcle.<\/p>\n","protected":false},"excerpt":{"rendered":"<p>JADE BLOSSOM Es un perfume femenino afrutado amaderado arom\u00e1tico para mujeres y hombres. Notas Olfativas &nbsp; La fragancia se abre<\/p>\n","protected":false},"featured_media":88626,"comment_status":"open","ping_status":"closed","template":"","meta":{"nf_dc_page":""},"product_brand":[],"product_cat":[84],"product_tag":[],"class_list":{"0":"post-88625","1":"product","2":"type-product","3":"status-publish","4":"has-post-thumbnail","6":"product_cat-perfumeria","8":"first","9":"instock","10":"shipping-taxable","11":"purchasable","12":"product-type-simple"},"_links":{"self":[{"href":"https:\/\/brandss.com.py\/index\/wp-json\/wp\/v2\/product\/88625","targetHints":{"allow":["GET"]}}],"collection":[{"href":"https:\/\/brandss.com.py\/index\/wp-json\/wp\/v2\/product"}],"about":[{"href":"https:\/\/brandss.com.py\/index\/wp-json\/wp\/v2\/types\/product"}],"replies":[{"embeddable":true,"href":"https:\/\/brandss.com.py\/index\/wp-json\/wp\/v2\/comments?post=88625"}],"version-history":[{"count":1,"href":"https:\/\/brandss.com.py\/index\/wp-json\/wp\/v2\/product\/88625\/revisions"}],"predecessor-version":[{"id":88630,"href":"https:\/\/brandss.com.py\/index\/wp-json\/wp\/v2\/product\/88625\/revisions\/88630"}],"wp:featuredmedia":[{"embeddable":true,"href":"https:\/\/brandss.com.py\/index\/wp-json\/wp\/v2\/media\/88626"}],"wp:attachment":[{"href":"https:\/\/brandss.com.py\/index\/wp-json\/wp\/v2\/media?parent=88625"}],"wp:term":[{"taxonomy":"product_brand","embeddable":true,"href":"https:\/\/brandss.com.py\/index\/wp-json\/wp\/v2\/product_brand?post=88625"},{"taxonomy":"product_cat","embeddable":true,"href":"https:\/\/brandss.com.py\/index\/wp-json\/wp\/v2\/product_cat?post=88625"},{"taxonomy":"product_tag","embeddable":true,"href":"https:\/\/brandss.com.py\/index\/wp-json\/wp\/v2\/product_tag?post=88625"}],"curies":[{"name":"wp","href":"https:\/\/api.w.org\/{rel}","templated":true}]}}