{"id":88777,"date":"2025-08-22T19:02:07","date_gmt":"2025-08-22T19:02:07","guid":{"rendered":"https:\/\/brandss.com.py\/index\/?post_type=product&#038;p=88777"},"modified":"2025-08-22T19:03:14","modified_gmt":"2025-08-22T19:03:14","slug":"perfume-femenino-lonkoom-rose-oud-edp-100ml","status":"publish","type":"product","link":"https:\/\/brandss.com.py\/index\/producto\/perfume-femenino-lonkoom-rose-oud-edp-100ml\/","title":{"rendered":"PERFUME FEMENINO LONKOOM ROSE OUD EDP 100ML"},"content":{"rendered":"<p><img loading=\"lazy\" decoding=\"async\" class=\"\" src=\"https:\/\/lonkoom.my\/cdn\/shop\/files\/1_79da2e9c-32a3-4d5a-bd07-f0ad2dc1ade3_714x.png?v=1701281132\" alt=\"My Store\" width=\"113\" height=\"39\" \/><\/p>\n<h1>ROSE OUD<\/h1>\n<p><span dir=\"auto\">Es una fragancia extremadamente femenina y extrovertida, Rose Oud traduce el estilo de una mujer sofisticada con un toque de dulzura y alegr\u00eda.<\/span><\/p>\n<p><span dir=\"auto\">La fragancia Rose Oud es un perfume floral oriental, que consigue dar un aire sofisticado a notas florales cl\u00e1sicas, y de esta manera la fragancia se vuelve \u00fanica e impactante.<img loading=\"lazy\" decoding=\"async\" class=\"alignleft\" src=\"https:\/\/img.lazcdn.com\/g\/p\/66cdd9d287134390504e1c3477f67c37.jpg_2200x2200q80.jpg_.webp\" width=\"607\" height=\"607\" \/><\/span><\/p>\n<p><span dir=\"auto\">La botella est\u00e1 inspirada en las botellas de whisky. Adem\u00e1s, luce un lazo rosa que le da un aspecto refinado, sofisticado y femenino.<\/span><\/p>\n<p><span dir=\"auto\">La l\u00ednea Oud se inspira en el desierto. La rosa del desierto inspira pasi\u00f3n, y los coleccionistas cuidan esta rara especie con gran dedicaci\u00f3n.<\/span><\/p>\n<p>&nbsp;<\/p>\n<h3>Notas Olfativas<\/h3>\n<p>&nbsp;<\/p>\n<p><span class=\"a-list-item\">Lujoso aroma en capas: disfruta de una cautivadora mezcla de lichi rojo, membrillo dorado, kiwi, floreciendo en un coraz\u00f3n de acuerdo fresco de cupcakes, p\u00e9talos de jazm\u00edn, chocolate blanco y estableci\u00e9ndose en una base c\u00e1lida y sensual de Almizcle cremoso, ra\u00edz de Orris, Bosques sensuales.<\/span><\/p>\n<p><span class=\"a-list-item\"> Perfecto para mujeres que anhelan una fragancia que evolucione con elegancia durante todo el d\u00eda.<\/span><\/p>\n<p><span dir=\"auto\">Familia Olfativa: Floral oriental<\/span><\/p>\n<p><span dir=\"auto\"><strong>Notas de salida:<\/strong> Lichi rojo, membrillo dorado, kiwi.<\/span><br \/>\n<span dir=\"auto\"><strong>Notas de coraz\u00f3n:<\/strong> Acuerdo de magdalena, p\u00e9talos de jazm\u00edn, chocolate blanco.<\/span><br \/>\n<span dir=\"auto\"><strong>Notas de fondo: <\/strong>Almizcle cremoso, ra\u00edz de Orris, maderas sensuales.<\/span><\/p>\n","protected":false},"excerpt":{"rendered":"<p>ROSE OUD Es una fragancia extremadamente femenina y extrovertida, Rose Oud traduce el estilo de una mujer sofisticada con un<\/p>\n","protected":false},"featured_media":88778,"comment_status":"open","ping_status":"closed","template":"","meta":{"nf_dc_page":""},"product_brand":[],"product_cat":[84],"product_tag":[],"class_list":{"0":"post-88777","1":"product","2":"type-product","3":"status-publish","4":"has-post-thumbnail","6":"product_cat-perfumeria","8":"first","9":"outofstock","10":"shipping-taxable","11":"purchasable","12":"product-type-simple"},"_links":{"self":[{"href":"https:\/\/brandss.com.py\/index\/wp-json\/wp\/v2\/product\/88777","targetHints":{"allow":["GET"]}}],"collection":[{"href":"https:\/\/brandss.com.py\/index\/wp-json\/wp\/v2\/product"}],"about":[{"href":"https:\/\/brandss.com.py\/index\/wp-json\/wp\/v2\/types\/product"}],"replies":[{"embeddable":true,"href":"https:\/\/brandss.com.py\/index\/wp-json\/wp\/v2\/comments?post=88777"}],"version-history":[{"count":1,"href":"https:\/\/brandss.com.py\/index\/wp-json\/wp\/v2\/product\/88777\/revisions"}],"predecessor-version":[{"id":88785,"href":"https:\/\/brandss.com.py\/index\/wp-json\/wp\/v2\/product\/88777\/revisions\/88785"}],"wp:featuredmedia":[{"embeddable":true,"href":"https:\/\/brandss.com.py\/index\/wp-json\/wp\/v2\/media\/88778"}],"wp:attachment":[{"href":"https:\/\/brandss.com.py\/index\/wp-json\/wp\/v2\/media?parent=88777"}],"wp:term":[{"taxonomy":"product_brand","embeddable":true,"href":"https:\/\/brandss.com.py\/index\/wp-json\/wp\/v2\/product_brand?post=88777"},{"taxonomy":"product_cat","embeddable":true,"href":"https:\/\/brandss.com.py\/index\/wp-json\/wp\/v2\/product_cat?post=88777"},{"taxonomy":"product_tag","embeddable":true,"href":"https:\/\/brandss.com.py\/index\/wp-json\/wp\/v2\/product_tag?post=88777"}],"curies":[{"name":"wp","href":"https:\/\/api.w.org\/{rel}","templated":true}]}}