{"id":88923,"date":"2025-08-25T17:38:55","date_gmt":"2025-08-25T17:38:55","guid":{"rendered":"https:\/\/brandss.com.py\/index\/?post_type=product&#038;p=88923"},"modified":"2026-03-17T13:19:30","modified_gmt":"2026-03-17T13:19:30","slug":"perfume-femenino-vurv-kristy-edp-100ml","status":"publish","type":"product","link":"https:\/\/brandss.com.py\/index\/producto\/perfume-femenino-vurv-kristy-edp-100ml\/","title":{"rendered":"PERFUME FEMENINO VURV KRISTY EDP 100ML"},"content":{"rendered":"<p><img loading=\"lazy\" decoding=\"async\" class=\"\" src=\"https:\/\/www.parfumonline.ch\/media\/brand\/brand\/vurv.png\" alt=\"Vurv\" width=\"289\" height=\"155\" \/><\/p>\n<h1>KRISTY EAU DE PARFUM<\/h1>\n<p data-start=\"375\" data-end=\"748\">Kristy Pour Femme es una oda a la luz interior de cada mujer.<\/p>\n<p data-start=\"375\" data-end=\"748\">Inspirado en la elegancia natural, la gracia y la confianza sutil, este Eau de Parfum de VURV ha sido creado para acompa\u00f1ar a mujeres aut\u00e9nticas, so\u00f1adoras y profundamente seguras de s\u00ed mismas. Su frasco sobrio y refinado anticipa lo que contiene: una esencia luminosa, suave y absolutamente envolvente.<\/p>\n<p data-start=\"750\" data-end=\"953\">Desde su salida chispeante hasta su fondo c\u00e1lido y aterciopelado, Kristy te invita a conectar con tu versi\u00f3n m\u00e1s serena y poderosa.<\/p>\n<p data-start=\"750\" data-end=\"953\">Una fragancia que no compite ni grita; simplemente brilla\u2026 como t\u00fa.<\/p>\n<p data-start=\"750\" data-end=\"953\"><img loading=\"lazy\" decoding=\"async\" class=\" wp-image-88925 alignleft\" src=\"https:\/\/brandss.com.py\/index\/wp-content\/uploads\/2025\/08\/WhatsApp-Image-2025-08-08-at-1.25.00-PM-400x287.jpeg\" alt=\"\" width=\"354\" height=\"254\" srcset=\"https:\/\/brandss.com.py\/index\/wp-content\/uploads\/2025\/08\/WhatsApp-Image-2025-08-08-at-1.25.00-PM-400x287.jpeg 400w, https:\/\/brandss.com.py\/index\/wp-content\/uploads\/2025\/08\/WhatsApp-Image-2025-08-08-at-1.25.00-PM-768x551.jpeg 768w, https:\/\/brandss.com.py\/index\/wp-content\/uploads\/2025\/08\/WhatsApp-Image-2025-08-08-at-1.25.00-PM-430x308.jpeg 430w, https:\/\/brandss.com.py\/index\/wp-content\/uploads\/2025\/08\/WhatsApp-Image-2025-08-08-at-1.25.00-PM-700x502.jpeg 700w, https:\/\/brandss.com.py\/index\/wp-content\/uploads\/2025\/08\/WhatsApp-Image-2025-08-08-at-1.25.00-PM-150x108.jpeg 150w, https:\/\/brandss.com.py\/index\/wp-content\/uploads\/2025\/08\/WhatsApp-Image-2025-08-08-at-1.25.00-PM.jpeg 841w\" sizes=\"auto, (max-width: 354px) 100vw, 354px\" \/><\/p>\n<p data-start=\"1002\" data-end=\"1220\"><strong data-start=\"1002\" data-end=\"1013\">Notas de Salida:<\/strong><br data-start=\"1013\" data-end=\"1016\" \/>La fragancia se abre con una mezcla brillante de bergamota, mandarina y un toque de pera jugosa, aportando una frescura alegre y juvenil que marca el inicio de un viaje sensorial encantador.<\/p>\n<p data-start=\"1224\" data-end=\"1489\"><strong data-start=\"1224\" data-end=\"1236\">Notas de Coraz\u00f3n:<\/strong><br data-start=\"1236\" data-end=\"1239\" \/>El coraz\u00f3n late con notas florales refinadas como la peon\u00eda rosada, el jazm\u00edn blanco y la rosa turca, que se entrelazan como un ramo sofisticado y moderno.<\/p>\n<p data-start=\"1493\" data-end=\"1731\"><strong data-start=\"1493\" data-end=\"1503\">Notas de Fondo:<\/strong><br data-start=\"1503\" data-end=\"1506\" \/>En el fondo, se asientan c\u00e1lidas notas de almizcle blanco, s\u00e1ndalo cremoso y un sutil toque de vainilla suave, creando una estela \u00edntima, duradera y reconfortante, como el recuerdo de un abrazo que no se olvida.<\/p>\n","protected":false},"excerpt":{"rendered":"<p>KRISTY EAU DE PARFUM Kristy Pour Femme es una oda a la luz interior de cada mujer. Inspirado en la<\/p>\n","protected":false},"featured_media":88926,"comment_status":"open","ping_status":"closed","template":"","meta":{"nf_dc_page":""},"product_brand":[785],"product_cat":[84],"product_tag":[834],"class_list":{"0":"post-88923","1":"product","2":"type-product","3":"status-publish","4":"has-post-thumbnail","6":"product_brand-vurv","7":"product_cat-perfumeria","8":"product_tag-834","10":"first","11":"instock","12":"shipping-taxable","13":"purchasable","14":"product-type-simple"},"_links":{"self":[{"href":"https:\/\/brandss.com.py\/index\/wp-json\/wp\/v2\/product\/88923","targetHints":{"allow":["GET"]}}],"collection":[{"href":"https:\/\/brandss.com.py\/index\/wp-json\/wp\/v2\/product"}],"about":[{"href":"https:\/\/brandss.com.py\/index\/wp-json\/wp\/v2\/types\/product"}],"replies":[{"embeddable":true,"href":"https:\/\/brandss.com.py\/index\/wp-json\/wp\/v2\/comments?post=88923"}],"version-history":[{"count":1,"href":"https:\/\/brandss.com.py\/index\/wp-json\/wp\/v2\/product\/88923\/revisions"}],"predecessor-version":[{"id":88930,"href":"https:\/\/brandss.com.py\/index\/wp-json\/wp\/v2\/product\/88923\/revisions\/88930"}],"wp:featuredmedia":[{"embeddable":true,"href":"https:\/\/brandss.com.py\/index\/wp-json\/wp\/v2\/media\/88926"}],"wp:attachment":[{"href":"https:\/\/brandss.com.py\/index\/wp-json\/wp\/v2\/media?parent=88923"}],"wp:term":[{"taxonomy":"product_brand","embeddable":true,"href":"https:\/\/brandss.com.py\/index\/wp-json\/wp\/v2\/product_brand?post=88923"},{"taxonomy":"product_cat","embeddable":true,"href":"https:\/\/brandss.com.py\/index\/wp-json\/wp\/v2\/product_cat?post=88923"},{"taxonomy":"product_tag","embeddable":true,"href":"https:\/\/brandss.com.py\/index\/wp-json\/wp\/v2\/product_tag?post=88923"}],"curies":[{"name":"wp","href":"https:\/\/api.w.org\/{rel}","templated":true}]}}