{"id":88959,"date":"2025-08-26T12:30:03","date_gmt":"2025-08-26T12:30:03","guid":{"rendered":"https:\/\/brandss.com.py\/index\/?post_type=product&#038;p=88959"},"modified":"2025-11-24T10:53:44","modified_gmt":"2025-11-24T10:53:44","slug":"serum-facial-clinians-acido-glicolico-efecto-shine-30ml","status":"publish","type":"product","link":"https:\/\/brandss.com.py\/index\/producto\/serum-facial-clinians-acido-glicolico-efecto-shine-30ml\/","title":{"rendered":"S\u00c9RUM FACIAL CLINIANS \u00c1CIDO GLIC\u00d3LICO EFECTO SHINE 30ML"},"content":{"rendered":"<p><img loading=\"lazy\" decoding=\"async\" class=\"\" src=\"https:\/\/clinians.it\/wp-content\/uploads\/2023\/04\/logo-clinias.jpg\" alt=\"Clinians\" width=\"177\" height=\"50\" \/><\/p>\n<h1>\u00c1CIDO GLIC\u00d3LICO EFECTO SHINE<\/h1>\n<p><span dir=\"auto\">El S\u00e9rum de \u00c1cido Glic\u00f3lico Efecto Resplandor de Clinians es un tratamiento intensivo altamente efectivo que proporciona una hidrataci\u00f3n intensa a la piel, revelando una apariencia m\u00e1s tersa y juvenil. El s\u00e9rum contiene una alta concentraci\u00f3n de \u00e1cido hialur\u00f3nico en tres pesos moleculares diferentes para nutrir la piel a m\u00faltiples niveles. Su textura es ligera, fresca y transparente, lo que proporciona una sensaci\u00f3n agradable en la piel y se absorbe r\u00e1pidamente sin dejar residuos. Desde la primera aplicaci\u00f3n, la piel luce hidratada, suave y radiante\u00a0<\/span><span dir=\"auto\">.<\/span><\/p>\n<p><span dir=\"auto\">Con el uso regular, las arrugas se reducen visiblemente y la piel luce m\u00e1s el\u00e1stica, tersa y firme. El \u00e1cido hialur\u00f3nico de alto peso molecular forma una pel\u00edcula protectora sobre la piel, mientras que el \u00e1cido hialur\u00f3nico de peso molecular medio y bajo llega a las capas m\u00e1s profundas de la piel y retiene la hidrataci\u00f3n durante mucho tiempo. Esta combinaci\u00f3n proporciona un efecto profundo, redensificante y regenerador. El s\u00e9rum est\u00e1 dermatol\u00f3gicamente probado y ayuda a proteger la piel de la p\u00e9rdida de hidrataci\u00f3n y elasticidad, para que siempre luzca fresca y revitalizada.<\/span><\/p>\n<h3><span dir=\"auto\">Caracter\u00edsticas principales<\/span><\/h3>\n<ul>\n<li><span dir=\"auto\">Dermatol\u00f3gicamente probado.<\/span><\/li>\n<li><span dir=\"auto\">Hidratante.<\/span><\/li>\n<li><span dir=\"auto\">Para una piel el\u00e1stica, suave y firme.<\/span><\/li>\n<\/ul>\n<h3><span dir=\"auto\">Modo de uso.<\/span><\/h3>\n<ul>\n<li><span dir=\"auto\">Aplicar unas gotas del producto directamente sobre rostro, cuello y escote y masajear hasta su completa absorci\u00f3n.<\/span><\/li>\n<li><span dir=\"auto\">Para obtener resultados \u00f3ptimos, el s\u00e9rum se puede\u00a0utilizar junto con la\u00a0<\/span><span dir=\"auto\">crema antiedad<\/span><span dir=\"auto\">\u00a0y\u00a0<\/span><span dir=\"auto\">el gel limpiador de la l\u00ednea.<\/span><\/li>\n<\/ul>\n<h3><span dir=\"auto\">Datos y cifras<\/span><\/h3>\n<ul>\n<li><span dir=\"auto\">Contenido: 30 ml.<\/span><\/li>\n<\/ul>\n","protected":false},"excerpt":{"rendered":"<p>\u00c1CIDO GLIC\u00d3LICO EFECTO SHINE El S\u00e9rum de \u00c1cido Glic\u00f3lico Efecto Resplandor de Clinians es un tratamiento intensivo altamente efectivo que<\/p>\n","protected":false},"featured_media":88960,"comment_status":"open","ping_status":"closed","template":"","meta":{"nf_dc_page":""},"product_brand":[1442],"product_cat":[104],"product_tag":[1441],"class_list":{"0":"post-88959","1":"product","2":"type-product","3":"status-publish","4":"has-post-thumbnail","6":"product_brand-clinians","7":"product_cat-skin-care","8":"product_tag-1441","10":"first","11":"instock","12":"shipping-taxable","13":"purchasable","14":"product-type-simple"},"_links":{"self":[{"href":"https:\/\/brandss.com.py\/index\/wp-json\/wp\/v2\/product\/88959","targetHints":{"allow":["GET"]}}],"collection":[{"href":"https:\/\/brandss.com.py\/index\/wp-json\/wp\/v2\/product"}],"about":[{"href":"https:\/\/brandss.com.py\/index\/wp-json\/wp\/v2\/types\/product"}],"replies":[{"embeddable":true,"href":"https:\/\/brandss.com.py\/index\/wp-json\/wp\/v2\/comments?post=88959"}],"version-history":[{"count":1,"href":"https:\/\/brandss.com.py\/index\/wp-json\/wp\/v2\/product\/88959\/revisions"}],"predecessor-version":[{"id":88963,"href":"https:\/\/brandss.com.py\/index\/wp-json\/wp\/v2\/product\/88959\/revisions\/88963"}],"wp:featuredmedia":[{"embeddable":true,"href":"https:\/\/brandss.com.py\/index\/wp-json\/wp\/v2\/media\/88960"}],"wp:attachment":[{"href":"https:\/\/brandss.com.py\/index\/wp-json\/wp\/v2\/media?parent=88959"}],"wp:term":[{"taxonomy":"product_brand","embeddable":true,"href":"https:\/\/brandss.com.py\/index\/wp-json\/wp\/v2\/product_brand?post=88959"},{"taxonomy":"product_cat","embeddable":true,"href":"https:\/\/brandss.com.py\/index\/wp-json\/wp\/v2\/product_cat?post=88959"},{"taxonomy":"product_tag","embeddable":true,"href":"https:\/\/brandss.com.py\/index\/wp-json\/wp\/v2\/product_tag?post=88959"}],"curies":[{"name":"wp","href":"https:\/\/api.w.org\/{rel}","templated":true}]}}