{"id":88975,"date":"2025-08-26T17:34:04","date_gmt":"2025-08-26T17:34:04","guid":{"rendered":"https:\/\/brandss.com.py\/index\/?post_type=product&#038;p=88975"},"modified":"2025-08-26T17:34:52","modified_gmt":"2025-08-26T17:34:52","slug":"espuma-de-afeitar-mirato-figaro-mentol-400ml","status":"publish","type":"product","link":"https:\/\/brandss.com.py\/index\/producto\/espuma-de-afeitar-mirato-figaro-mentol-400ml\/","title":{"rendered":"ESPUMA DE AFEITAR MIRATO FIGARO MENTOL 400ML"},"content":{"rendered":"<p><img loading=\"lazy\" decoding=\"async\" class=\"\" src=\"https:\/\/mirato.it\/wp-content\/uploads\/2024\/12\/Logo_Mirato_italia_web.png\" alt=\"Mirato SPA\" width=\"71\" height=\"56\" \/><\/p>\n<h1>FIGARO MENTOL<\/h1>\n<p>La espuma de afeitar Figaro Menthol es ideal para uso frecuente y est\u00e1 dise\u00f1ada para proteger la piel de la irritaci\u00f3n causada por la afeitadora, previniendo el enrojecimiento. Garantiza un afeitado eficaz e hidrata la piel. Proporciona una sensaci\u00f3n de suavidad inmediata al deslizarse la cuchilla, facilitando un afeitado preciso y cuidadoso, incluso en barbas m\u00e1s resistentes, gracias a los emolientes presentes en su f\u00f3rmula. La hidrataci\u00f3n promueve la elasticidad de la piel, dej\u00e1ndola suave y tonificada. Producto dermatol\u00f3gicamente probado.<\/p>\n<p><strong>Afeitado perfecto 3 en 1: <\/strong><\/p>\n<p>Protege la piel de la irritaci\u00f3n causada por la afeitadora y previene el enrojecimiento con una sensaci\u00f3n de alivio inmediato.<\/p>\n<p>Eficacia del afeitado: incre\u00edblemente profundo, delicado y c\u00f3modo, incluso para barbas duras, gracias a sus ingredientes suavizantes.<\/p>\n<p>Suavidad de la piel para dejarla visiblemente m\u00e1s suave y tersa.<\/p>\n","protected":false},"excerpt":{"rendered":"<p>FIGARO MENTOL La espuma de afeitar Figaro Menthol es ideal para uso frecuente y est\u00e1 dise\u00f1ada para proteger la piel<\/p>\n","protected":false},"featured_media":88976,"comment_status":"open","ping_status":"closed","template":"","meta":{"nf_dc_page":""},"product_brand":[],"product_cat":[94],"product_tag":[],"class_list":{"0":"post-88975","1":"product","2":"type-product","3":"status-publish","4":"has-post-thumbnail","6":"product_cat-higiene-personal","8":"first","9":"instock","10":"shipping-taxable","11":"purchasable","12":"product-type-simple"},"_links":{"self":[{"href":"https:\/\/brandss.com.py\/index\/wp-json\/wp\/v2\/product\/88975","targetHints":{"allow":["GET"]}}],"collection":[{"href":"https:\/\/brandss.com.py\/index\/wp-json\/wp\/v2\/product"}],"about":[{"href":"https:\/\/brandss.com.py\/index\/wp-json\/wp\/v2\/types\/product"}],"replies":[{"embeddable":true,"href":"https:\/\/brandss.com.py\/index\/wp-json\/wp\/v2\/comments?post=88975"}],"version-history":[{"count":1,"href":"https:\/\/brandss.com.py\/index\/wp-json\/wp\/v2\/product\/88975\/revisions"}],"predecessor-version":[{"id":88982,"href":"https:\/\/brandss.com.py\/index\/wp-json\/wp\/v2\/product\/88975\/revisions\/88982"}],"wp:featuredmedia":[{"embeddable":true,"href":"https:\/\/brandss.com.py\/index\/wp-json\/wp\/v2\/media\/88976"}],"wp:attachment":[{"href":"https:\/\/brandss.com.py\/index\/wp-json\/wp\/v2\/media?parent=88975"}],"wp:term":[{"taxonomy":"product_brand","embeddable":true,"href":"https:\/\/brandss.com.py\/index\/wp-json\/wp\/v2\/product_brand?post=88975"},{"taxonomy":"product_cat","embeddable":true,"href":"https:\/\/brandss.com.py\/index\/wp-json\/wp\/v2\/product_cat?post=88975"},{"taxonomy":"product_tag","embeddable":true,"href":"https:\/\/brandss.com.py\/index\/wp-json\/wp\/v2\/product_tag?post=88975"}],"curies":[{"name":"wp","href":"https:\/\/api.w.org\/{rel}","templated":true}]}}