{"id":89011,"date":"2025-08-27T11:19:04","date_gmt":"2025-08-27T11:19:04","guid":{"rendered":"https:\/\/brandss.com.py\/index\/?post_type=product&#038;p=89011"},"modified":"2026-03-14T14:10:47","modified_gmt":"2026-03-14T14:10:47","slug":"perfume-unisex-lpdo-jardin-imperial-edpi-100ml","status":"publish","type":"product","link":"https:\/\/brandss.com.py\/index\/producto\/perfume-unisex-lpdo-jardin-imperial-edpi-100ml\/","title":{"rendered":"PERFUME UNISEX LPDO JARD\u00cdN IMPERIAL EDPI 100ML"},"content":{"rendered":"<p><img loading=\"lazy\" decoding=\"async\" class=\"\" src=\"https:\/\/m.media-amazon.com\/images\/S\/aplus-media-library-service-media\/8dfd1e96-362f-4544-8bde-fdf4eec55ebe.__CR0,0,970,300_PT0_SX970_V1___.png\" alt=\"Amazon.com: LPDO Jardin Imp\u00e9rial EDP Perfume Unisex 3.4 fl oz \u2013 Notas  C\u00edtricas de Lim\u00f3n Siciliano y Bergamota \u2013 El coraz\u00f3n estructura los sabores  de las frutas mediterr\u00e1neas \u2013 Base fresca con\" width=\"149\" height=\"46\" \/><\/p>\n<h1>JARD\u00cdN IMPERIAL<\/h1>\n<p>Es la luminosidad clara y vivaz de los jardines mediterr\u00e1neos. <span dir=\"auto\">Jard\u00edn Imperial\u00a0 <\/span><span dir=\"auto\">una deliciosa fragancia que te invita a entrar en el pa\u00eds de los sue\u00f1os.\u00a0<\/span><\/p>\n<p><img loading=\"lazy\" decoding=\"async\" class=\"alignleft\" src=\"https:\/\/lambre.ro\/wp-content\/uploads\/2022\/11\/Jardin-Imperial_new.jpg\" width=\"633\" height=\"744\" \/><\/p>\n<h3>Notas Olfativas<\/h3>\n<p>&nbsp;<\/p>\n<p>La composici\u00f3n se abre con notas de salida de lim\u00f3n siciliano y bergamota, que revitalizan la dulzura de la naranja. Las notas de coraz\u00f3n, estructuradas con aromas de frutas mediterr\u00e1neas, son una explosi\u00f3n de ligereza que realza la vitalidad de los c\u00edtricos. Las notas de fondo de vainilla, almizcle y \u00e1mbar aportan un equilibrio c\u00e1lido y dulce a esta fragancia vivaz y luminosa, como un jard\u00edn mediterr\u00e1neo. El perfume LPDO Jardin Imp\u00e9rial es una fragancia de la familia olfativa c\u00edtrica para mujeres y hombres.\u00a0Con una concentraci\u00f3n del tipo Eau de Parfum Intense, ofrece una intensidad arom\u00e1tica excepcionalmente alta y de larga duraci\u00f3n sobre la piel. Sus notas est\u00e1n compuestas por los siguientes ingredientes:<\/p>\n<p>&nbsp;<\/p>\n<p><strong><span dir=\"auto\">Notas de salida:<\/span><\/strong><span dir=\"auto\">\u00a0lim\u00f3n siciliano, bergamota, naranja.<\/p>\n<p><\/span><\/p>\n<p><strong><span dir=\"auto\">Notas de coraz\u00f3n:<\/span><\/strong><span dir=\"auto\"> Frutas mediterr\u00e1neas.<\/p>\n<p><\/span><\/p>\n<p><strong><span dir=\"auto\">Notas de fondo:<\/span><\/strong><span dir=\"auto\">\u00a0almizcle, vainilla, \u00e1mbar.<\/span><\/p>\n","protected":false},"excerpt":{"rendered":"<p>JARD\u00cdN IMPERIAL Es la luminosidad clara y vivaz de los jardines mediterr\u00e1neos. Jard\u00edn Imperial\u00a0 una deliciosa fragancia que te invita<\/p>\n","protected":false},"featured_media":89012,"comment_status":"open","ping_status":"closed","template":"","meta":{"nf_dc_page":""},"product_brand":[2100],"product_cat":[84],"product_tag":[3140],"class_list":{"0":"post-89011","1":"product","2":"type-product","3":"status-publish","4":"has-post-thumbnail","6":"product_brand-lpdo","7":"product_cat-perfumeria","8":"product_tag-3140","10":"first","11":"outofstock","12":"shipping-taxable","13":"purchasable","14":"product-type-simple"},"_links":{"self":[{"href":"https:\/\/brandss.com.py\/index\/wp-json\/wp\/v2\/product\/89011","targetHints":{"allow":["GET"]}}],"collection":[{"href":"https:\/\/brandss.com.py\/index\/wp-json\/wp\/v2\/product"}],"about":[{"href":"https:\/\/brandss.com.py\/index\/wp-json\/wp\/v2\/types\/product"}],"replies":[{"embeddable":true,"href":"https:\/\/brandss.com.py\/index\/wp-json\/wp\/v2\/comments?post=89011"}],"version-history":[{"count":1,"href":"https:\/\/brandss.com.py\/index\/wp-json\/wp\/v2\/product\/89011\/revisions"}],"predecessor-version":[{"id":89016,"href":"https:\/\/brandss.com.py\/index\/wp-json\/wp\/v2\/product\/89011\/revisions\/89016"}],"wp:featuredmedia":[{"embeddable":true,"href":"https:\/\/brandss.com.py\/index\/wp-json\/wp\/v2\/media\/89012"}],"wp:attachment":[{"href":"https:\/\/brandss.com.py\/index\/wp-json\/wp\/v2\/media?parent=89011"}],"wp:term":[{"taxonomy":"product_brand","embeddable":true,"href":"https:\/\/brandss.com.py\/index\/wp-json\/wp\/v2\/product_brand?post=89011"},{"taxonomy":"product_cat","embeddable":true,"href":"https:\/\/brandss.com.py\/index\/wp-json\/wp\/v2\/product_cat?post=89011"},{"taxonomy":"product_tag","embeddable":true,"href":"https:\/\/brandss.com.py\/index\/wp-json\/wp\/v2\/product_tag?post=89011"}],"curies":[{"name":"wp","href":"https:\/\/api.w.org\/{rel}","templated":true}]}}