{"id":89020,"date":"2025-08-27T11:47:54","date_gmt":"2025-08-27T11:47:54","guid":{"rendered":"https:\/\/brandss.com.py\/index\/?post_type=product&#038;p=89020"},"modified":"2025-08-27T11:49:06","modified_gmt":"2025-08-27T11:49:06","slug":"perfume-masculino-roberto-capucci-evento-uomo-edt-100ml","status":"publish","type":"product","link":"https:\/\/brandss.com.py\/index\/producto\/perfume-masculino-roberto-capucci-evento-uomo-edt-100ml\/","title":{"rendered":"PERFUME MASCULINO ROBERTO CAPUCCI EVENTO UOMO EDT 100ML"},"content":{"rendered":"<p><img loading=\"lazy\" decoding=\"async\" class=\"\" src=\"https:\/\/lenshop.gr\/images\/manufacturers\/61530262546.jpg\" alt=\"ROBERTO CAPUCCI | Lenshop.eu\" width=\"141\" height=\"82\" \/><\/p>\n<h1>EVENTO UOMO<\/h1>\n<p>Es una fragancia que captura el esp\u00edritu del hombre moderno, combinando elegancia y audacia en cada atomizaci\u00f3n. Creada para el hombre que no teme destacar, Evento Uomo es adecuada tanto para el uso diario como para ocasiones especiales. Su durabilidad y sillage aseguran que la fragancia se mantenga presente, acompa\u00f1ando al usuario a lo largo del d\u00eda sin abrumar. Esta colonia no es s\u00f3lo un accesorio, sino una declaraci\u00f3n de identidad, ideal para aquellos que buscan dejar una impresi\u00f3n memorable.<\/p>\n<p>&nbsp;<\/p>\n<h3>Notas Olfativas<\/h3>\n<p>&nbsp;<\/p>\n<nav class=\"breadcrumb mb-4 col-span-12 overflow-auto\" data-depth=\"5\"><\/nav>\n<div class=\"product-short-description text-base text-gray-500 prose\"><span dir=\"auto\">La frescura de los c\u00edtricos combinada con el sabor de las flores m\u00e1s reconocidas se mezcla con el \u00e1mbar y el almizcle para crear Capucci Evento Uomo Eau de Toilette, un producto \u00fanico y preciado para todo hombre que quiera dejar un recuerdo imborrable de sus momentos. <\/span>Este perfume se abre con una explosi\u00f3n refrescante de pi\u00f1a, bergamota, grosellas negras y manzana, una introducci\u00f3n c\u00edtrica y frutal que despierta los sentidos. La fase media revela un coraz\u00f3n complejo de abedul, pachul\u00ed, jazm\u00edn y rosa, creando un sofisticado contraste entre notas amaderadas y florales que a\u00f1aden profundidad y car\u00e1cter a la fragancia. Finalmente, su base se asienta en una c\u00e1lida mezcla de musgo de roble, almizcle blanco, \u00e1mbar gris y vainilla, aportando un toque dulce y terroso que persiste en la piel.<\/div>\n<p>Evento Uomo\u00a0de\u00a0Roberto Capucci\u00a0es una fragancia de la familia olfativa para Hombres. La Nariz detr\u00e1s de esta fragrancia es Paolo Cerizza.<\/p>\n<p><strong>Notas de salida:<\/strong> bergamota, pi\u00f1a, grosellas negras y manzana.<\/p>\n<p><strong>Notas de coraz\u00f3n:<\/strong> abedul, pachul\u00ed, jazm\u00edn y rosa.<\/p>\n<p><strong>Notas de fondo:<\/strong> musgo de roble, almizcle blanco, \u00e1mbar gris y vainilla.<\/p>\n","protected":false},"excerpt":{"rendered":"<p>EVENTO UOMO Es una fragancia que captura el esp\u00edritu del hombre moderno, combinando elegancia y audacia en cada atomizaci\u00f3n. Creada<\/p>\n","protected":false},"featured_media":89021,"comment_status":"open","ping_status":"closed","template":"","meta":{"nf_dc_page":""},"product_brand":[],"product_cat":[84],"product_tag":[],"class_list":{"0":"post-89020","1":"product","2":"type-product","3":"status-publish","4":"has-post-thumbnail","6":"product_cat-perfumeria","8":"first","9":"instock","10":"shipping-taxable","11":"purchasable","12":"product-type-simple"},"_links":{"self":[{"href":"https:\/\/brandss.com.py\/index\/wp-json\/wp\/v2\/product\/89020","targetHints":{"allow":["GET"]}}],"collection":[{"href":"https:\/\/brandss.com.py\/index\/wp-json\/wp\/v2\/product"}],"about":[{"href":"https:\/\/brandss.com.py\/index\/wp-json\/wp\/v2\/types\/product"}],"replies":[{"embeddable":true,"href":"https:\/\/brandss.com.py\/index\/wp-json\/wp\/v2\/comments?post=89020"}],"version-history":[{"count":1,"href":"https:\/\/brandss.com.py\/index\/wp-json\/wp\/v2\/product\/89020\/revisions"}],"predecessor-version":[{"id":89025,"href":"https:\/\/brandss.com.py\/index\/wp-json\/wp\/v2\/product\/89020\/revisions\/89025"}],"wp:featuredmedia":[{"embeddable":true,"href":"https:\/\/brandss.com.py\/index\/wp-json\/wp\/v2\/media\/89021"}],"wp:attachment":[{"href":"https:\/\/brandss.com.py\/index\/wp-json\/wp\/v2\/media?parent=89020"}],"wp:term":[{"taxonomy":"product_brand","embeddable":true,"href":"https:\/\/brandss.com.py\/index\/wp-json\/wp\/v2\/product_brand?post=89020"},{"taxonomy":"product_cat","embeddable":true,"href":"https:\/\/brandss.com.py\/index\/wp-json\/wp\/v2\/product_cat?post=89020"},{"taxonomy":"product_tag","embeddable":true,"href":"https:\/\/brandss.com.py\/index\/wp-json\/wp\/v2\/product_tag?post=89020"}],"curies":[{"name":"wp","href":"https:\/\/api.w.org\/{rel}","templated":true}]}}