{"id":89072,"date":"2025-08-27T18:37:58","date_gmt":"2025-08-27T18:37:58","guid":{"rendered":"https:\/\/brandss.com.py\/index\/?post_type=product&#038;p=89072"},"modified":"2025-08-27T18:38:54","modified_gmt":"2025-08-27T18:38:54","slug":"perfume-femenino-dosis-laura-marano-love-you-edp-100ml","status":"publish","type":"product","link":"https:\/\/brandss.com.py\/index\/producto\/perfume-femenino-dosis-laura-marano-love-you-edp-100ml\/","title":{"rendered":"PERFUME FEMENINO DOSIS LAURA MARANO LOVE YOU EDP 100ML"},"content":{"rendered":"<p><img loading=\"lazy\" decoding=\"async\" class=\"\" src=\"https:\/\/fimgs.net\/mdimg\/dizajneri\/o.1752.jpg\" alt=\"Dosis Fragrances Fragancias Y Colonias\" width=\"135\" height=\"54\" \/><\/p>\n<h1>LAURA MARANO LOVE YOU<\/h1>\n<p id=\"tw-target-text\" class=\"tw-data-text tw-text-large tw-ta\" dir=\"ltr\" data-placeholder=\"Traducci\u00f3n\" data-ved=\"2ahUKEwic_665zquPAxUKALkGHeXBB5UQ3ewLegQICRAV\" aria-label=\"Texto traducido: TE AMO: Una creaci\u00f3n floral afrutada con notas de bergamota, pomelo y lim\u00f3n con toques de manzana. El coraz\u00f3n combina rosa, jazm\u00edn, muguet y cereza con una base gourmande de tonka con arce, vainilla y almizcle.\"><span class=\"Y2IQFc\" lang=\"es\"> Una fragancia femenina, una creaci\u00f3n floral afrutada.<\/span><\/p>\n<div class=\"col-lg-4 col-sm-6 col-12 mb-lg-0 mb-3\">\n<div class=\"stands-out-content\">\n<div class=\"feature\"><strong><span dir=\"auto\">Aroma caracter\u00edstico<\/span><\/strong><\/div>\n<div><\/div>\n<div class=\"description\"><span dir=\"auto\">El perfume Love You de Laura Marano ofrece una mezcla \u00fanica de notas florales y frutales, garantizando una fragancia cautivadora y memorable que se destaca de las ofertas t\u00edpicas del mercado.<\/span><\/div>\n<div><\/div>\n<\/div>\n<\/div>\n<div class=\"col-lg-4 col-sm-6 col-12 mb-lg-0 mb-3\">\n<div class=\"stands-out-content\">\n<div class=\"feature\"><strong><span dir=\"auto\">F\u00f3rmula de larga duraci\u00f3n<\/span><\/strong><\/div>\n<div><\/div>\n<div class=\"description\"><span dir=\"auto\">Con una concentraci\u00f3n de Eau de Parfum, este perfume proporciona un uso duradero durante todo el d\u00eda, eliminando la necesidad de reaplicaciones frecuentes, lo que lo hace perfecto para estilos de vida ocupados.<\/span><\/div>\n<div><\/div>\n<\/div>\n<\/div>\n<div class=\"col-lg-4 col-sm-6 col-12 mb-lg-0 mb-3\">\n<div class=\"stands-out-content\">\n<div class=\"feature\"><strong><span dir=\"auto\">Embalaje elegante<\/span><\/strong><\/div>\n<div><\/div>\n<div class=\"description\"><span dir=\"auto\">El dise\u00f1o elegante y sofisticado de la botella no solo realza su tocador, sino que tambi\u00e9n la convierte en una opci\u00f3n de regalo considerada, atractiva para quienes buscan una elegante adici\u00f3n a su colecci\u00f3n de fragancias.<\/span><\/div>\n<\/div>\n<\/div>\n<h3 dir=\"ltr\" data-placeholder=\"Traducci\u00f3n\" data-ved=\"2ahUKEwic_665zquPAxUKALkGHeXBB5UQ3ewLegQICRAV\" aria-label=\"Texto traducido: TE AMO: Una creaci\u00f3n floral afrutada con notas de bergamota, pomelo y lim\u00f3n con toques de manzana. El coraz\u00f3n combina rosa, jazm\u00edn, muguet y cereza con una base gourmande de tonka con arce, vainilla y almizcle.\">Notas Olfativas<\/h3>\n<p dir=\"ltr\" data-placeholder=\"Traducci\u00f3n\" data-ved=\"2ahUKEwic_665zquPAxUKALkGHeXBB5UQ3ewLegQICRAV\" aria-label=\"Texto traducido: TE AMO: Una creaci\u00f3n floral afrutada con notas de bergamota, pomelo y lim\u00f3n con toques de manzana. El coraz\u00f3n combina rosa, jazm\u00edn, muguet y cereza con una base gourmande de tonka con arce, vainilla y almizcle.\">\n<span dir=\"auto\">Un perfume femenino<\/span><span dir=\"auto\">, lanzado en\u00a0<\/span><span dir=\"auto\">2016.<\/span><span dir=\"auto\"> Una creaci\u00f3n floral afrutado conduce con notas de bergamota, lim\u00f3n y toronja con acentos de manzana y el coraz\u00f3n con cereza, rosa, jazm\u00edn, muguet y una base de gourman de Haba Tonka con madera de arce, vainilla y almizcle.<\/span><\/p>\n<div class=\"pyramid_block nb_t w-100 mt-2\">\n<div class=\"left text-sm upper grey vt nowrap\"><strong><span dir=\"auto\">Notas de salida: <\/span><\/strong><span class=\"clickable_note_img notefont0\" data-nt=\"t\" data-n_id=\"153\"><span class=\"nowrap pointer\"><span dir=\"auto\">Manzana,<\/span><\/span><\/span> <span class=\"clickable_note_img notefont0\" data-nt=\"t\" data-n_id=\"948\"><span class=\"nowrap pointer\"><span dir=\"auto\">Pomelo,<\/span><\/span><\/span> <span class=\"clickable_note_img notefont0\" data-nt=\"t\" data-n_id=\"3177\"><span class=\"nowrap pointer\"><span dir=\"auto\">Lim\u00f3n,<\/span><\/span><\/span> <span class=\"clickable_note_img notefont0\" data-nt=\"t\" data-n_id=\"1702\"><span class=\"nowrap pointer\"><span dir=\"auto\">Mandarina.<\/span><\/span><\/span><\/div>\n<\/div>\n<div class=\"pyramid_block nb_m w-100 mt-2\">\n<div class=\"left text-sm upper grey vt nowrap\"><span dir=\"auto\"><strong>Notas de coraz\u00f3n:<\/strong> <\/span><span class=\"clickable_note_img notefont0\" data-nt=\"m\" data-n_id=\"1396\"><span class=\"nowrap pointer\"><span dir=\"auto\">Cereza,<\/span><\/span><\/span> <span class=\"clickable_note_img notefont0\" data-nt=\"m\" data-n_id=\"1217\"><span class=\"nowrap pointer\"><span dir=\"auto\">Jazm\u00edn,<\/span><\/span><\/span> <span class=\"clickable_note_img notefont0\" data-nt=\"m\" data-n_id=\"1676\"><span class=\"nowrap pointer\"><span dir=\"auto\">Lirio de los valles,<\/span><\/span><\/span> <span class=\"clickable_note_img notefont0\" data-nt=\"m\" data-n_id=\"2412\"><span class=\"nowrap pointer\"><span dir=\"auto\">Rosa.<\/span><\/span><\/span><\/div>\n<\/div>\n<div class=\"pyramid_block nb_b w-100 mt-2\">\n<div class=\"left text-sm upper grey vt nowrap\"><strong><span dir=\"auto\">Notas de fondo: <\/span><\/strong><span class=\"clickable_note_img notefont0\" data-nt=\"b\" data-n_id=\"26\"><span class=\"nowrap pointer\"><span dir=\"auto\">Arce,<\/span><\/span><\/span> <span class=\"clickable_note_img notefont0\" data-nt=\"b\" data-n_id=\"1894\"><span class=\"nowrap pointer\"><span dir=\"auto\">Almizcle,<\/span><\/span><\/span> <span class=\"clickable_note_img notefont0\" data-nt=\"b\" data-n_id=\"2830\"><span class=\"nowrap pointer\"><span dir=\"auto\">Haba tonka,<\/span><\/span><\/span> <span class=\"clickable_note_img notefont0\" data-nt=\"b\" data-n_id=\"2871\"><span class=\"nowrap pointer\"><span dir=\"auto\">Vainilla.<\/span><\/span><\/span><\/div>\n<\/div>\n","protected":false},"excerpt":{"rendered":"<p>LAURA MARANO LOVE YOU Una fragancia femenina, una creaci\u00f3n floral afrutada. Aroma caracter\u00edstico El perfume Love You de Laura Marano<\/p>\n","protected":false},"featured_media":89073,"comment_status":"open","ping_status":"closed","template":"","meta":{"nf_dc_page":""},"product_brand":[],"product_cat":[84],"product_tag":[],"class_list":{"0":"post-89072","1":"product","2":"type-product","3":"status-publish","4":"has-post-thumbnail","6":"product_cat-perfumeria","8":"first","9":"instock","10":"shipping-taxable","11":"purchasable","12":"product-type-simple"},"_links":{"self":[{"href":"https:\/\/brandss.com.py\/index\/wp-json\/wp\/v2\/product\/89072","targetHints":{"allow":["GET"]}}],"collection":[{"href":"https:\/\/brandss.com.py\/index\/wp-json\/wp\/v2\/product"}],"about":[{"href":"https:\/\/brandss.com.py\/index\/wp-json\/wp\/v2\/types\/product"}],"replies":[{"embeddable":true,"href":"https:\/\/brandss.com.py\/index\/wp-json\/wp\/v2\/comments?post=89072"}],"version-history":[{"count":1,"href":"https:\/\/brandss.com.py\/index\/wp-json\/wp\/v2\/product\/89072\/revisions"}],"predecessor-version":[{"id":89077,"href":"https:\/\/brandss.com.py\/index\/wp-json\/wp\/v2\/product\/89072\/revisions\/89077"}],"wp:featuredmedia":[{"embeddable":true,"href":"https:\/\/brandss.com.py\/index\/wp-json\/wp\/v2\/media\/89073"}],"wp:attachment":[{"href":"https:\/\/brandss.com.py\/index\/wp-json\/wp\/v2\/media?parent=89072"}],"wp:term":[{"taxonomy":"product_brand","embeddable":true,"href":"https:\/\/brandss.com.py\/index\/wp-json\/wp\/v2\/product_brand?post=89072"},{"taxonomy":"product_cat","embeddable":true,"href":"https:\/\/brandss.com.py\/index\/wp-json\/wp\/v2\/product_cat?post=89072"},{"taxonomy":"product_tag","embeddable":true,"href":"https:\/\/brandss.com.py\/index\/wp-json\/wp\/v2\/product_tag?post=89072"}],"curies":[{"name":"wp","href":"https:\/\/api.w.org\/{rel}","templated":true}]}}