{"id":89125,"date":"2025-08-28T17:13:49","date_gmt":"2025-08-28T17:13:49","guid":{"rendered":"https:\/\/brandss.com.py\/index\/?post_type=product&#038;p=89125"},"modified":"2025-11-24T18:10:46","modified_gmt":"2025-11-24T18:10:46","slug":"perfume-femenino-mush-mush-oriental-nibres-set-de-4-piezas","status":"publish","type":"product","link":"https:\/\/brandss.com.py\/index\/producto\/perfume-femenino-mush-mush-oriental-nibres-set-de-4-piezas\/","title":{"rendered":"PERFUME FEMENINO MUSH MUSH ORIENTAL NIBRES SET DE 4 PIEZAS"},"content":{"rendered":"<p><img loading=\"lazy\" decoding=\"async\" class=\"\" src=\"https:\/\/mushmushperfumes.com\/cdn\/shop\/files\/Mush_mush_logo_4.png?v=1723831141&amp;width=240\" alt=\"Mush Mush\" width=\"96\" height=\"96\" \/><\/p>\n<h1>ORIENTAL NIBRES<\/h1>\n<p data-start=\"94\" data-end=\"529\"><span dir=\"auto\">Es una vibrante fragancia floral-frutal que combina delicadas flores, frutas frescas y c\u00e1lidos matices para un aroma equilibrado y duradero.<\/span><\/p>\n<h1 data-start=\"531\" data-end=\"558\"><span dir=\"auto\">Notas Olfativas<\/span><\/h1>\n<p><span dir=\"auto\"> La fragancia se abre con flor de peral, frutos rojos y mandarina, creando un comienzo brillante y refrescante. Las notas de coraz\u00f3n de gardenia, jazm\u00edn y frangipani aportan una profundidad floral, mientras que el fondo de az\u00facar moreno y pachul\u00ed aporta calidez y una sutil dulzura. Este perfume floral de larga duraci\u00f3n es ideal tanto para ocasiones casuales como formales, y ofrece una mezcla de c\u00edtricos frescos, florales suaves y c\u00e1lidos acordes gourmand.<\/span><\/p>\n<p data-start=\"559\" data-end=\"708\"><span dir=\"auto\">\u2714 <strong>Notas de salida:<\/strong> flor de peral, frutos rojos, mandarina.<\/span><br data-start=\"611\" data-end=\"614\" \/><span dir=\"auto\">\u2714<strong> Notas de coraz\u00f3n:<\/strong> gardenia, jazm\u00edn, frangipani.<\/span><br data-start=\"663\" data-end=\"666\" \/><span dir=\"auto\">\u2714<strong> Notas de fondo:<\/strong> az\u00facar moreno, pachul\u00ed.<\/span><\/p>\n<p data-start=\"710\" data-end=\"871\">\n<p data-start=\"710\" data-end=\"871\"><strong>Este set incluye:<\/strong><\/p>\n<p data-start=\"710\" data-end=\"871\">\n<p data-start=\"710\" data-end=\"871\">1 Eau de Parfum 100ml.<br \/>\n1 EDP en formato viaje 15ml.<br \/>\n1 Bruma corporal nutritiva 110 ml.<br \/>\n1 Loci\u00f3n corporal hidratante 150ml.<\/p>\n","protected":false},"excerpt":{"rendered":"<p>ORIENTAL NIBRES Es una vibrante fragancia floral-frutal que combina delicadas flores, frutas frescas y c\u00e1lidos matices para un aroma equilibrado<\/p>\n","protected":false},"featured_media":89126,"comment_status":"open","ping_status":"closed","template":"","meta":{"nf_dc_page":""},"product_brand":[96],"product_cat":[84],"product_tag":[1476],"class_list":{"0":"post-89125","1":"product","2":"type-product","3":"status-publish","4":"has-post-thumbnail","6":"product_brand-mush-mush","7":"product_cat-perfumeria","8":"product_tag-1476","10":"first","11":"outofstock","12":"shipping-taxable","13":"purchasable","14":"product-type-simple"},"_links":{"self":[{"href":"https:\/\/brandss.com.py\/index\/wp-json\/wp\/v2\/product\/89125","targetHints":{"allow":["GET"]}}],"collection":[{"href":"https:\/\/brandss.com.py\/index\/wp-json\/wp\/v2\/product"}],"about":[{"href":"https:\/\/brandss.com.py\/index\/wp-json\/wp\/v2\/types\/product"}],"replies":[{"embeddable":true,"href":"https:\/\/brandss.com.py\/index\/wp-json\/wp\/v2\/comments?post=89125"}],"version-history":[{"count":1,"href":"https:\/\/brandss.com.py\/index\/wp-json\/wp\/v2\/product\/89125\/revisions"}],"predecessor-version":[{"id":89128,"href":"https:\/\/brandss.com.py\/index\/wp-json\/wp\/v2\/product\/89125\/revisions\/89128"}],"wp:featuredmedia":[{"embeddable":true,"href":"https:\/\/brandss.com.py\/index\/wp-json\/wp\/v2\/media\/89126"}],"wp:attachment":[{"href":"https:\/\/brandss.com.py\/index\/wp-json\/wp\/v2\/media?parent=89125"}],"wp:term":[{"taxonomy":"product_brand","embeddable":true,"href":"https:\/\/brandss.com.py\/index\/wp-json\/wp\/v2\/product_brand?post=89125"},{"taxonomy":"product_cat","embeddable":true,"href":"https:\/\/brandss.com.py\/index\/wp-json\/wp\/v2\/product_cat?post=89125"},{"taxonomy":"product_tag","embeddable":true,"href":"https:\/\/brandss.com.py\/index\/wp-json\/wp\/v2\/product_tag?post=89125"}],"curies":[{"name":"wp","href":"https:\/\/api.w.org\/{rel}","templated":true}]}}