{"id":89129,"date":"2025-08-29T16:52:15","date_gmt":"2025-08-29T16:52:15","guid":{"rendered":"https:\/\/brandss.com.py\/index\/?post_type=product&#038;p=89129"},"modified":"2026-03-16T16:47:14","modified_gmt":"2026-03-16T16:47:14","slug":"mascara-capilar-ecolchi-de-colageno-y-manteca-de-karite-550ml","status":"publish","type":"product","link":"https:\/\/brandss.com.py\/index\/producto\/mascara-capilar-ecolchi-de-colageno-y-manteca-de-karite-550ml\/","title":{"rendered":"M\u00c1SCARA CAPILAR ECOLCHI COLLAGEN SHEA BUTTER 550ML"},"content":{"rendered":"<p><img loading=\"lazy\" decoding=\"async\" class=\"\" src=\"https:\/\/makemore.cl\/web\/image\/328548\/cropped-Ecolchi-logo-700x200-1.png\" alt=\"INICIO | MAKEMORE\" width=\"137\" height=\"39\" \/><\/p>\n<p>&nbsp;<\/p>\n<h1>COLLAGEN SHEA BUTTER<\/h1>\n<p>Es un tratamiento capilar intensivo que hidrata, repara y nutre profundamente el cabello seco, da\u00f1ado o encrespado. Su f\u00f3rmula combina col\u00e1geno hidrolizado, manteca de karit\u00e9, aceite de arg\u00e1n y keratina org\u00e1nica para dejar el cabello m\u00e1s suave, brillante y resistente desde la primera aplicaci\u00f3n. Controla el frizz, aporta brillo saludable y reestructura la fibra capilar, dejando una sensaci\u00f3n manejable, ligera y naturalmente luminosa. Apto para todo tipo de cabello, especialmente te\u00f1ido o expuesto al calor.<\/p>\n<h3>Beneficios<img decoding=\"async\" class=\"alignleft\" src=\"https:\/\/http2.mlstatic.com\/D_NQ_NP_672103-MLC87725300590_072025-O-ecolchi-ecolchi-pro-collagen-shea-butter-hair-mask.webp\" \/><\/h3>\n<ul>\n<li>Acondicionamiento profundo del cabello<\/li>\n<li>Ingredientes naturales: infundido con col\u00e1geno, manteca de karit\u00e9 y aceite de arg\u00e1n rico, creando hebras fuertes, sedosas y suaves.<\/li>\n<li>Reparaci\u00f3n profunda: Proporciona una nutrici\u00f3n intensiva y repara el cabello seco y da\u00f1ado, mejorando la textura del cabello r\u00e1pidamente.<\/li>\n<li>F\u00f3rmula libre de sulfato: Adecuado para todo tipo de cabello, especialmente cabello tratado con color y procesado qu\u00edmicamente, que ofrece un cuidado suave.<\/li>\n<li>Tratamiento de acci\u00f3n r\u00e1pida: mejora notable del cabello en poco tiempo, dejando su cabello sano y brillante.<\/li>\n<li>Tama\u00f1o Familiar: El frasco de 18.60 oz proporciona un tratamiento acondicionador duradero, perfecto para que toda la familia disfrute de un cabello saludable y nutrido.<\/li>\n<li>Ingredientes naturales: infundido con col\u00e1geno, manteca de karit\u00e9 y aceite de arg\u00e1n rico, creando hebras fuertes, sedosas y suaves.<\/li>\n<li>Reparaci\u00f3n profunda: Proporciona una nutrici\u00f3n intensiva y repara el cabello seco y da\u00f1ado, mejorando la textura del cabello r\u00e1pidamente.<\/li>\n<li>F\u00f3rmula libre de sulfato: Adecuado para todo tipo de cabello, especialmente cabello tratado con color y procesado qu\u00edmicamente, que ofrece un cuidado suave.<\/li>\n<li>Tratamiento de acci\u00f3n r\u00e1pida: mejora notable del cabello en poco tiempo, dejando su cabello sano y brillante.<\/li>\n<\/ul>\n<p><br data-start=\"761\" data-end=\"764\" \/>\ud83d\udc07\u00a0<strong data-start=\"767\" data-end=\"783\">Cruelty Free<\/p>\n<p>Contenido:\u00a0550 ml<\/p>\n<p>Modo de uso:\u00a0<\/strong>Lava tu cabello con shampoo y retira el exceso de agua. Aplica una cantidad generosa de la mascarilla de medios a puntas y deja actuar de 5 a 10 minutos. Enjuaga bien con agua tibia. Se recomienda usar de 1 a 3 veces por semana seg\u00fan la necesidad del cabello. Luego de aplicar y secar, puedes finalizar planchando el cabello para sellar la mascarilla.<\/p>\n","protected":false},"excerpt":{"rendered":"<p>&nbsp; COLLAGEN SHEA BUTTER Es un tratamiento capilar intensivo que hidrata, repara y nutre profundamente el cabello seco, da\u00f1ado o<\/p>\n","protected":false},"featured_media":91259,"comment_status":"open","ping_status":"closed","template":"","meta":{"nf_dc_page":""},"product_brand":[756],"product_cat":[85],"product_tag":[762],"class_list":{"0":"post-89129","1":"product","2":"type-product","3":"status-publish","4":"has-post-thumbnail","6":"product_brand-ecolchi-pro","7":"product_cat-cosmeticos","8":"product_tag-762","10":"first","11":"instock","12":"shipping-taxable","13":"purchasable","14":"product-type-simple"},"_links":{"self":[{"href":"https:\/\/brandss.com.py\/index\/wp-json\/wp\/v2\/product\/89129","targetHints":{"allow":["GET"]}}],"collection":[{"href":"https:\/\/brandss.com.py\/index\/wp-json\/wp\/v2\/product"}],"about":[{"href":"https:\/\/brandss.com.py\/index\/wp-json\/wp\/v2\/types\/product"}],"replies":[{"embeddable":true,"href":"https:\/\/brandss.com.py\/index\/wp-json\/wp\/v2\/comments?post=89129"}],"version-history":[{"count":3,"href":"https:\/\/brandss.com.py\/index\/wp-json\/wp\/v2\/product\/89129\/revisions"}],"predecessor-version":[{"id":91260,"href":"https:\/\/brandss.com.py\/index\/wp-json\/wp\/v2\/product\/89129\/revisions\/91260"}],"wp:featuredmedia":[{"embeddable":true,"href":"https:\/\/brandss.com.py\/index\/wp-json\/wp\/v2\/media\/91259"}],"wp:attachment":[{"href":"https:\/\/brandss.com.py\/index\/wp-json\/wp\/v2\/media?parent=89129"}],"wp:term":[{"taxonomy":"product_brand","embeddable":true,"href":"https:\/\/brandss.com.py\/index\/wp-json\/wp\/v2\/product_brand?post=89129"},{"taxonomy":"product_cat","embeddable":true,"href":"https:\/\/brandss.com.py\/index\/wp-json\/wp\/v2\/product_cat?post=89129"},{"taxonomy":"product_tag","embeddable":true,"href":"https:\/\/brandss.com.py\/index\/wp-json\/wp\/v2\/product_tag?post=89129"}],"curies":[{"name":"wp","href":"https:\/\/api.w.org\/{rel}","templated":true}]}}