{"id":89154,"date":"2025-08-29T11:40:41","date_gmt":"2025-08-29T11:40:41","guid":{"rendered":"https:\/\/brandss.com.py\/index\/?post_type=product&#038;p=89154"},"modified":"2025-08-29T11:41:34","modified_gmt":"2025-08-29T11:41:34","slug":"perfume-masculino-mb-parfums-victorious-blue-edp-100ml","status":"publish","type":"product","link":"https:\/\/brandss.com.py\/index\/producto\/perfume-masculino-mb-parfums-victorious-blue-edp-100ml\/","title":{"rendered":"PERFUME MASCULINO MB PARFUMS VICTORIOUS BLUE EDP 100ML"},"content":{"rendered":"<p><img loading=\"lazy\" decoding=\"async\" class=\"\" src=\"https:\/\/cdn.dotpe.in\/longtail\/store-logo\/6392735\/MNlh6zDM.jpeg\" alt=\"MB Perfumes &amp;amp; Petrova Cosmetics, MUMBAI - Order Online\" width=\"148\" height=\"148\" \/><\/p>\n<h1>VICTORIOUS BLUE<\/h1>\n<p><span dir=\"auto\">Emb\u00e1rcate en un viaje de triunfo y \u00e9xito con VICTORIOUS BLUE, una fragancia estimulante dise\u00f1ada para evocar el esp\u00edritu de victoria y logro. Es una fragancia imponente y sofisticada que irradia confianza y fuerza. Victorious Blue est\u00e1 dise\u00f1ado para la persona moderna que irradia autoridad y elegancia, causando una impresi\u00f3n audaz e inolvidable.<\/span><\/p>\n<p>&nbsp;<\/p>\n<h3>Notas Olfativas<\/h3>\n<p>&nbsp;<\/p>\n<p><span dir=\"auto\">La fragancia se abre con una vibrante y refrescante mezcla de bergamota de Calabria, frescas notas acu\u00e1ticas, pomelo c\u00edtrico y el toque \u00fanico de hoja de higuera, creando una entrada vigorizante y din\u00e1mica. El coraz\u00f3n se despliega con una rica y compleja combinaci\u00f3n de ambroxan, pimienta negra picante, pachul\u00ed terroso y los matices verdes y arom\u00e1ticos de hoja de violeta y papiro, que aportan profundidad e intriga. Las notas de fondo proporcionan un final potente y duradero con la calidez ahumada del incienso, la sensualidad del almizcle, la dulce riqueza del haba tonka y el lujoso toque de azafr\u00e1n. MB<\/span><\/p>\n<p>&nbsp;<\/p>\n<p><span dir=\"auto\"><strong>Notas de salida:<\/strong> bergamota de calabria, notas acu\u00e1ticas, pomelo y hojas de higuera.<\/span><\/p>\n<p><span dir=\"auto\"><strong>Notas de coraz\u00f3n:<\/strong> ambroxan, pimienta negra, pachul\u00ed, hojas de violeta y papiro.<\/span><\/p>\n<p><span dir=\"auto\"><strong>Notas de fondo:<\/strong> incienso, almizcle, haba tonka y azafr\u00e1n.<\/span><\/p>\n","protected":false},"excerpt":{"rendered":"<p>VICTORIOUS BLUE Emb\u00e1rcate en un viaje de triunfo y \u00e9xito con VICTORIOUS BLUE, una fragancia estimulante dise\u00f1ada para evocar el<\/p>\n","protected":false},"featured_media":89155,"comment_status":"open","ping_status":"closed","template":"","meta":{"nf_dc_page":""},"product_brand":[98],"product_cat":[84],"product_tag":[],"class_list":{"0":"post-89154","1":"product","2":"type-product","3":"status-publish","4":"has-post-thumbnail","6":"product_brand-mb-parfums","7":"product_cat-perfumeria","9":"first","10":"instock","11":"shipping-taxable","12":"purchasable","13":"product-type-simple"},"_links":{"self":[{"href":"https:\/\/brandss.com.py\/index\/wp-json\/wp\/v2\/product\/89154","targetHints":{"allow":["GET"]}}],"collection":[{"href":"https:\/\/brandss.com.py\/index\/wp-json\/wp\/v2\/product"}],"about":[{"href":"https:\/\/brandss.com.py\/index\/wp-json\/wp\/v2\/types\/product"}],"replies":[{"embeddable":true,"href":"https:\/\/brandss.com.py\/index\/wp-json\/wp\/v2\/comments?post=89154"}],"version-history":[{"count":1,"href":"https:\/\/brandss.com.py\/index\/wp-json\/wp\/v2\/product\/89154\/revisions"}],"predecessor-version":[{"id":89159,"href":"https:\/\/brandss.com.py\/index\/wp-json\/wp\/v2\/product\/89154\/revisions\/89159"}],"wp:featuredmedia":[{"embeddable":true,"href":"https:\/\/brandss.com.py\/index\/wp-json\/wp\/v2\/media\/89155"}],"wp:attachment":[{"href":"https:\/\/brandss.com.py\/index\/wp-json\/wp\/v2\/media?parent=89154"}],"wp:term":[{"taxonomy":"product_brand","embeddable":true,"href":"https:\/\/brandss.com.py\/index\/wp-json\/wp\/v2\/product_brand?post=89154"},{"taxonomy":"product_cat","embeddable":true,"href":"https:\/\/brandss.com.py\/index\/wp-json\/wp\/v2\/product_cat?post=89154"},{"taxonomy":"product_tag","embeddable":true,"href":"https:\/\/brandss.com.py\/index\/wp-json\/wp\/v2\/product_tag?post=89154"}],"curies":[{"name":"wp","href":"https:\/\/api.w.org\/{rel}","templated":true}]}}