{"id":89224,"date":"2025-08-29T17:35:14","date_gmt":"2025-08-29T17:35:14","guid":{"rendered":"https:\/\/brandss.com.py\/index\/?post_type=product&#038;p=89224"},"modified":"2025-08-29T17:36:15","modified_gmt":"2025-08-29T17:36:15","slug":"perfume-femenino-mb-parfums-gold-medal-fantastic-edp-100ml","status":"publish","type":"product","link":"https:\/\/brandss.com.py\/index\/producto\/perfume-femenino-mb-parfums-gold-medal-fantastic-edp-100ml\/","title":{"rendered":"PERFUME FEMENINO MB PARFUMS GOLD MEDAL FANTASTIC EDP 100ML"},"content":{"rendered":"<p><img loading=\"lazy\" decoding=\"async\" class=\"\" src=\"https:\/\/cdn.dotpe.in\/longtail\/store-logo\/6392735\/MNlh6zDM.jpeg\" alt=\"MB Perfumes &amp;amp; Petrova Cosmetics, MUMBAI - Order Online\" width=\"74\" height=\"74\" \/><\/p>\n<h1>GOLD MEDAL FANTASTIC<\/h1>\n<p><span dir=\"auto\">Gold Medal Fantastic es una fragancia radiante y cautivadora que evoca la sensaci\u00f3n de logro y elegancia. Gold Medal Fantastic est\u00e1 dise\u00f1ada para la mujer que celebra sus \u00e9xitos con estilo y gracia, dejando una huella memorable y encantadora dondequiera que vaya. Descubre la esencia de la elegancia con Gold Medal Fantastic, una fragancia que captura la sofisticaci\u00f3n y el glamour en cada gota.<\/span><\/p>\n<p><img loading=\"lazy\" decoding=\"async\" class=\"alignleft\" src=\"https:\/\/m.media-amazon.com\/images\/I\/81VTfhS4L6L._SY679_.jpg\" width=\"269\" height=\"359\" \/><\/p>\n<h3>Notas Olfativas<\/h3>\n<p>&nbsp;<\/p>\n<p><span dir=\"auto\">La fragancia se abre con una chispeante mezcla de mandarina y pimienta rosa, ofreciendo una entrada vibrante y vivaz que capta la atenci\u00f3n al instante. El coraz\u00f3n de la fragancia se despliega con una luminosa combinaci\u00f3n de notas solares, nardos, jazm\u00edn e ylang-ylang, creando un rico bouquet floral que irradia sofisticaci\u00f3n y calidez. A medida que la fragancia se asienta, las notas de fondo de vainilla cremosa, haba tonka dulce y musgo terroso proporcionan un final lujoso y duradero, envolvi\u00e9ndote en un abrazo c\u00e1lido y reconfortante. <\/span><\/p>\n<p><span dir=\"auto\"><strong>Notas de salida:<\/strong> mandarina y pimienta rosa.<\/span><\/p>\n<p><span dir=\"auto\"><strong>Notas de coraz\u00f3n:<\/strong> notas solares, nardos, jazm\u00edn y ylang-ylang.<\/span><\/p>\n<p><span dir=\"auto\"><strong>Notas de fondo:<\/strong> vainilla, haba tonka y musgo.<\/span><\/p>\n","protected":false},"excerpt":{"rendered":"<p>GOLD MEDAL FANTASTIC Gold Medal Fantastic es una fragancia radiante y cautivadora que evoca la sensaci\u00f3n de logro y elegancia.<\/p>\n","protected":false},"featured_media":89225,"comment_status":"open","ping_status":"closed","template":"","meta":{"nf_dc_page":""},"product_brand":[98],"product_cat":[84],"product_tag":[],"class_list":{"0":"post-89224","1":"product","2":"type-product","3":"status-publish","4":"has-post-thumbnail","6":"product_brand-mb-parfums","7":"product_cat-perfumeria","9":"first","10":"instock","11":"shipping-taxable","12":"purchasable","13":"product-type-simple"},"_links":{"self":[{"href":"https:\/\/brandss.com.py\/index\/wp-json\/wp\/v2\/product\/89224","targetHints":{"allow":["GET"]}}],"collection":[{"href":"https:\/\/brandss.com.py\/index\/wp-json\/wp\/v2\/product"}],"about":[{"href":"https:\/\/brandss.com.py\/index\/wp-json\/wp\/v2\/types\/product"}],"replies":[{"embeddable":true,"href":"https:\/\/brandss.com.py\/index\/wp-json\/wp\/v2\/comments?post=89224"}],"version-history":[{"count":1,"href":"https:\/\/brandss.com.py\/index\/wp-json\/wp\/v2\/product\/89224\/revisions"}],"predecessor-version":[{"id":89228,"href":"https:\/\/brandss.com.py\/index\/wp-json\/wp\/v2\/product\/89224\/revisions\/89228"}],"wp:featuredmedia":[{"embeddable":true,"href":"https:\/\/brandss.com.py\/index\/wp-json\/wp\/v2\/media\/89225"}],"wp:attachment":[{"href":"https:\/\/brandss.com.py\/index\/wp-json\/wp\/v2\/media?parent=89224"}],"wp:term":[{"taxonomy":"product_brand","embeddable":true,"href":"https:\/\/brandss.com.py\/index\/wp-json\/wp\/v2\/product_brand?post=89224"},{"taxonomy":"product_cat","embeddable":true,"href":"https:\/\/brandss.com.py\/index\/wp-json\/wp\/v2\/product_cat?post=89224"},{"taxonomy":"product_tag","embeddable":true,"href":"https:\/\/brandss.com.py\/index\/wp-json\/wp\/v2\/product_tag?post=89224"}],"curies":[{"name":"wp","href":"https:\/\/api.w.org\/{rel}","templated":true}]}}