{"id":89391,"date":"2025-09-01T13:07:37","date_gmt":"2025-09-01T13:07:37","guid":{"rendered":"https:\/\/brandss.com.py\/index\/?post_type=product&#038;p=89391"},"modified":"2025-09-01T13:08:36","modified_gmt":"2025-09-01T13:08:36","slug":"serum-facial-cosmo-hyamarine-30ml","status":"publish","type":"product","link":"https:\/\/brandss.com.py\/index\/producto\/serum-facial-cosmo-hyamarine-30ml\/","title":{"rendered":"S\u00c9RUM FACIAL COSMO HYAMARINE 30ML"},"content":{"rendered":"<p><img loading=\"lazy\" decoding=\"async\" class=\"\" src=\"https:\/\/cosmocosmetics.ae\/cdn\/shop\/files\/logo-cosmo-regeister.png?v=1729761767&amp;width=340\" width=\"170\" height=\"36\" \/><\/p>\n<h1>HYAMARINE<\/h1>\n<p><strong><span dir=\"auto\"><em>Una piel m\u00e1s suave y tersa empieza por debajo de la superficie.<\/em><\/span><\/strong><\/p>\n<p><span dir=\"auto\">Presentamos\u00a0<\/span><span dir=\"auto\">el S\u00e9rum Facial HyaMarine<\/span><span dir=\"auto\">\u00a0, un hidratante ligero de \u00faltima generaci\u00f3n que ofrece los beneficios del \u00e1cido hialur\u00f3nico\u00a0<\/span><span dir=\"auto\">sin la sensaci\u00f3n pegajosa<\/span><span dir=\"auto\">\u00a0. Especialmente formulado para\u00a0<\/span><span dir=\"auto\">combatir la sequedad y la aspereza<\/span><span dir=\"auto\">\u00a0, este s\u00e9rum proporciona una hidrataci\u00f3n intensa\u00a0<\/span><span dir=\"auto\">bajo la superficie de la piel<\/span><span dir=\"auto\">\u00a0, dejando tu cutis visiblemente\u00a0<\/span><span dir=\"auto\">m\u00e1s suave, terso y radiante<\/span><span dir=\"auto\">\u00a0.<\/span><br \/>\n<span dir=\"auto\">Perfecto para\u00a0<\/span><span dir=\"auto\">todo tipo de piel<\/span><span dir=\"auto\">\u00a0, incluida la piel sensible, HyaMarine mejora la elasticidad de la piel, favorece la retenci\u00f3n de humedad y le da a tu piel un\u00a0<\/span><span dir=\"auto\">brillo renovado y juvenil,<\/span><span dir=\"auto\">\u00a0lo que lo convierte en un elemento esencial diario en tu rutina de cuidado de la piel.<\/span><\/p>\n<h3><strong><span dir=\"auto\">Caracter\u00edsticas principales:<\/span><\/strong><\/h3>\n<p><span dir=\"auto\">&#8211;\u00a0<\/span><strong><span dir=\"auto\">Hidrataci\u00f3n profunda:<\/span><\/strong><span dir=\"auto\">\u00a0penetra en la piel para proporcionar una hidrataci\u00f3n duradera<\/span><br \/>\n<span dir=\"auto\">&#8211;\u00a0<\/span><strong><span dir=\"auto\">F\u00f3rmula alternativa al HA:<\/span><\/strong><span dir=\"auto\">\u00a0ofrece los beneficios del \u00e1cido hialur\u00f3nico sin sensaci\u00f3n de pesadez<\/span><br \/>\n<span dir=\"auto\">&#8211;\u00a0<\/span><strong><span dir=\"auto\">Suaviza y rellena:<\/span><\/strong><span dir=\"auto\">\u00a0deja la piel suave, flexible y voluminosa<\/span><br \/>\n<span dir=\"auto\">&#8211;\u00a0<\/span><strong><span dir=\"auto\">Mejora la elasticidad:<\/span><\/strong><span dir=\"auto\">\u00a0aumenta la firmeza y el rebote de la piel<\/span><br \/>\n<span dir=\"auto\">&#8211;\u00a0<\/span><strong><span dir=\"auto\">Suave y ligero:<\/span><\/strong><span dir=\"auto\">\u00a0perfecto para aplicar en capas debajo de otros productos<\/span><br \/>\n<span dir=\"auto\">&#8211;\u00a0<\/span><strong><span dir=\"auto\">Apto para todo tipo de piel:<\/span><\/strong><span dir=\"auto\">\u00a0ideal para piel seca, \u00e1spera o deshidratada<\/span><\/p>\n<h3>Beneficios<\/h3>\n<ul>\n<li><span dir=\"auto\">Alternativa al \u00e1cido hialur\u00f3nico para una hidrataci\u00f3n profunda<\/span><\/li>\n<li><span dir=\"auto\">Suaviza la textura \u00e1spera y la sequedad.<\/span><\/li>\n<li><span dir=\"auto\">Mejora la elasticidad y la tersura.<\/span><\/li>\n<li><span dir=\"auto\">F\u00f3rmula ligera y de r\u00e1pida absorci\u00f3n.<\/span><\/li>\n<li><span dir=\"auto\">Seguro para todo tipo de piel.<\/span><\/li>\n<\/ul>\n<h3><strong><span dir=\"auto\">Modo de empleo:<\/span><\/strong><\/h3>\n<p><span dir=\"auto\">Aplique 2 o 3 gotas sobre el rostro y el cuello limpios y ligeramente h\u00famedos.<\/span><br \/>\n<span dir=\"auto\">D\u00e9 suaves toques hasta su absorci\u00f3n. A continuaci\u00f3n, aplique la crema hidratante.<\/span><br \/>\n<span dir=\"auto\">\u00daselo por la ma\u00f1ana y por la noche para obtener resultados \u00f3ptimos.<\/span><\/p>\n","protected":false},"excerpt":{"rendered":"<p>HYAMARINE Una piel m\u00e1s suave y tersa empieza por debajo de la superficie. Presentamos\u00a0el S\u00e9rum Facial HyaMarine\u00a0, un hidratante ligero<\/p>\n","protected":false},"featured_media":89392,"comment_status":"open","ping_status":"closed","template":"","meta":{"nf_dc_page":""},"product_brand":[103],"product_cat":[104],"product_tag":[],"class_list":{"0":"post-89391","1":"product","2":"type-product","3":"status-publish","4":"has-post-thumbnail","6":"product_brand-cosmo","7":"product_cat-skin-care","9":"first","10":"instock","11":"shipping-taxable","12":"purchasable","13":"product-type-simple"},"_links":{"self":[{"href":"https:\/\/brandss.com.py\/index\/wp-json\/wp\/v2\/product\/89391","targetHints":{"allow":["GET"]}}],"collection":[{"href":"https:\/\/brandss.com.py\/index\/wp-json\/wp\/v2\/product"}],"about":[{"href":"https:\/\/brandss.com.py\/index\/wp-json\/wp\/v2\/types\/product"}],"replies":[{"embeddable":true,"href":"https:\/\/brandss.com.py\/index\/wp-json\/wp\/v2\/comments?post=89391"}],"version-history":[{"count":1,"href":"https:\/\/brandss.com.py\/index\/wp-json\/wp\/v2\/product\/89391\/revisions"}],"predecessor-version":[{"id":89394,"href":"https:\/\/brandss.com.py\/index\/wp-json\/wp\/v2\/product\/89391\/revisions\/89394"}],"wp:featuredmedia":[{"embeddable":true,"href":"https:\/\/brandss.com.py\/index\/wp-json\/wp\/v2\/media\/89392"}],"wp:attachment":[{"href":"https:\/\/brandss.com.py\/index\/wp-json\/wp\/v2\/media?parent=89391"}],"wp:term":[{"taxonomy":"product_brand","embeddable":true,"href":"https:\/\/brandss.com.py\/index\/wp-json\/wp\/v2\/product_brand?post=89391"},{"taxonomy":"product_cat","embeddable":true,"href":"https:\/\/brandss.com.py\/index\/wp-json\/wp\/v2\/product_cat?post=89391"},{"taxonomy":"product_tag","embeddable":true,"href":"https:\/\/brandss.com.py\/index\/wp-json\/wp\/v2\/product_tag?post=89391"}],"curies":[{"name":"wp","href":"https:\/\/api.w.org\/{rel}","templated":true}]}}