{"id":89402,"date":"2025-09-01T14:02:24","date_gmt":"2025-09-01T14:02:24","guid":{"rendered":"https:\/\/brandss.com.py\/index\/?post_type=product&#038;p=89402"},"modified":"2026-02-13T10:59:42","modified_gmt":"2026-02-13T10:59:42","slug":"serum-facial-cosmo-hydroxypinacolone-0-5-retinoate-30ml","status":"publish","type":"product","link":"https:\/\/brandss.com.py\/index\/producto\/serum-facial-cosmo-hydroxypinacolone-0-5-retinoate-30ml\/","title":{"rendered":"S\u00c9RUM FACIAL COSMO HYDROXYPINACOLONE 0.5% RETINOATE 30ML"},"content":{"rendered":"<p><img loading=\"lazy\" decoding=\"async\" class=\"\" src=\"https:\/\/cosmocosmetics.ae\/cdn\/shop\/files\/logo-cosmo-regeister.png?v=1729761767&amp;width=340\" width=\"165\" height=\"35\" \/><\/p>\n<h1>HYDROXYPINACOLONE 0.5% RETINOATE<\/h1>\n<p><em><strong><span dir=\"auto\">Refina. Renueva. Restaura.<\/span><\/strong><\/em><\/p>\n<p><span dir=\"auto\">Experimenta el poder del\u00a0<\/span><span dir=\"auto\">Retinol al 0.5%<\/span><span dir=\"auto\">\u00a0, un ingrediente antienvejecimiento comprobado, combinado con\u00a0<\/span><span dir=\"auto\">Escualano<\/span><span dir=\"auto\">\u00a0para hidratar y nutrir profundamente tu piel. Este s\u00e9rum ligero ayuda\u00a0<\/span><span dir=\"auto\">a reducir la apariencia de l\u00edneas de expresi\u00f3n<\/span><span dir=\"auto\">, suavizar la textura de la piel y unificar el tono, revelando una tez m\u00e1s fresca y radiante con el tiempo.<\/span><br \/>\n<span dir=\"auto\">La adici\u00f3n de\u00a0<\/span><span dir=\"auto\">escualano<\/span><span dir=\"auto\">, un humectante id\u00e9ntico a la piel, ayuda a combatir la sequedad y la descamaci\u00f3n que suelen asociarse con el retinol, lo que hace que esta f\u00f3rmula sea perfecta para quienes buscan resultados sin irritaci\u00f3n. Suavidad suficiente para uso regular, ofrece resultados visibles a la vez que mantiene la barrera de hidrataci\u00f3n de la piel.<\/span><\/p>\n<h3><strong><span dir=\"auto\">Caracter\u00edsticas principales:<\/span><\/strong><\/h3>\n<p><span dir=\"auto\">&#8211;\u00a0<\/span><strong><span dir=\"auto\">Reduce las l\u00edneas finas y los signos del envejecimiento:<\/span><\/strong><span dir=\"auto\"> Suaviza la piel y restaura su apariencia juvenil.<\/span><br \/>\n<span dir=\"auto\">&#8211;\u00a0<\/span><strong><span dir=\"auto\">Mejora el tono y la textura:<\/span><\/strong><span dir=\"auto\"> Promueve una piel uniforme, clara y radiante.<\/span><br \/>\n<span dir=\"auto\">&#8211;\u00a0<\/span><strong><span dir=\"auto\">Hidrata con escualano:<\/span><\/strong><span dir=\"auto\"> Previene la sequedad y favorece la comodidad de la piel.<\/span><br \/>\n<span dir=\"auto\">&#8211;\u00a0<\/span><strong><span dir=\"auto\">Menos irritaci\u00f3n:<\/span><\/strong><span dir=\"auto\"> Equilibrado para usuarios principiantes o intermedios de retinol.<\/span><br \/>\n<span dir=\"auto\">&#8211;\u00a0<\/span><strong><span dir=\"auto\">Ligero y de r\u00e1pida absorci\u00f3n:<\/span><\/strong><span dir=\"auto\"> Funciona bien debajo de la crema hidratante.<\/span><br \/>\n<span dir=\"auto\">&#8211;\u00a0<\/span><strong><span dir=\"auto\">Ideal para uso nocturno:<\/span><\/strong><span dir=\"auto\"> Apunta a la renovaci\u00f3n de la piel mientras duermes.<\/span><\/p>\n<h3>Beneficios<\/h3>\n<ul>\n<li><span dir=\"auto\">Reduce l\u00edneas finas y arrugas.<\/span><\/li>\n<li><span dir=\"auto\">Mejora el tono y la textura de la piel.<\/span><\/li>\n<li><span dir=\"auto\">Base de escualano hidratante para minimizar la sequedad.<\/span><\/li>\n<li><span dir=\"auto\">F\u00f3rmula equilibrada para una irritaci\u00f3n m\u00ednima.<\/span><\/li>\n<li><span dir=\"auto\">Ideal para uso nocturno.<\/span><\/li>\n<\/ul>\n<h3><strong><span dir=\"auto\">Modo de empleo:<\/span><\/strong><\/h3>\n<p><span dir=\"auto\">Aplique unas gotas sobre el rostro limpio y seco por la\u00a0<\/span><span dir=\"auto\">noche<\/span><span dir=\"auto\">, evitando el contorno de ojos.<\/span><br \/>\n<span dir=\"auto\">A continuaci\u00f3n, aplique una crema hidratante.<\/span><br \/>\n<span dir=\"auto\">Use protector solar durante el d\u00eda, ya que el retinol aumenta la sensibilidad solar.<\/span><br \/>\n<span dir=\"auto\">Comience con 2 o 3 veces por semana y aumente la frecuencia seg\u00fan la tolerancia.<\/span><\/p>\n","protected":false},"excerpt":{"rendered":"<p>HYDROXYPINACOLONE 0.5% RETINOATE Refina. Renueva. Restaura. Experimenta el poder del\u00a0Retinol al 0.5%\u00a0, un ingrediente antienvejecimiento comprobado, combinado con\u00a0Escualano\u00a0para hidratar y<\/p>\n","protected":false},"featured_media":89403,"comment_status":"open","ping_status":"closed","template":"","meta":{"nf_dc_page":""},"product_brand":[103],"product_cat":[104],"product_tag":[],"class_list":{"0":"post-89402","1":"product","2":"type-product","3":"status-publish","4":"has-post-thumbnail","6":"product_brand-cosmo","7":"product_cat-skin-care","9":"first","10":"instock","11":"shipping-taxable","12":"purchasable","13":"product-type-simple"},"_links":{"self":[{"href":"https:\/\/brandss.com.py\/index\/wp-json\/wp\/v2\/product\/89402","targetHints":{"allow":["GET"]}}],"collection":[{"href":"https:\/\/brandss.com.py\/index\/wp-json\/wp\/v2\/product"}],"about":[{"href":"https:\/\/brandss.com.py\/index\/wp-json\/wp\/v2\/types\/product"}],"replies":[{"embeddable":true,"href":"https:\/\/brandss.com.py\/index\/wp-json\/wp\/v2\/comments?post=89402"}],"version-history":[{"count":1,"href":"https:\/\/brandss.com.py\/index\/wp-json\/wp\/v2\/product\/89402\/revisions"}],"predecessor-version":[{"id":89407,"href":"https:\/\/brandss.com.py\/index\/wp-json\/wp\/v2\/product\/89402\/revisions\/89407"}],"wp:featuredmedia":[{"embeddable":true,"href":"https:\/\/brandss.com.py\/index\/wp-json\/wp\/v2\/media\/89403"}],"wp:attachment":[{"href":"https:\/\/brandss.com.py\/index\/wp-json\/wp\/v2\/media?parent=89402"}],"wp:term":[{"taxonomy":"product_brand","embeddable":true,"href":"https:\/\/brandss.com.py\/index\/wp-json\/wp\/v2\/product_brand?post=89402"},{"taxonomy":"product_cat","embeddable":true,"href":"https:\/\/brandss.com.py\/index\/wp-json\/wp\/v2\/product_cat?post=89402"},{"taxonomy":"product_tag","embeddable":true,"href":"https:\/\/brandss.com.py\/index\/wp-json\/wp\/v2\/product_tag?post=89402"}],"curies":[{"name":"wp","href":"https:\/\/api.w.org\/{rel}","templated":true}]}}