{"id":89408,"date":"2025-09-01T16:10:23","date_gmt":"2025-09-01T16:10:23","guid":{"rendered":"https:\/\/brandss.com.py\/index\/?post_type=product&#038;p=89408"},"modified":"2025-09-01T16:11:14","modified_gmt":"2025-09-01T16:11:14","slug":"shampoo-capilar-cosmo-hair-colour-medium-brown-180ml","status":"publish","type":"product","link":"https:\/\/brandss.com.py\/index\/producto\/shampoo-capilar-cosmo-hair-colour-medium-brown-180ml\/","title":{"rendered":"SHAMPOO CAPILAR COSMO HAIR COLOUR MEDIUM BROWN 180ML"},"content":{"rendered":"<p><img loading=\"lazy\" decoding=\"async\" class=\"\" src=\"https:\/\/cosmocosmetics.ae\/cdn\/shop\/files\/logo-cosmo-regeister.png?v=1729761767&amp;width=340\" width=\"198\" height=\"42\" \/><\/p>\n<h1>HAIR COLOUR<\/h1>\n<p>Dale a tu cabello un look sofisticado con el champ\u00fa color casta\u00f1o medio, que le aporta profundidad y riqueza. Esta f\u00f3rmula de doble acci\u00f3n colorea e hidrata, dejando el cabello suave y vibrante. De r\u00e1pida aplicaci\u00f3n y larga duraci\u00f3n, es perfecto para lograr un look elegante y natural con facilidad.<\/p>\n<h2><span dir=\"auto\">CARACTER\u00cdSTICAS<\/span><\/h2>\n<ul>\n<li><span dir=\"auto\">Cobertura del 100% de canas en 5 minutos.<\/span><\/li>\n<li><span dir=\"auto\">Sin amoniaco, suave para el cabello.<\/span><\/li>\n<li><span dir=\"auto\">Suaviza y aporta brillo al vello facial grueso.<\/span><\/li>\n<li><span dir=\"auto\">Enriquecido con extractos naturales para nutrir.<\/span><\/li>\n<li><span class=\"a-list-item\"><span dir=\"auto\">F\u00f3rmula 3 en 1: Limpia, colorea y acondiciona el cabello en un solo paso. <\/span><\/span><\/li>\n<li><span class=\"a-list-item\"><span dir=\"auto\">Cobertura de canas del 100 %: Cubre eficazmente las canas rebeldes en solo minutos.<\/span><\/span><\/li>\n<li><span class=\"a-list-item\"><span dir=\"auto\">Enriquecido con keratina y aceite de oliva: Fortalece y nutre profundamente el tallo capilar. <\/span><\/span><\/li>\n<li><span class=\"a-list-item\"><span dir=\"auto\">Enriquecido con vitamina E: Ayuda a proteger y revitalizar el cabello opaco y seco.<\/span><\/span><\/li>\n<li><span class=\"a-list-item\"><span dir=\"auto\">Sin amon\u00edaco, sin manchas: F\u00f3rmula suave y segura que no irrita ni ensucia. <\/span><\/span><\/li>\n<li><span class=\"a-list-item\"><span dir=\"auto\">Color duradero: Mantiene el cabello vibrante y con cuerpo durante semanas.<\/span><\/span><\/li>\n<li><span class=\"a-list-item\"><span dir=\"auto\">F\u00e1cil aplicaci\u00f3n: Aplicar como champ\u00fa, sin mezclar ni complicaciones. <\/span><\/span><\/li>\n<li><span class=\"a-list-item\"><span dir=\"auto\">Tipo de cabello: Apto para todo tipo de cabello.<\/span><\/span><\/li>\n<\/ul>\n","protected":false},"excerpt":{"rendered":"<p>HAIR COLOUR Dale a tu cabello un look sofisticado con el champ\u00fa color casta\u00f1o medio, que le aporta profundidad y<\/p>\n","protected":false},"featured_media":89409,"comment_status":"open","ping_status":"closed","template":"","meta":{"nf_dc_page":""},"product_brand":[103],"product_cat":[85],"product_tag":[],"class_list":{"0":"post-89408","1":"product","2":"type-product","3":"status-publish","4":"has-post-thumbnail","6":"product_brand-cosmo","7":"product_cat-cosmeticos","9":"first","10":"instock","11":"shipping-taxable","12":"purchasable","13":"product-type-simple"},"_links":{"self":[{"href":"https:\/\/brandss.com.py\/index\/wp-json\/wp\/v2\/product\/89408","targetHints":{"allow":["GET"]}}],"collection":[{"href":"https:\/\/brandss.com.py\/index\/wp-json\/wp\/v2\/product"}],"about":[{"href":"https:\/\/brandss.com.py\/index\/wp-json\/wp\/v2\/types\/product"}],"replies":[{"embeddable":true,"href":"https:\/\/brandss.com.py\/index\/wp-json\/wp\/v2\/comments?post=89408"}],"version-history":[{"count":1,"href":"https:\/\/brandss.com.py\/index\/wp-json\/wp\/v2\/product\/89408\/revisions"}],"predecessor-version":[{"id":89413,"href":"https:\/\/brandss.com.py\/index\/wp-json\/wp\/v2\/product\/89408\/revisions\/89413"}],"wp:featuredmedia":[{"embeddable":true,"href":"https:\/\/brandss.com.py\/index\/wp-json\/wp\/v2\/media\/89409"}],"wp:attachment":[{"href":"https:\/\/brandss.com.py\/index\/wp-json\/wp\/v2\/media?parent=89408"}],"wp:term":[{"taxonomy":"product_brand","embeddable":true,"href":"https:\/\/brandss.com.py\/index\/wp-json\/wp\/v2\/product_brand?post=89408"},{"taxonomy":"product_cat","embeddable":true,"href":"https:\/\/brandss.com.py\/index\/wp-json\/wp\/v2\/product_cat?post=89408"},{"taxonomy":"product_tag","embeddable":true,"href":"https:\/\/brandss.com.py\/index\/wp-json\/wp\/v2\/product_tag?post=89408"}],"curies":[{"name":"wp","href":"https:\/\/api.w.org\/{rel}","templated":true}]}}