{"id":89455,"date":"2025-09-02T11:15:48","date_gmt":"2025-09-02T11:15:48","guid":{"rendered":"https:\/\/brandss.com.py\/index\/?post_type=product&#038;p=89455"},"modified":"2026-03-03T19:09:11","modified_gmt":"2026-03-03T19:09:11","slug":"perfume-unisex-afnan-9-pm-elixir-edp-100ml","status":"publish","type":"product","link":"https:\/\/brandss.com.py\/index\/producto\/perfume-unisex-afnan-9-pm-elixir-edp-100ml\/","title":{"rendered":"PERFUME UNISEX AFNAN 9 PM ELIXIR EDP 100ML"},"content":{"rendered":"<p><img loading=\"lazy\" decoding=\"async\" class=\"\" src=\"https:\/\/perfumesyperfumes.com\/cdn\/shop\/collections\/LOGO_AFNAN.png?v=1717098276\" alt=\"Afnan | Perfumes y Perfumes\" width=\"86\" height=\"86\" \/><\/p>\n<h1>9 PM ELIXIR<\/h1>\n<p>Es una sinfon\u00eda cautivadora de calidez, profundidad y elegancia refinada. E<span dir=\"auto\">s una fragancia oriental especiada para hombre y mujer<\/span><span dir=\"auto\">. Perfectamente dise\u00f1ada para el amante moderno de las fragancias del Reino Unido. Este Eau de Parfum combina calidez, profundidad y un toque de sensual misterio. Ideal para la noche y ocasiones especiales.<\/span><\/p>\n<p>9pm Elixir es m\u00e1s que una simple fragancia, es una declaraci\u00f3n de confianza, encanto y elegancia. Con su rica complejidad y su presencia magn\u00e9tica, es la opci\u00f3n perfecta para quienes buscan destacar y dejar una huella imborrable dondequiera que vayan.<\/p>\n<p><img loading=\"lazy\" decoding=\"async\" class=\"alignleft\" src=\"https:\/\/zaoud.it\/cdn\/shop\/files\/afnan-9pm-elixir-perfume-bottle-surrounded-by-cardamom-and-lavender-against-white-background.jpg?v=1754245548&amp;width=990\" width=\"511\" height=\"640\" \/><\/p>\n<h3>Notas Olfativas<\/h3>\n<p>&nbsp;<\/p>\n<p data-start=\"0\" data-end=\"313\"><span dir=\"auto\">El perfume Elixir 9pm EDP 100 ml de Afnan es una fragancia atrevida y cautivadora, creada para quienes aman causar una impresi\u00f3n inolvidable. Este Eau de Parfum combina notas especiadas, arom\u00e1ticas y c\u00e1lidas en una experiencia olfativa \u00fanica que se funde maravillosamente con la piel, perfecta para la noche y ocasiones especiales.<\/span><\/p>\n<p data-start=\"464\" data-end=\"689\"><span dir=\"auto\">La salida estalla con una rica y especiada mezcla de nuez moscada y cardamomo, acentuada por la brillantez resinosa del elem\u00ed. Este vigorizante comienzo capta la atenci\u00f3n al instante, creando el marco para una experiencia arom\u00e1tica magn\u00e9tica.<\/span><\/p>\n<p data-start=\"691\" data-end=\"974\"><span dir=\"auto\">A medida que se desarrolla la fragancia, el coraz\u00f3n revela una refinada combinaci\u00f3n de la sutil calidez del pimiento morr\u00f3n con la frescura arom\u00e1tica del lavand\u00edn, realzada por la profunda y sensualidad del cuero. Este acorde medio a\u00f1ade intensidad y sofisticaci\u00f3n, otorgando al perfume un toque verdaderamente seductor.<\/span><\/p>\n<p data-start=\"976\" data-end=\"1228\"><span dir=\"auto\">En la base, emerge una base c\u00e1lida y duradera, donde la profundidad resinosa de la ciste y el l\u00e1dano se entrelaza con el pachul\u00ed terroso y la dulzura de la vainilla. Esto crea una estela duradera, suave, elegante e irresistiblemente seductora.<\/span><\/p>\n<ul>\n<li data-start=\"317\" data-end=\"357\"><strong data-start=\"317\" data-end=\"331\"><span dir=\"auto\">Notas de salida:<\/span><\/strong><span dir=\"auto\"> nuez moscada, elemi, cardamomo.<\/span><\/li>\n<li data-start=\"360\" data-end=\"406\"><strong data-start=\"360\" data-end=\"377\"><span dir=\"auto\">Notas de coraz\u00f3n:<\/span><\/strong><span dir=\"auto\"> pimiento, lavand\u00edn, cuero.<\/span><\/li>\n<li data-start=\"409\" data-end=\"462\"><strong data-start=\"409\" data-end=\"424\"><span dir=\"auto\">Notas de fondo:<\/span><\/strong><span dir=\"auto\"> Ciste, l\u00e1dano, pachul\u00ed, vainilla.<\/span><\/li>\n<\/ul>\n","protected":false},"excerpt":{"rendered":"<p>9 PM ELIXIR Es una sinfon\u00eda cautivadora de calidez, profundidad y elegancia refinada. Es una fragancia oriental especiada para hombre<\/p>\n","protected":false},"featured_media":89456,"comment_status":"open","ping_status":"closed","template":"","meta":{"nf_dc_page":""},"product_brand":[102],"product_cat":[84],"product_tag":[551],"class_list":{"0":"post-89455","1":"product","2":"type-product","3":"status-publish","4":"has-post-thumbnail","6":"product_brand-afnan","7":"product_cat-perfumeria","8":"product_tag-551","10":"first","11":"instock","12":"sale","13":"shipping-taxable","14":"purchasable","15":"product-type-simple"},"_links":{"self":[{"href":"https:\/\/brandss.com.py\/index\/wp-json\/wp\/v2\/product\/89455","targetHints":{"allow":["GET"]}}],"collection":[{"href":"https:\/\/brandss.com.py\/index\/wp-json\/wp\/v2\/product"}],"about":[{"href":"https:\/\/brandss.com.py\/index\/wp-json\/wp\/v2\/types\/product"}],"replies":[{"embeddable":true,"href":"https:\/\/brandss.com.py\/index\/wp-json\/wp\/v2\/comments?post=89455"}],"version-history":[{"count":1,"href":"https:\/\/brandss.com.py\/index\/wp-json\/wp\/v2\/product\/89455\/revisions"}],"predecessor-version":[{"id":89462,"href":"https:\/\/brandss.com.py\/index\/wp-json\/wp\/v2\/product\/89455\/revisions\/89462"}],"wp:featuredmedia":[{"embeddable":true,"href":"https:\/\/brandss.com.py\/index\/wp-json\/wp\/v2\/media\/89456"}],"wp:attachment":[{"href":"https:\/\/brandss.com.py\/index\/wp-json\/wp\/v2\/media?parent=89455"}],"wp:term":[{"taxonomy":"product_brand","embeddable":true,"href":"https:\/\/brandss.com.py\/index\/wp-json\/wp\/v2\/product_brand?post=89455"},{"taxonomy":"product_cat","embeddable":true,"href":"https:\/\/brandss.com.py\/index\/wp-json\/wp\/v2\/product_cat?post=89455"},{"taxonomy":"product_tag","embeddable":true,"href":"https:\/\/brandss.com.py\/index\/wp-json\/wp\/v2\/product_tag?post=89455"}],"curies":[{"name":"wp","href":"https:\/\/api.w.org\/{rel}","templated":true}]}}